{"id":174695,"date":"2025-09-19T22:57:00","date_gmt":"2025-09-19T22:57:00","guid":{"rendered":"https:\/\/www.otiumhome.fi\/?p=174695"},"modified":"2025-12-14T04:43:25","modified_gmt":"2025-12-14T04:43:25","slug":"baarituolit-4-kpl-taysi-mangopuu","status":"publish","type":"product","link":"https:\/\/www.otiumhome.fi\/index.php\/tuote\/baarituolit-4-kpl-taysi-mangopuu\/","title":{"rendered":"Baarituolit 4 kpl t\u00e4ysi mangopuu"},"content":{"rendered":"<p>Rustiikkinen baarituolisetti huokuu teollista tyyli\u00e4 ja siit\u00e4 tulee upea lis\u00e4 keitti\u00f6n tai ruokailutilan sisustukseen.<\/p>\n<\/p>\n<p>Baarituolisarjan istuimet on valmistettu mangopuusta ja rungot ter\u00e4ksest\u00e4, joten tuolit ovat lujatekoisia ja kest\u00e4vi\u00e4. Jalkatuet tekev\u00e4t tuoleista entist\u00e4 mukavammat ja korostavat niiden teollista ilmett\u00e4. Jokainen ty\u00f6vaihe hiomisesta maalaukseen ja lakkaukseen on suoritettu erityisen huolellisesti. Ne on helppo koota. Toimitus sis\u00e4lt\u00e4\u00e4 4 baarituolia.<\/p>\n<\/p>\n<p>T\u00e4rke\u00e4 huomio: V\u00e4rit ja pintakuviot saattavat vaihdella kappaleesta toiseen, mik\u00e4 tekee jokaisesta huonekalusta ainutlaatuisen ja hieman erilaisen muista; toimitus on satunnainen.<\/p>\n<ul>\n<li>Materiaali: t\u00e4ysi mangopuu + jauhemaalatut ter\u00e4sjalat<\/li>\n<li>Mitat: 30 x 76 cm (halkaisija x K)<\/li>\n<li>Hiottu, maalattu ja lakattu<\/li>\n<li>Helppo koota<\/li>\n<li>Toimitukseen sis\u00e4ltyy 4 baarituolia<\/li>\n<\/ul>\n","protected":false},"excerpt":{"rendered":"<ul>\n<li>Materiaali: t\u00e4ysi mangopuu + jauhemaalatut ter\u00e4sjalat<\/li>\n<li>Mitat: 30 x 76 cm (halkaisija x K)<\/li>\n<li>Hiottu, maalattu ja lakattu<\/li>\n<li>Helppo koota<\/li>\n<li>Toimitukseen sis\u00e4ltyy 4 baarituolia<\/li>\n<\/ul>\n","protected":false},"featured_media":100000174695,"comment_status":"closed","ping_status":"closed","template":"","meta":[],"product_brand":[],"product_cat":[8536,84],"product_tag":[],"class_list":{"0":"post-174695","1":"product","2":"type-product","3":"status-publish","4":"has-post-thumbnail","6":"product_cat-baarijakkarat","7":"product_cat-huonekalut","9":"first","10":"instock","11":"taxable","12":"shipping-taxable","13":"purchasable","14":"product-type-simple"},"_links":{"self":[{"href":"https:\/\/www.otiumhome.fi\/index.php\/wp-json\/wp\/v2\/product\/174695","targetHints":{"allow":["GET"]}}],"collection":[{"href":"https:\/\/www.otiumhome.fi\/index.php\/wp-json\/wp\/v2\/product"}],"about":[{"href":"https:\/\/www.otiumhome.fi\/index.php\/wp-json\/wp\/v2\/types\/product"}],"replies":[{"embeddable":true,"href":"https:\/\/www.otiumhome.fi\/index.php\/wp-json\/wp\/v2\/comments?post=174695"}],"wp:featuredmedia":[{"embeddable":true,"href":"https:\/\/www.otiumhome.fi\/index.php\/wp-json\/"}],"wp:attachment":[{"href":"https:\/\/www.otiumhome.fi\/index.php\/wp-json\/wp\/v2\/media?parent=174695"}],"wp:term":[{"taxonomy":"product_brand","embeddable":true,"href":"https:\/\/www.otiumhome.fi\/index.php\/wp-json\/wp\/v2\/product_brand?post=174695"},{"taxonomy":"product_cat","embeddable":true,"href":"https:\/\/www.otiumhome.fi\/index.php\/wp-json\/wp\/v2\/product_cat?post=174695"},{"taxonomy":"product_tag","embeddable":true,"href":"https:\/\/www.otiumhome.fi\/index.php\/wp-json\/wp\/v2\/product_tag?post=174695"}],"curies":[{"name":"wp","href":"https:\/\/api.w.org\/{rel}","templated":true}]}}