{"id":174010,"date":"2025-09-14T23:30:47","date_gmt":"2025-09-14T23:30:47","guid":{"rendered":"https:\/\/www.otiumhome.fi\/?p=174010"},"modified":"2025-12-19T17:21:53","modified_gmt":"2025-12-19T17:21:53","slug":"kylpyhuonekaappi-musta-tammi-80-x-385-x-46-cm-tekninen-puu","status":"publish","type":"product","link":"https:\/\/www.otiumhome.fi\/index.php\/tuote\/kylpyhuonekaappi-musta-tammi-80-x-385-x-46-cm-tekninen-puu\/","title":{"rendered":"Kylpyhuonekaappi Musta tammi. 80 x 38,5 x 46 cm Tekninen puu"},"content":{"rendered":"<p>T\u00e4m\u00e4 kylpyhuonekaappi sulautuu hienosti nykyaikaiseen ymp\u00e4rist\u00f6\u00f6n minimalistisella ja tyylikk\u00e4\u00e4ll\u00e4 muotoilullaan. Se tarjoaa sek\u00e4 k\u00e4yt\u00e4nn\u00f6llisyytt\u00e4 ett\u00e4 tyyli\u00e4, joten se nostaa mink\u00e4 tahansa kylpyhuoneen ilmett\u00e4. Suorakulmainen runko ja puhtaat linjat tuovat ripauksen eleganssia, ja samalla se tarjoaa paljon s\u00e4ilytystilaa kaikille t\u00e4rkeille tarvikkeille. Jos arvostat sek\u00e4 muotoa ett\u00e4 toimintoa, t\u00e4m\u00e4 kaappi on juuri oikea vaihtoehto, t\u00e4ydent\u00e4en upeita kylpyhuonesisustuksia ja sopien niille, jotka haluavat pit\u00e4\u00e4 ymp\u00e4rist\u00f6ns\u00e4 j\u00e4rjestyksess\u00e4 ja tyylikk\u00e4\u00e4n\u00e4.<\/p>\n<ul>\n<li><b>Materiaalivalinnat:<\/b> Kaapin rakenne on tehty teknisest\u00e4 puusta, joka on kest\u00e4v\u00e4 ja pitk\u00e4ik\u00e4inen. T\u00e4m\u00e4 tekee siit\u00e4 loistavan valinnan kylpp\u00e4riin. Kaappi yhdist\u00e4\u00e4 hienosti tyylin ja kest\u00e4vyyden, ja j\u00e4\u00e4 mieleen.<\/li>\n<li><b>Osat selitetty:<\/b> Kaapissa on modernit baarityyliset ter\u00e4ksiset kahvat, jotka on viimeistelty mattapinnalla hienon ilmeen saavuttamiseksi. Teknisiin puuoviin liittyv\u00e4 muotoilu luo tukevan fiiliksen, ja keramiikkapinnat tuovat mukaan modernia vetoa. Sein\u00e4\u00e4n asennettuna se s\u00e4\u00e4st\u00e4\u00e4 tilaa ja tarjoaa enemm\u00e4n tilaa kylpp\u00e4rin tarvikkeille.<\/li>\n<li><b>Toiminnalliset ominaisuudet:<\/b> Eritt\u00e4in kest\u00e4v\u00e4 rakenne tekee t\u00e4st\u00e4 kaapista luotettavan valinnan. Moderni muotoilu suorilla kahvoilla ja mattapinnalla tuo tilaan mukavaa ilmett\u00e4, samalla kun se helpottaa p\u00e4\u00e4sy\u00e4 s\u00e4ilytett\u00e4v\u00e4\u00e4n tavaraan.<\/li>\n<li><b>Suositellut k\u00e4ytt\u00f6tarkoitukset:<\/b> Sopii t\u00e4ydellisesti kylpyhuoneen hygieniatuotteiden, siivousv\u00e4lineiden tai ensiaputarvikkeiden s\u00e4ilytt\u00e4miseen. Sen siisti, moderni muoto k\u00e4y niin pieniin kuin suuriin tiloihin, pit\u00e4en ymp\u00e4rist\u00f6n organisoituna ja siistin\u00e4 \u2013 t\u00e4ydellinen perheille tai omille tiloille.<\/li>\n<li><b>Huolto &amp; Kunnossapito:<\/b> S\u00e4ilytt\u00e4\u00e4ksesi kaapin moitteettoman ulkon\u00e4\u00f6n, pyyhi se s\u00e4\u00e4nn\u00f6llisesti kostealla liinalla. V\u00e4lt\u00e4 voimakkaita puhdistusaineita, jotka voivat vahingoittaa pintaa. Kunnolliseen asennukseen tarvitaan kaksi henkil\u00f6\u00e4 ja ruuvimeisseli tarkkuuden takaamiseksi.<\/li>\n<\/ul>\n<ul>\n<li>V\u00e4ri: Musta tammi.<\/li>\n<li>Materiaali: Tekninen puu<\/li>\n<li>Yleiset mitat: 80 x 38,5 x 46 cm (P x L x K)<\/li>\n<li>Paino: 25,85 kg<\/li>\n<li>Kest\u00e4v\u00e4<\/li>\n<li>Kehysmateriaali: Tekninen puu<\/li>\n<li>2 ovien kanssa<\/li>\n<li>Enimm\u00e4ispaino: 60 kg<\/li>\n<li>Vain sis\u00e4k\u00e4ytt\u00f6\u00f6n<\/li>\n<li>Toimitus-:<\/li>\n<li>1 x Allaskaappi sis\u00e4\u00e4nrakennetulla altaalla<\/li>\n<li>Kokoonpano vaaditaan: Kyll\u00e4<\/li>\n<\/ul>\n","protected":false},"excerpt":{"rendered":"<ul>\n<li>V\u00e4ri: Musta tammi.<\/li>\n<li>Materiaali: Tekninen puu<\/li>\n<li>Yleiset mitat: 80 x 38,5 x 46 cm (P x L x K)<\/li>\n<li>Paino: 25,85 kg<\/li>\n<li>Kest\u00e4v\u00e4<\/li>\n<li>Kehysmateriaali: Tekninen puu<\/li>\n<li>2 ovien kanssa<\/li>\n<li>Enimm\u00e4ispaino: 60 kg<\/li>\n<li>Vain sis\u00e4k\u00e4ytt\u00f6\u00f6n<\/li>\n<li>Toimitus-:<\/li>\n<li>1 x Allaskaappi sis\u00e4\u00e4nrakennetulla altaalla<\/li>\n<li>Kokoonpano vaaditaan: Kyll\u00e4<\/li>\n<\/ul>\n","protected":false},"featured_media":100000174010,"comment_status":"closed","ping_status":"closed","template":"","meta":[],"product_brand":[],"product_cat":[84,8560],"product_tag":[],"class_list":{"0":"post-174010","1":"product","2":"type-product","3":"status-publish","4":"has-post-thumbnail","6":"product_cat-huonekalut","7":"product_cat-kylpyhuoneen-kalusteet","9":"first","10":"instock","11":"taxable","12":"shipping-taxable","13":"purchasable","14":"product-type-simple"},"_links":{"self":[{"href":"https:\/\/www.otiumhome.fi\/index.php\/wp-json\/wp\/v2\/product\/174010","targetHints":{"allow":["GET"]}}],"collection":[{"href":"https:\/\/www.otiumhome.fi\/index.php\/wp-json\/wp\/v2\/product"}],"about":[{"href":"https:\/\/www.otiumhome.fi\/index.php\/wp-json\/wp\/v2\/types\/product"}],"replies":[{"embeddable":true,"href":"https:\/\/www.otiumhome.fi\/index.php\/wp-json\/wp\/v2\/comments?post=174010"}],"wp:featuredmedia":[{"embeddable":true,"href":"https:\/\/www.otiumhome.fi\/index.php\/wp-json\/"}],"wp:attachment":[{"href":"https:\/\/www.otiumhome.fi\/index.php\/wp-json\/wp\/v2\/media?parent=174010"}],"wp:term":[{"taxonomy":"product_brand","embeddable":true,"href":"https:\/\/www.otiumhome.fi\/index.php\/wp-json\/wp\/v2\/product_brand?post=174010"},{"taxonomy":"product_cat","embeddable":true,"href":"https:\/\/www.otiumhome.fi\/index.php\/wp-json\/wp\/v2\/product_cat?post=174010"},{"taxonomy":"product_tag","embeddable":true,"href":"https:\/\/www.otiumhome.fi\/index.php\/wp-json\/wp\/v2\/product_tag?post=174010"}],"curies":[{"name":"wp","href":"https:\/\/api.w.org\/{rel}","templated":true}]}}