{"id":173288,"date":"2025-09-10T09:02:07","date_gmt":"2025-09-10T09:02:07","guid":{"rendered":"https:\/\/www.otiumhome.fi\/?p=173288"},"modified":"2025-09-11T13:40:41","modified_gmt":"2025-09-11T13:40:41","slug":"kaksiosainen-sailytysarkkusarja-massiivipuu","status":"publish","type":"product","link":"https:\/\/www.otiumhome.fi\/index.php\/tuote\/kaksiosainen-sailytysarkkusarja-massiivipuu\/","title":{"rendered":"Kaksiosainen s\u00e4ilytysarkkusarja Massiivipuu"},"content":{"rendered":"<p>T\u00e4m\u00e4 ainutlaatuinen, massiivipuusta tehty s\u00e4ilytysarkkusarja hunajaviimeistelyll\u00e4 on upea lis\u00e4 huoneeseesi.<\/p>\n<\/p>\n<p>N\u00e4m\u00e4 s\u00e4ilytyslaatikot tarjoavat runsaasti s\u00e4ilytystilaa vaatteille, lehdille, kirjoille ja muille tarvikkeille. Arkkujen etupuolella on salvat ja sivuilla kahvat. Koska laatikoiden kannet ovat tasaisia, voi niit\u00e4 k\u00e4ytt\u00e4\u00e4 my\u00f6s sohvap\u00f6ytin\u00e4, olohuoneen p\u00f6ytin\u00e4, sivup\u00f6ytin\u00e4, p\u00e4\u00e4typ\u00f6ytin\u00e4 jne. S\u00e4ilytysarkut ovat k\u00e4sin tehtyj\u00e4 t\u00e4ydest\u00e4 akaasiapuusta, ja niiss\u00e4 n\u00e4kyy palisanterin ja ruusupuun ominaisuuksia. Hieno k\u00e4sity\u00f6taito ja kauniit puurakenteet tekev\u00e4t jokaisesta kalusteesta ainutlaatuisen ja hieman erilaisen toisistaan.<\/p>\n<\/p>\n<p>Toimitus sis\u00e4lt\u00e4\u00e4 kaksi s\u00e4ilytysarkkua T\u00e4rke\u00e4 huomio: V\u00e4rit voivat vaihdella kappaleittain, mik\u00e4 tekee jokaisesta puulipastosta ainutlaatuisen. Varoitus: Toimitus on sattumanvarainen, t\u00e4m\u00e4 takaa tuotteesi erityisyyden ja ainutlaatuisuuden.<\/p>\n<ul>\n<li>V\u00e4ri: ruskea<\/li>\n<li>Materiaali: hunajaviimeistelty t\u00e4ysi akaasiapuu, palisanteri ja ruusupuuk\u00e4sittelyll\u00e4<\/li>\n<li>Mitat (suuri arkku): 83 x 33 x 37 cm (P x L x K)<\/li>\n<li>Mitat (pieni arkku): 61 x 26 x 27 cm (P x L x K)<\/li>\n<li>Kahdella sivukahvalla<\/li>\n<li>Lukittavissa (lukko ei sis\u00e4lly toimitukseen)<\/li>\n<li>Toimitus sis\u00e4lt\u00e4\u00e4 2 s\u00e4ilytysarkkua<\/li>\n<\/ul>\n","protected":false},"excerpt":{"rendered":"<ul>\n<li>V\u00e4ri: ruskea<\/li>\n<li>Materiaali: hunajaviimeistelty t\u00e4ysi akaasiapuu, palisanteri ja ruusupuuk\u00e4sittelyll\u00e4<\/li>\n<li>Mitat (suuri arkku): 83 x 33 x 37 cm (P x L x K)<\/li>\n<li>Mitat (pieni arkku): 61 x 26 x 27 cm (P x L x K)<\/li>\n<li>Kahdella sivukahvalla<\/li>\n<li>Lukittavissa (lukko ei sis\u00e4lly toimitukseen)<\/li>\n<li>Toimitus sis\u00e4lt\u00e4\u00e4 2 s\u00e4ilytysarkkua<\/li>\n<\/ul>\n","protected":false},"featured_media":100000173288,"comment_status":"closed","ping_status":"closed","template":"","meta":[],"product_brand":[],"product_cat":[84,8564],"product_tag":[],"class_list":{"0":"post-173288","1":"product","2":"type-product","3":"status-publish","4":"has-post-thumbnail","6":"product_cat-huonekalut","7":"product_cat-sailytysarkut","9":"first","10":"instock","11":"taxable","12":"shipping-taxable","13":"purchasable","14":"product-type-simple"},"_links":{"self":[{"href":"https:\/\/www.otiumhome.fi\/index.php\/wp-json\/wp\/v2\/product\/173288","targetHints":{"allow":["GET"]}}],"collection":[{"href":"https:\/\/www.otiumhome.fi\/index.php\/wp-json\/wp\/v2\/product"}],"about":[{"href":"https:\/\/www.otiumhome.fi\/index.php\/wp-json\/wp\/v2\/types\/product"}],"replies":[{"embeddable":true,"href":"https:\/\/www.otiumhome.fi\/index.php\/wp-json\/wp\/v2\/comments?post=173288"}],"wp:featuredmedia":[{"embeddable":true,"href":"https:\/\/www.otiumhome.fi\/index.php\/wp-json\/"}],"wp:attachment":[{"href":"https:\/\/www.otiumhome.fi\/index.php\/wp-json\/wp\/v2\/media?parent=173288"}],"wp:term":[{"taxonomy":"product_brand","embeddable":true,"href":"https:\/\/www.otiumhome.fi\/index.php\/wp-json\/wp\/v2\/product_brand?post=173288"},{"taxonomy":"product_cat","embeddable":true,"href":"https:\/\/www.otiumhome.fi\/index.php\/wp-json\/wp\/v2\/product_cat?post=173288"},{"taxonomy":"product_tag","embeddable":true,"href":"https:\/\/www.otiumhome.fi\/index.php\/wp-json\/wp\/v2\/product_tag?post=173288"}],"curies":[{"name":"wp","href":"https:\/\/api.w.org\/{rel}","templated":true}]}}