{"id":172849,"date":"2025-09-10T04:22:05","date_gmt":"2025-09-10T04:22:05","guid":{"rendered":"https:\/\/www.otiumhome.fi\/?p=172849"},"modified":"2025-12-14T06:52:45","modified_gmt":"2025-12-14T06:52:45","slug":"sivupoyta-musta-ja-kulta-40-x-33-x-75-cm-kiintea-mango-puu","status":"publish","type":"product","link":"https:\/\/www.otiumhome.fi\/index.php\/tuote\/sivupoyta-musta-ja-kulta-40-x-33-x-75-cm-kiintea-mango-puu\/","title":{"rendered":"Sivup\u00f6yt\u00e4 Musta ja kulta 40 x 33 x 75 cm Kiinte\u00e4 mango puu"},"content":{"rendered":"<p>T\u00e4m\u00e4 t\u00e4ysipuinen sivup\u00f6yt\u00e4 on moderni ratkaisu toimivaan s\u00e4ilytykseen. Tyylik\u00e4s muotoilu ja suorakaiteen muotoinen rakenne tekev\u00e4t siit\u00e4 ihanteellisen nykyaikaisiin koteihin, olipa kyseess\u00e4 ruokasali tai olohuone. Musta-kultainen v\u00e4ripaletti yhdess\u00e4 kest\u00e4v\u00e4n mangopuun kanssa luo hienostuneen tunnelman ja tekee siit\u00e4 monipuolisen valinnan eri sisustusteemoihin.<\/p>\n<ul>\n<li><b>T\u00e4ysi Mangopuu:<\/b> Sivup\u00f6yt\u00e4 on valmistettu t\u00e4ysist\u00e4 mangopuista, jotka tunnetaan kest\u00e4vyydest\u00e4\u00e4n. Mangopuun syyt tuovat klassista ilmett\u00e4 ja varmistavat vahvuuden ajassa.<\/li>\n<li><b>Runko s\u00e4ilytysratkaisuille:<\/b> T\u00e4\u00e4ll\u00e4 on useita k\u00e4yt\u00e4nn\u00f6llisi\u00e4 lokeroita astioiden, kirjojen tai koristeiden s\u00e4ilytt\u00e4miseen. Se pit\u00e4\u00e4 tilan siistin\u00e4, k\u00e4yt\u00e4nn\u00f6llisyydest\u00e4 tinkim\u00e4tt\u00e4.<\/li>\n<li><b>Toiminnallinen moderni vieh\u00e4tt\u00e4vyys:<\/b> Yksinkertainen muotoilu yhdist\u00e4\u00e4 k\u00e4yt\u00e4nn\u00f6llisyyden ja esteettisyyden, tarjoten s\u00e4ilytyst\u00e4 tyylikk\u00e4\u00e4ll\u00e4 tavalla.<\/li>\n<li><b>Monik\u00e4ytt\u00f6isyys:<\/b> Sivup\u00f6yt\u00e4 on muunneltava ja sopii ruokasaleista olohuoneisiin. Tyylik\u00e4s ja tehokas, se parantaa kaikenlaista sisustusta.<\/li>\n<li><b>Helppo koota:<\/b> Kokoaminen onnistuu kahdelta henkil\u00f6lt\u00e4 ruuvimeisselill\u00e4, ohjeet ovat yksinkertaiset ja sujuva asennus takaa pitk\u00e4ik\u00e4isyyden.<\/li>\n<\/ul>\n<ul>\n<li>V\u00e4ri: Musta ja kulta<\/li>\n<li>Materiaali: Kiinte\u00e4 mango puu<\/li>\n<li>Yleiset mitat: 40 x 33 x 75 cm (P x L x K)<\/li>\n<li>Paino: 12,25 kg<\/li>\n<li>Kest\u00e4v\u00e4<\/li>\n<li>2 ovien kanssa<\/li>\n<li>Vain sis\u00e4k\u00e4ytt\u00f6\u00f6n<\/li>\n<li>Toimitus-:<\/li>\n<li>1 x Sivup\u00f6yt\u00e4<\/li>\n<li>Kokoonpano vaaditaan: Kyll\u00e4<\/li>\n<\/ul>\n","protected":false},"excerpt":{"rendered":"<ul>\n<li>V\u00e4ri: Musta ja kulta<\/li>\n<li>Materiaali: Kiinte\u00e4 mango puu<\/li>\n<li>Yleiset mitat: 40 x 33 x 75 cm (P x L x K)<\/li>\n<li>Paino: 12,25 kg<\/li>\n<li>Kest\u00e4v\u00e4<\/li>\n<li>2 ovien kanssa<\/li>\n<li>Vain sis\u00e4k\u00e4ytt\u00f6\u00f6n<\/li>\n<li>Toimitus-:<\/li>\n<li>1 x Sivup\u00f6yt\u00e4<\/li>\n<li>Kokoonpano vaaditaan: Kyll\u00e4<\/li>\n<\/ul>\n","protected":false},"featured_media":100000172849,"comment_status":"closed","ping_status":"closed","template":"","meta":[],"product_brand":[],"product_cat":[84,8567],"product_tag":[],"class_list":{"0":"post-172849","1":"product","2":"type-product","3":"status-publish","4":"has-post-thumbnail","6":"product_cat-huonekalut","7":"product_cat-medialaitekaapit-telineet","9":"first","10":"instock","11":"taxable","12":"shipping-taxable","13":"purchasable","14":"product-type-simple"},"_links":{"self":[{"href":"https:\/\/www.otiumhome.fi\/index.php\/wp-json\/wp\/v2\/product\/172849","targetHints":{"allow":["GET"]}}],"collection":[{"href":"https:\/\/www.otiumhome.fi\/index.php\/wp-json\/wp\/v2\/product"}],"about":[{"href":"https:\/\/www.otiumhome.fi\/index.php\/wp-json\/wp\/v2\/types\/product"}],"replies":[{"embeddable":true,"href":"https:\/\/www.otiumhome.fi\/index.php\/wp-json\/wp\/v2\/comments?post=172849"}],"wp:featuredmedia":[{"embeddable":true,"href":"https:\/\/www.otiumhome.fi\/index.php\/wp-json\/"}],"wp:attachment":[{"href":"https:\/\/www.otiumhome.fi\/index.php\/wp-json\/wp\/v2\/media?parent=172849"}],"wp:term":[{"taxonomy":"product_brand","embeddable":true,"href":"https:\/\/www.otiumhome.fi\/index.php\/wp-json\/wp\/v2\/product_brand?post=172849"},{"taxonomy":"product_cat","embeddable":true,"href":"https:\/\/www.otiumhome.fi\/index.php\/wp-json\/wp\/v2\/product_cat?post=172849"},{"taxonomy":"product_tag","embeddable":true,"href":"https:\/\/www.otiumhome.fi\/index.php\/wp-json\/wp\/v2\/product_tag?post=172849"}],"curies":[{"name":"wp","href":"https:\/\/api.w.org\/{rel}","templated":true}]}}