{"id":172847,"date":"2025-09-10T04:22:04","date_gmt":"2025-09-10T04:22:04","guid":{"rendered":"https:\/\/www.otiumhome.fi\/?p=172847"},"modified":"2025-12-09T07:49:25","modified_gmt":"2025-12-09T07:49:25","slug":"tv-kaappi-hyllylla-musta-ja-kulta-100-x-33-x-46-cm-tekninen-puu","status":"publish","type":"product","link":"https:\/\/www.otiumhome.fi\/index.php\/tuote\/tv-kaappi-hyllylla-musta-ja-kulta-100-x-33-x-46-cm-tekninen-puu\/","title":{"rendered":"TV-kaappi hyllyll\u00e4 Musta ja kulta 100 x 33 x 46 cm Tekninen puu"},"content":{"rendered":"<p>T\u00e4m\u00e4 massiivipuinen TV-taso on sek\u00e4 kaunis ett\u00e4 k\u00e4yt\u00e4nn\u00f6llinen lis\u00e4 olohuoneeseesi. Modernit puhtaat linjat ja minimaalinen koristeellisuus miellytt\u00e4v\u00e4t nykyaikaista tyyli\u00e4. Kaapissa on runsaasti tilaa viihde-elektroniikalle, mediakokoelmille ja muille olohuoneen tarpeille. Musta ja kulta v\u00e4ri tuo huoneeseesi ripauksen eleganssia ja toimii hienosti erilaisten sisustusteemojen kanssa.<\/p>\n<ul>\n<li><b>Teknisest\u00e4 puusta tehty rakenne<\/b> T\u00e4m\u00e4 TV-taso on suunniteltu kest\u00e4m\u00e4\u00e4n, ja sen vankka kehys teknisest\u00e4 puusta takaa lujuuden ja tuen kaikille elektroniikalle ja mediasarjoille.<\/li>\n<li><b>Tyylik\u00e4s kulta-musta viimeistely<\/b> Kiilt\u00e4v\u00e4n musta ja kultainen pinta lis\u00e4\u00e4v\u00e4t olohuoneesi ylellisyytt\u00e4, pit\u00e4en samalla modernin ilmeen, joka sopii erinomaisesti nykyaikaisiin sisustuksiin.<\/li>\n<li><b>Monipuolinen toiminnallisuus<\/b> T\u00e4m\u00e4 kaappi tarjoaa sek\u00e4 s\u00e4ilytyst\u00e4 ett\u00e4 esteettist\u00e4 parannusta. Se sopii helposti erilaisten mediasarjojen kanssa, tarjoten sek\u00e4 k\u00e4yt\u00e4nn\u00f6llisyytt\u00e4 ett\u00e4 keskipistett\u00e4 olohuoneeseen.<\/li>\n<li><b>Monia s\u00e4ilytysratkaisuja<\/b> Hyllyt ja lokero tekev\u00e4t t\u00e4st\u00e4 yksik\u00f6st\u00e4 monipuolisen s\u00e4ilytysratkaisun. Se mahdollistaa helpon j\u00e4rjest\u00e4misen, olipa kyseess\u00e4 DVD-soittimet, pelikonsolit tai kaukos\u00e4\u00e4timet.<\/li>\n<li><b>Yksinkertainen hoito<\/b> T\u00e4m\u00e4 kaappi tarvitsee vain v\u00e4h\u00e4n hoitoa, ja sen pinnat puhdistuvat helposti kostealla liinalla, joten se pysyy ajan my\u00f6t\u00e4 uuden ja siistin n\u00e4k\u00f6isen\u00e4.<\/li>\n<\/ul>\n<ul>\n<li>V\u00e4ri: Musta ja kulta<\/li>\n<li>Materiaali: Tekninen puu<\/li>\n<li>Yleiset mitat: 100 x 33 x 46 cm (P x L x K)<\/li>\n<li>Paino: 20,85 kg<\/li>\n<li>S\u00e4ilytystila<\/li>\n<li>Laatikolla<\/li>\n<li>5 hyllyill\u00e4<\/li>\n<li>Kehysmateriaali: Tekninen puu<\/li>\n<li>Sis\u00e4- \/ ulkotiloissa: Vain sis\u00e4k\u00e4ytt\u00f6\u00f6n<\/li>\n<li>Toimitus-:<\/li>\n<li>1 x TV-kaappi<\/li>\n<li>Kokoonpano vaaditaan: Kyll\u00e4<\/li>\n<\/ul>\n","protected":false},"excerpt":{"rendered":"<ul>\n<li>V\u00e4ri: Musta ja kulta<\/li>\n<li>Materiaali: Tekninen puu<\/li>\n<li>Yleiset mitat: 100 x 33 x 46 cm (P x L x K)<\/li>\n<li>Paino: 20,85 kg<\/li>\n<li>S\u00e4ilytystila<\/li>\n<li>Laatikolla<\/li>\n<li>5 hyllyill\u00e4<\/li>\n<li>Kehysmateriaali: Tekninen puu<\/li>\n<li>Sis\u00e4- \/ ulkotiloissa: Vain sis\u00e4k\u00e4ytt\u00f6\u00f6n<\/li>\n<li>Toimitus-:<\/li>\n<li>1 x TV-kaappi<\/li>\n<li>Kokoonpano vaaditaan: Kyll\u00e4<\/li>\n<\/ul>\n","protected":false},"featured_media":100000172847,"comment_status":"closed","ping_status":"closed","template":"","meta":[],"product_brand":[],"product_cat":[84,8567],"product_tag":[],"class_list":{"0":"post-172847","1":"product","2":"type-product","3":"status-publish","4":"has-post-thumbnail","6":"product_cat-huonekalut","7":"product_cat-medialaitekaapit-telineet","9":"first","10":"instock","11":"taxable","12":"shipping-taxable","13":"purchasable","14":"product-type-simple"},"_links":{"self":[{"href":"https:\/\/www.otiumhome.fi\/index.php\/wp-json\/wp\/v2\/product\/172847","targetHints":{"allow":["GET"]}}],"collection":[{"href":"https:\/\/www.otiumhome.fi\/index.php\/wp-json\/wp\/v2\/product"}],"about":[{"href":"https:\/\/www.otiumhome.fi\/index.php\/wp-json\/wp\/v2\/types\/product"}],"replies":[{"embeddable":true,"href":"https:\/\/www.otiumhome.fi\/index.php\/wp-json\/wp\/v2\/comments?post=172847"}],"wp:featuredmedia":[{"embeddable":true,"href":"https:\/\/www.otiumhome.fi\/index.php\/wp-json\/"}],"wp:attachment":[{"href":"https:\/\/www.otiumhome.fi\/index.php\/wp-json\/wp\/v2\/media?parent=172847"}],"wp:term":[{"taxonomy":"product_brand","embeddable":true,"href":"https:\/\/www.otiumhome.fi\/index.php\/wp-json\/wp\/v2\/product_brand?post=172847"},{"taxonomy":"product_cat","embeddable":true,"href":"https:\/\/www.otiumhome.fi\/index.php\/wp-json\/wp\/v2\/product_cat?post=172847"},{"taxonomy":"product_tag","embeddable":true,"href":"https:\/\/www.otiumhome.fi\/index.php\/wp-json\/wp\/v2\/product_tag?post=172847"}],"curies":[{"name":"wp","href":"https:\/\/api.w.org\/{rel}","templated":true}]}}