{"id":172843,"date":"2025-09-10T04:22:03","date_gmt":"2025-09-10T04:22:03","guid":{"rendered":"https:\/\/www.otiumhome.fi\/?p=172843"},"modified":"2025-12-09T07:49:25","modified_gmt":"2025-12-09T07:49:25","slug":"tv-kaappi-hyllylla-musta-ja-kulta-105-x-33-x-46-cm-tekninen-puu","status":"publish","type":"product","link":"https:\/\/www.otiumhome.fi\/index.php\/tuote\/tv-kaappi-hyllylla-musta-ja-kulta-105-x-33-x-46-cm-tekninen-puu\/","title":{"rendered":"TV-kaappi hyllyll\u00e4 Musta ja kulta 105 x 33 x 46 cm Tekninen puu"},"content":{"rendered":"<p>T\u00e4m\u00e4 tyylik\u00e4s matalakaappi, my\u00f6s tunnettu massiivipuuisena tv-kaappina, sulautuu helposti mihin tahansa moderniin olohuoneeseen. Sen moderni tyyli, jossa yhdistyv\u00e4t musta ja kultainen, tuo sek\u00e4 tyyli\u00e4 ett\u00e4 k\u00e4yt\u00e4nn\u00f6llisyytt\u00e4. Kaappi on t\u00e4ydellinen mediakomponenttien, tarvikkeiden tai koriste-esineiden j\u00e4rjest\u00e4miseen, parantaen mink\u00e4 tahansa tilan sisustusta samalla kun se s\u00e4ilytt\u00e4\u00e4 tyylikk\u00e4\u00e4n ilmeen.<\/p>\n<ul>\n<li><b>Kest\u00e4v\u00e4 rakenne:<\/b> Huolellisesti valmistettu teknisest\u00e4 puusta, t\u00e4m\u00e4 tv-kaappi tarjoaa luotettavaa tukea ja pitk\u00e4\u00e4 k\u00e4ytt\u00f6ik\u00e4\u00e4. Materiaalivalinta takaa my\u00f6s hienostuneen viimeistelyn, joka sopii monenlaisiin modernin kodin sisustuksiin. Helppohoitoinen, mik\u00e4 tekee siit\u00e4 k\u00e4yt\u00e4nn\u00f6llisen ja tyylikk\u00e4\u00e4n vaihtoehdon arkeen.<\/li>\n<li><b>Hyvin suunniteltu s\u00e4ilytys:<\/b> Kierr\u00e4tyshyllyt, saranoidut ovet ja tangokahvat tarjoavat monipuolisia s\u00e4ilytysratkaisuja mediatarvikkeille. Avoimet hyllyt ja ovien takana olevat osastot mahdollistavat elektronisten laitteiden ja koriste-esineiden j\u00e4rjest\u00e4misen siististi.<\/li>\n<li><b>Moderni estetiikka:<\/b> Sen moderni muotoilu korostaa yksinkertaisuutta ja toiminnallisuutta, puhtailla linjoilla ja minimaalisen koristelun. Sen hillitty elegance tekee siit\u00e4 soveltuvan erilaisiin sisustustyyleihin ilman, ett\u00e4 se vie huomiota olohuoneestasi.<\/li>\n<li><b>Helppo asennus:<\/b> Kaksi henkil\u00f6\u00e4 tarvitsee ruuvimeisselin kootakseen sen. Pakkaus sis\u00e4lt\u00e4\u00e4 yksityiskohtaiset ohjeet, jotka tekev\u00e4t kokoamisesta vaivattoman prosessin. T\u00e4m\u00e4 k\u00e4yt\u00e4nn\u00f6llinen lis\u00e4ys ja helppohoitoisuus takaa pitk\u00e4n k\u00e4ytt\u00f6i\u00e4n ja jatkuvan vetovoiman.<\/li>\n<li><b>V\u00e4rien harmonia:<\/b> Musta ja kultainen tarjoavat voimakkaan visuaalisen kontrastin, joka parantaa kaapin vetovoimaa. T\u00e4m\u00e4 tekee siit\u00e4 monik\u00e4ytt\u00f6isen kappaleen, joka sopii laajalle valikoimalle sisustustyylej\u00e4 ja v\u00e4ripaletteja, lis\u00e4ten eleganttia tunnelmaa kotiisi.<\/li>\n<\/ul>\n<ul>\n<li>V\u00e4ri: Musta ja kulta<\/li>\n<li>Materiaali: Tekninen puu<\/li>\n<li>Yleiset mitat: 105 x 33 x 46 cm (P x L x K)<\/li>\n<li>Paino: 19,05 kg<\/li>\n<li>S\u00e4ilytystila<\/li>\n<li>Laatikolla<\/li>\n<li>3 hyllyill\u00e4<\/li>\n<li>Kehysmateriaali: Tekninen puu<\/li>\n<li>2 ovien kanssa<\/li>\n<li>Sis\u00e4- \/ ulkotiloissa: Vain sis\u00e4k\u00e4ytt\u00f6\u00f6n<\/li>\n<li>Toimitus-:<\/li>\n<li>1 x TV-kaappi<\/li>\n<li>Kokoonpano vaaditaan: Kyll\u00e4<\/li>\n<\/ul>\n","protected":false},"excerpt":{"rendered":"<ul>\n<li>V\u00e4ri: Musta ja kulta<\/li>\n<li>Materiaali: Tekninen puu<\/li>\n<li>Yleiset mitat: 105 x 33 x 46 cm (P x L x K)<\/li>\n<li>Paino: 19,05 kg<\/li>\n<li>S\u00e4ilytystila<\/li>\n<li>Laatikolla<\/li>\n<li>3 hyllyill\u00e4<\/li>\n<li>Kehysmateriaali: Tekninen puu<\/li>\n<li>2 ovien kanssa<\/li>\n<li>Sis\u00e4- \/ ulkotiloissa: Vain sis\u00e4k\u00e4ytt\u00f6\u00f6n<\/li>\n<li>Toimitus-:<\/li>\n<li>1 x TV-kaappi<\/li>\n<li>Kokoonpano vaaditaan: Kyll\u00e4<\/li>\n<\/ul>\n","protected":false},"featured_media":100000172843,"comment_status":"closed","ping_status":"closed","template":"","meta":[],"product_brand":[],"product_cat":[84,8567],"product_tag":[],"class_list":{"0":"post-172843","1":"product","2":"type-product","3":"status-publish","4":"has-post-thumbnail","6":"product_cat-huonekalut","7":"product_cat-medialaitekaapit-telineet","9":"first","10":"instock","11":"taxable","12":"shipping-taxable","13":"purchasable","14":"product-type-simple"},"_links":{"self":[{"href":"https:\/\/www.otiumhome.fi\/index.php\/wp-json\/wp\/v2\/product\/172843","targetHints":{"allow":["GET"]}}],"collection":[{"href":"https:\/\/www.otiumhome.fi\/index.php\/wp-json\/wp\/v2\/product"}],"about":[{"href":"https:\/\/www.otiumhome.fi\/index.php\/wp-json\/wp\/v2\/types\/product"}],"replies":[{"embeddable":true,"href":"https:\/\/www.otiumhome.fi\/index.php\/wp-json\/wp\/v2\/comments?post=172843"}],"wp:featuredmedia":[{"embeddable":true,"href":"https:\/\/www.otiumhome.fi\/index.php\/wp-json\/"}],"wp:attachment":[{"href":"https:\/\/www.otiumhome.fi\/index.php\/wp-json\/wp\/v2\/media?parent=172843"}],"wp:term":[{"taxonomy":"product_brand","embeddable":true,"href":"https:\/\/www.otiumhome.fi\/index.php\/wp-json\/wp\/v2\/product_brand?post=172843"},{"taxonomy":"product_cat","embeddable":true,"href":"https:\/\/www.otiumhome.fi\/index.php\/wp-json\/wp\/v2\/product_cat?post=172843"},{"taxonomy":"product_tag","embeddable":true,"href":"https:\/\/www.otiumhome.fi\/index.php\/wp-json\/wp\/v2\/product_tag?post=172843"}],"curies":[{"name":"wp","href":"https:\/\/api.w.org\/{rel}","templated":true}]}}