{"id":172413,"date":"2025-09-10T01:54:46","date_gmt":"2025-09-10T01:54:46","guid":{"rendered":"https:\/\/www.otiumhome.fi\/?p=172413"},"modified":"2025-09-14T23:27:57","modified_gmt":"2025-09-14T23:27:57","slug":"2-osainen-kylpyhuoneen-kalustesarja-savutammi-tekninen-puu","status":"publish","type":"product","link":"https:\/\/www.otiumhome.fi\/index.php\/tuote\/2-osainen-kylpyhuoneen-kalustesarja-savutammi-tekninen-puu\/","title":{"rendered":"2-osainen Kylpyhuoneen kalustesarja savutammi tekninen puu"},"content":{"rendered":"<p>T\u00e4m\u00e4 tyylik\u00e4s kylpyhuoneen kalustesarja on loistava lis\u00e4 kylpyhuoneeseesi, antaen sille siistin ja huomiota her\u00e4tt\u00e4v\u00e4n ulkon\u00e4\u00f6n!<\/p>\n<\/p>\n<ul>\n<li>Vakaa ja kest\u00e4v\u00e4 materiaali: Tekninen puu on kest\u00e4v\u00e4 ja vakaa materiaali, jonka sile\u00e4 pinta kest\u00e4\u00e4 kosteutta, v\u00e4\u00e4ntymist\u00e4 ja halkeilua, joten se on luotettava valinta erilaisiin projekteihin.<\/li>\n<li>Vakaa ja pitk\u00e4ik\u00e4inen runko: Kylpyhuoneen alaosan metallirunko korostaa sisustustasi teollisella tyylill\u00e4 ja tarjoaa poikkeuksellisen kest\u00e4vyyden, vakauden ja korroosionkest\u00e4vyyden.<\/li>\n<li>Runsaasti s\u00e4ilytystilaa: Kylpyhuoneen s\u00e4ilytyskaappi tarjoaa runsaasti tilaa t\u00e4rkeille hygienia- ja kylpytuotteillesi, kuten saippuoille, shampoille, hammastahnalle, jne.<\/li>\n<li>Selke\u00e4 kuva: Peilin lasipinta heijastaa hienosti ja v\u00e4\u00e4ristym\u00e4tt\u00f6m\u00e4sti, joten se sopii meikkaamiseen, parranajoon ja ulkoasun tarkistamiseen ennen ulos l\u00e4ht\u00f6\u00e4.<\/li>\n<li>Helppo huoltaa: Sile\u00e4n pinnan ansiosta kylpyhuoneen kaappi on helppo puhdistaa kostealla liinalla ja se tarvitsee vain v\u00e4h\u00e4ist\u00e4 huoltoa.<\/li>\n<\/ul>\n<p>Hyv\u00e4 tiet\u00e4\u00e4:<\/p>\n<ul>\n<li>Sein\u00e4\u00e4n kiinnitett\u00e4v\u00e4t ruuvit ja tulpat eiv\u00e4t sis\u00e4lly toimitukseen. Suosittelemme etsim\u00e4\u00e4n ja k\u00e4ytt\u00e4m\u00e4\u00e4n sein\u00e4\u00e4si sopivia ruuveja ja tulppia. Jos olet ep\u00e4varma, kysy ammattilaisen neuvoa. Lue ja noudata ohjeiden jokaista vaihetta.<\/li>\n<\/ul>\n<p>Varoitus:<\/p>\n<ul>\n<li>Kaatumisen est\u00e4miseksi t\u00e4t\u00e4 tuotetta on k\u00e4ytett\u00e4v\u00e4 mukana toimitetun sein\u00e4kiinnityslaitteen kanssa.<\/li>\n<\/ul>\n<ul>\n<li>V\u00e4ri: savutammi<\/li>\n<li>Materiaali: Tekninen puu, metalli, lasi<\/li>\n<li>Kylpyhuoneen peilikaapin mitat: 65 x 20 x 60 cm (L x S x K)<\/li>\n<li>Kylpyhuoneen pesuallaskaapin mitat: 80 x 33 x 60 cm (L x S x K)<\/li>\n<li>Maksimipainokapasiteetti (yhteens\u00e4): 60 kg<\/li>\n<li>Asennus vaaditaan: Kyll\u00e4<\/li>\n<li><strong>Toimitus sis\u00e4lt\u00e4\u00e4:<\/strong><\/li>\n<li>1 x Kylpyhuoneen peilikaappi<\/li>\n<li>1 x Kylpyhuoneen allaskaappi<\/li>\n<\/ul>\n","protected":false},"excerpt":{"rendered":"<ul>\n<li>V\u00e4ri: savutammi<\/li>\n<li>Materiaali: Tekninen puu, metalli, lasi<\/li>\n<li>Kylpyhuoneen peilikaapin mitat: 65 x 20 x 60 cm (L x S x K)<\/li>\n<li>Kylpyhuoneen pesuallaskaapin mitat: 80 x 33 x 60 cm (L x S x K)<\/li>\n<li>Maksimipainokapasiteetti (yhteens\u00e4): 60 kg<\/li>\n<li>Asennus vaaditaan: Kyll\u00e4<\/li>\n<li><strong>Toimitus sis\u00e4lt\u00e4\u00e4:<\/strong><\/li>\n<li>1 x Kylpyhuoneen peilikaappi<\/li>\n<li>1 x Kylpyhuoneen allaskaappi<\/li>\n<\/ul>\n","protected":false},"featured_media":100000172413,"comment_status":"closed","ping_status":"closed","template":"","meta":[],"product_brand":[],"product_cat":[84,8560],"product_tag":[],"class_list":{"0":"post-172413","1":"product","2":"type-product","3":"status-publish","4":"has-post-thumbnail","6":"product_cat-huonekalut","7":"product_cat-kylpyhuoneen-kalusteet","9":"first","10":"instock","11":"taxable","12":"shipping-taxable","13":"purchasable","14":"product-type-simple"},"_links":{"self":[{"href":"https:\/\/www.otiumhome.fi\/index.php\/wp-json\/wp\/v2\/product\/172413","targetHints":{"allow":["GET"]}}],"collection":[{"href":"https:\/\/www.otiumhome.fi\/index.php\/wp-json\/wp\/v2\/product"}],"about":[{"href":"https:\/\/www.otiumhome.fi\/index.php\/wp-json\/wp\/v2\/types\/product"}],"replies":[{"embeddable":true,"href":"https:\/\/www.otiumhome.fi\/index.php\/wp-json\/wp\/v2\/comments?post=172413"}],"wp:featuredmedia":[{"embeddable":true,"href":"https:\/\/www.otiumhome.fi\/index.php\/wp-json\/"}],"wp:attachment":[{"href":"https:\/\/www.otiumhome.fi\/index.php\/wp-json\/wp\/v2\/media?parent=172413"}],"wp:term":[{"taxonomy":"product_brand","embeddable":true,"href":"https:\/\/www.otiumhome.fi\/index.php\/wp-json\/wp\/v2\/product_brand?post=172413"},{"taxonomy":"product_cat","embeddable":true,"href":"https:\/\/www.otiumhome.fi\/index.php\/wp-json\/wp\/v2\/product_cat?post=172413"},{"taxonomy":"product_tag","embeddable":true,"href":"https:\/\/www.otiumhome.fi\/index.php\/wp-json\/wp\/v2\/product_tag?post=172413"}],"curies":[{"name":"wp","href":"https:\/\/api.w.org\/{rel}","templated":true}]}}