{"id":170713,"date":"2025-09-05T13:25:20","date_gmt":"2025-09-05T13:25:20","guid":{"rendered":"https:\/\/www.otiumhome.fi\/?p=170713"},"modified":"2025-09-06T21:03:26","modified_gmt":"2025-09-06T21:03:26","slug":"parvisangyn-verhot-tunneli-ja-torni-mustavalkoinen-polyesteri","status":"publish","type":"product","link":"https:\/\/www.otiumhome.fi\/index.php\/tuote\/parvisangyn-verhot-tunneli-ja-torni-mustavalkoinen-polyesteri\/","title":{"rendered":"Parvis\u00e4ngyn verhot, tunneli ja torni mustavalkoinen polyesteri"},"content":{"rendered":"<p>Muuta lapsesi s\u00e4nky sis\u00e4leikkikent\u00e4ksi n\u00e4ill\u00e4 parvis\u00e4ngyn verhoilla, tunnelilla ja tornilla, jotka tekev\u00e4t nukkumaanmenosta vilkasta ja hauskaa.<\/p>\n<\/p>\n<ul>\n<li>Kest\u00e4v\u00e4 materiaali: Polyesteri on synteettinen materiaali, joka on kest\u00e4v\u00e4 ja helppohoitoinen. Se kest\u00e4\u00e4 my\u00f6s kutistumista, venymist\u00e4 ja ryppyj\u00e4. <\/li>\n<li>Hauska setti: Voit yhdist\u00e4\u00e4 verhot, tunnelin ja tornin s\u00e4nkyyn luodaksesi lapsellesi salaisen tukikohdan, joka tarjoaa hupia nukkumaan menness\u00e4 ja lis\u00e4\u00e4 keskipisteen makuuhuoneeseen! <\/li>\n<li>S\u00e4ilytystaskut: Suojakaiteen yl\u00e4puolelle ripustettavassa verhossa on kolme taskua pienten lelujen, kuvakirjojen ja muiden pientavaroiden s\u00e4ilytt\u00e4miseen.<\/li>\n<li>K\u00e4yt\u00e4nn\u00f6llinen muotoilu: S\u00e4ngyn alla olevissa verhoissa on siteet ja tornissa on metalliputket, jotka kiinnitt\u00e4v\u00e4t ne paremmin s\u00e4nkyyn.<\/li>\n<\/ul>\n<ul>\n<li>V\u00e4ri: valkoinen ja musta <\/li>\n<li>Materiaali: 100 % polyesteri<\/li>\n<li>Toimitus ei sis\u00e4ll\u00e4 parvis\u00e4nky\u00e4 ja liukum\u00e4ke\u00e4 <\/li>\n<li><strong>Toimitus sis\u00e4lt\u00e4\u00e4:<\/strong><\/li>\n<li>1 x Etuverho: 100 x 75 cm (P x L) <\/li>\n<li>1 x Etuverho: 60 x 75 cm (P x L) <\/li>\n<li>1 x Etuverho: 34 x 75 cm (P x L) <\/li>\n<li>1 x Verho kolmella taskulla: 80 x 43 cm (P x L)<\/li>\n<li>2 x Sivuverho: 85 x 76 cm (P x L) <\/li>\n<li>1 x Tunneli (koko litte\u00e4n\u00e4): 211 x 94 cm (P x L) <\/li>\n<li>1 x Torni: 44,5 x 43 x 190,5 cm (P x L x K)<\/li>\n<\/ul>\n","protected":false},"excerpt":{"rendered":"<ul>\n<li>V\u00e4ri: valkoinen ja musta <\/li>\n<li>Materiaali: 100 % polyesteri<\/li>\n<li>Toimitus ei sis\u00e4ll\u00e4 parvis\u00e4nky\u00e4 ja liukum\u00e4ke\u00e4 <\/li>\n<li><strong>Toimitus sis\u00e4lt\u00e4\u00e4:<\/strong><\/li>\n<li>1 x Etuverho: 100 x 75 cm (P x L) <\/li>\n<li>1 x Etuverho: 60 x 75 cm (P x L) <\/li>\n<li>1 x Etuverho: 34 x 75 cm (P x L) <\/li>\n<li>1 x Verho kolmella taskulla: 80 x 43 cm (P x L)<\/li>\n<li>2 x Sivuverho: 85 x 76 cm (P x L) <\/li>\n<li>1 x Tunneli (koko litte\u00e4n\u00e4): 211 x 94 cm (P x L) <\/li>\n<li>1 x Torni: 44,5 x 43 x 190,5 cm (P x L x K)<\/li>\n<\/ul>\n","protected":false},"featured_media":100000170713,"comment_status":"closed","ping_status":"closed","template":"","meta":[],"product_brand":[],"product_cat":[84,8637],"product_tag":[],"class_list":{"0":"post-170713","1":"product","2":"type-product","3":"status-publish","4":"has-post-thumbnail","6":"product_cat-huonekalut","7":"product_cat-sangyt-sangyn-runkotarvikkeet","9":"first","10":"instock","11":"taxable","12":"shipping-taxable","13":"purchasable","14":"product-type-simple"},"_links":{"self":[{"href":"https:\/\/www.otiumhome.fi\/index.php\/wp-json\/wp\/v2\/product\/170713","targetHints":{"allow":["GET"]}}],"collection":[{"href":"https:\/\/www.otiumhome.fi\/index.php\/wp-json\/wp\/v2\/product"}],"about":[{"href":"https:\/\/www.otiumhome.fi\/index.php\/wp-json\/wp\/v2\/types\/product"}],"replies":[{"embeddable":true,"href":"https:\/\/www.otiumhome.fi\/index.php\/wp-json\/wp\/v2\/comments?post=170713"}],"wp:featuredmedia":[{"embeddable":true,"href":"https:\/\/www.otiumhome.fi\/index.php\/wp-json\/"}],"wp:attachment":[{"href":"https:\/\/www.otiumhome.fi\/index.php\/wp-json\/wp\/v2\/media?parent=170713"}],"wp:term":[{"taxonomy":"product_brand","embeddable":true,"href":"https:\/\/www.otiumhome.fi\/index.php\/wp-json\/wp\/v2\/product_brand?post=170713"},{"taxonomy":"product_cat","embeddable":true,"href":"https:\/\/www.otiumhome.fi\/index.php\/wp-json\/wp\/v2\/product_cat?post=170713"},{"taxonomy":"product_tag","embeddable":true,"href":"https:\/\/www.otiumhome.fi\/index.php\/wp-json\/wp\/v2\/product_tag?post=170713"}],"curies":[{"name":"wp","href":"https:\/\/api.w.org\/{rel}","templated":true}]}}