{"id":170196,"date":"2025-09-05T10:20:21","date_gmt":"2025-09-05T10:20:21","guid":{"rendered":"https:\/\/www.otiumhome.fi\/?p=170196"},"modified":"2025-09-05T23:22:53","modified_gmt":"2025-09-05T23:22:53","slug":"seinahylly-8-lokeroa-korkeakiilto-valkoinen","status":"publish","type":"product","link":"https:\/\/www.otiumhome.fi\/index.php\/tuote\/seinahylly-8-lokeroa-korkeakiilto-valkoinen\/","title":{"rendered":"Sein\u00e4hylly 8 lokeroa korkeakiilto valkoinen"},"content":{"rendered":"<p>T\u00e4m\u00e4 sein\u00e4hylly on ihanteellinen suosikkikirjojen, ker\u00e4ilyesineiden, valokuvien, palkintojen, ruukkukasvien, jne. esille laittoon.<\/p>\n<\/p>\n<ul>\n<li>Kest\u00e4v\u00e4 materiaali: Tekninen puu on poikkeuksellisen laadukasta ja sile\u00e4pintaista. Se on luja, vakaa ja kosteudelle vastustuskykyinen.<\/li>\n<li>Runsaasti s\u00e4ilytystilaa: Kahdeksan lokeron ansiosta t\u00e4m\u00e4 sein\u00e4lle kiinnitett\u00e4v\u00e4 hylly tarjoaa runsaasti s\u00e4ilytystilaa. Voit pit\u00e4\u00e4 aikakauslehtesi, kirjojasi, DVD-levyjesi ja muut tavarat k\u00e4den ulottuvilla.<\/li>\n<li>Sein\u00e4lle kiinnitett\u00e4v\u00e4 malli: Kelluva hylly voidaan kiinnitt\u00e4\u00e4 sein\u00e4lle lis\u00e4s\u00e4ilytystilan luomiseksi. T\u00e4ll\u00e4 tavoin voit maksimoida lattiatilasi ja pit\u00e4\u00e4 alueen siistin\u00e4.<\/li>\n<\/ul>\n<p>Huomioi:<\/p>\n<ul>\n<li>Jokaisen tuotteen mukana on laatikossa kokoonpano-ohje helppoa asennusta varten.<\/li>\n<li>Sein\u00e4\u00e4n kiinnitett\u00e4v\u00e4t ruuvit ja tulpat eiv\u00e4t sis\u00e4lly toimitukseen. Etsi ja k\u00e4yt\u00e4 sein\u00e4\u00e4si sopivia ruuveja ja tulppia. Jos olet ep\u00e4varma, kysy ammattilaisen neuvoa. Lue ja seuraa asennusohjeiden jokaista vaihetta huolella.\n<\/p>\n<\/li>\n<\/ul>\n<ul>\n<li>V\u00e4ri: korkeakiilto valkoinen<\/li>\n<li>Materiaali: tekninen puu<\/li>\n<li>Mitat: 85 x 16 x 47,5 cm (L x S x K)<\/li>\n<li>N\u00e4kym\u00e4t\u00f6n sein\u00e4liit\u00e4nt\u00e4<\/li>\n<li>Maksimikantavuus (yhteens\u00e4): 50 kg<\/li>\n<li>Enimm\u00e4iskantavuus per hylly: 5 kg<\/li>\n<\/ul>\n","protected":false},"excerpt":{"rendered":"<ul>\n<li>V\u00e4ri: korkeakiilto valkoinen<\/li>\n<li>Materiaali: tekninen puu<\/li>\n<li>Mitat: 85 x 16 x 47,5 cm (L x S x K)<\/li>\n<li>N\u00e4kym\u00e4t\u00f6n sein\u00e4liit\u00e4nt\u00e4<\/li>\n<li>Maksimikantavuus (yhteens\u00e4): 50 kg<\/li>\n<li>Enimm\u00e4iskantavuus per hylly: 5 kg<\/li>\n<\/ul>\n","protected":false},"featured_media":100000170196,"comment_status":"closed","ping_status":"closed","template":"","meta":[],"product_brand":[],"product_cat":[84,8634],"product_tag":[],"class_list":{"0":"post-170196","1":"product","2":"type-product","3":"status-publish","4":"has-post-thumbnail","6":"product_cat-huonekalut","7":"product_cat-seinahyllyt","9":"first","10":"outofstock","11":"taxable","12":"shipping-taxable","13":"purchasable","14":"product-type-simple"},"_links":{"self":[{"href":"https:\/\/www.otiumhome.fi\/index.php\/wp-json\/wp\/v2\/product\/170196","targetHints":{"allow":["GET"]}}],"collection":[{"href":"https:\/\/www.otiumhome.fi\/index.php\/wp-json\/wp\/v2\/product"}],"about":[{"href":"https:\/\/www.otiumhome.fi\/index.php\/wp-json\/wp\/v2\/types\/product"}],"replies":[{"embeddable":true,"href":"https:\/\/www.otiumhome.fi\/index.php\/wp-json\/wp\/v2\/comments?post=170196"}],"wp:featuredmedia":[{"embeddable":true,"href":"https:\/\/www.otiumhome.fi\/index.php\/wp-json\/"}],"wp:attachment":[{"href":"https:\/\/www.otiumhome.fi\/index.php\/wp-json\/wp\/v2\/media?parent=170196"}],"wp:term":[{"taxonomy":"product_brand","embeddable":true,"href":"https:\/\/www.otiumhome.fi\/index.php\/wp-json\/wp\/v2\/product_brand?post=170196"},{"taxonomy":"product_cat","embeddable":true,"href":"https:\/\/www.otiumhome.fi\/index.php\/wp-json\/wp\/v2\/product_cat?post=170196"},{"taxonomy":"product_tag","embeddable":true,"href":"https:\/\/www.otiumhome.fi\/index.php\/wp-json\/wp\/v2\/product_tag?post=170196"}],"curies":[{"name":"wp","href":"https:\/\/api.w.org\/{rel}","templated":true}]}}