{"id":170174,"date":"2025-09-05T10:16:58","date_gmt":"2025-09-05T10:16:58","guid":{"rendered":"https:\/\/www.otiumhome.fi\/?p=170174"},"modified":"2025-09-05T23:51:48","modified_gmt":"2025-09-05T23:51:48","slug":"seinahylly-tummanruskea-60x60x2-cm-kasitelty-taystammi","status":"publish","type":"product","link":"https:\/\/www.otiumhome.fi\/index.php\/tuote\/seinahylly-tummanruskea-60x60x2-cm-kasitelty-taystammi\/","title":{"rendered":"Sein\u00e4hylly tummanruskea 60x60x2 cm k\u00e4sitelty t\u00e4ystammi"},"content":{"rendered":"<p>Tarvitsetko lis\u00e4\u00e4 s\u00e4ilytysvaihtoehtoja, mutta sinulla ei ole ylim\u00e4\u00e4r\u00e4ist\u00e4 tilaa? T\u00e4m\u00e4 maalaistyylinen sein\u00e4hylly on t\u00e4ydellinen ratkaisu.<\/p>\n<\/p>\n<ul>\n<li>Kest\u00e4v\u00e4 rakenne: T\u00e4m\u00e4 sein\u00e4hylly on valmistettu t\u00e4ydest\u00e4 tammesta, joka on kaunis luonnollinen materiaali. Tammi on keskiruskean v\u00e4rinen ja siin\u00e4 on tihe\u00e4t puunsyyt, mik\u00e4 lis\u00e4\u00e4 sen ainutlaatuista ulkon\u00e4k\u00f6\u00e4.<\/li>\n<li>Monipuolinen k\u00e4ytt\u00f6: Hyllyn lis\u00e4ksi t\u00e4m\u00e4 s\u00e4ilytyshylly voidaan yhdist\u00e4\u00e4 erilaisiin alustoihin tarpeidesi mukaan. Sit\u00e4 voidaan k\u00e4ytt\u00e4\u00e4 kylpyhuonetasona, kaapin yl\u00e4tasona, p\u00f6yt\u00e4levyn\u00e4, jne.<\/li>\n<li>K\u00e4sitelty pinta: Sein\u00e4hylly on k\u00e4sitelty tummalla maalilla, joten se on k\u00e4ytt\u00f6valmis, eik\u00e4 lis\u00e4viimeistelyj\u00e4 tarvita.<\/li>\n<li>K\u00e4sintehty el\u00e4v\u00e4ll\u00e4 reunalla: T\u00e4m\u00e4 hyllylevy on k\u00e4sintehty el\u00e4v\u00e4ll\u00e4 reunalla. Siit\u00e4 syyst\u00e4 oksanpaikat, halkeamat, hieman kaareva muoto ja v\u00e4ris\u00e4vyt ovat osa tammea, joten jokainen hylly on luonteeltaan ja ulkon\u00e4\u00f6lt\u00e4\u00e4n ainutlaatuinen. Toimitus on satunnainen, mik\u00e4 takaa tuotteesi ainutlaatuisuuden ja yksil\u00f6llisyyden.<\/li>\n<\/ul>\n<p>Hyv\u00e4 tiet\u00e4\u00e4:<\/p>\n<ul>\n<li>Luonnontuotteena puussa saattaa olla oksanpaikkoja ja ep\u00e4tasaisuuksia, jotka t\u00e4yt\u00e4mme sile\u00e4n ulkon\u00e4\u00f6n takaamiseksi.<\/li>\n<\/ul>\n<ul>\n<li>V\u00e4ri: tummanruskea<\/li>\n<li>Materiaali: Tummaksi viimeistelty t\u00e4ystammi<\/li>\n<li>Mitat: 60 x 60 x 2 cm (P x L x Paks.)<\/li>\n<li>Enimm\u00e4iskantavuus: 28,8 kg<\/li>\n<li>El\u00e4v\u00e4ll\u00e4 reunalla<\/li>\n<\/ul>\n","protected":false},"excerpt":{"rendered":"<ul>\n<li>V\u00e4ri: tummanruskea<\/li>\n<li>Materiaali: Tummaksi viimeistelty t\u00e4ystammi<\/li>\n<li>Mitat: 60 x 60 x 2 cm (P x L x Paks.)<\/li>\n<li>Enimm\u00e4iskantavuus: 28,8 kg<\/li>\n<li>El\u00e4v\u00e4ll\u00e4 reunalla<\/li>\n<\/ul>\n","protected":false},"featured_media":100000170174,"comment_status":"closed","ping_status":"closed","template":"","meta":[],"product_brand":[],"product_cat":[84,8634],"product_tag":[],"class_list":{"0":"post-170174","1":"product","2":"type-product","3":"status-publish","4":"has-post-thumbnail","6":"product_cat-huonekalut","7":"product_cat-seinahyllyt","9":"first","10":"outofstock","11":"taxable","12":"shipping-taxable","13":"purchasable","14":"product-type-simple"},"_links":{"self":[{"href":"https:\/\/www.otiumhome.fi\/index.php\/wp-json\/wp\/v2\/product\/170174","targetHints":{"allow":["GET"]}}],"collection":[{"href":"https:\/\/www.otiumhome.fi\/index.php\/wp-json\/wp\/v2\/product"}],"about":[{"href":"https:\/\/www.otiumhome.fi\/index.php\/wp-json\/wp\/v2\/types\/product"}],"replies":[{"embeddable":true,"href":"https:\/\/www.otiumhome.fi\/index.php\/wp-json\/wp\/v2\/comments?post=170174"}],"wp:featuredmedia":[{"embeddable":true,"href":"https:\/\/www.otiumhome.fi\/index.php\/wp-json\/"}],"wp:attachment":[{"href":"https:\/\/www.otiumhome.fi\/index.php\/wp-json\/wp\/v2\/media?parent=170174"}],"wp:term":[{"taxonomy":"product_brand","embeddable":true,"href":"https:\/\/www.otiumhome.fi\/index.php\/wp-json\/wp\/v2\/product_brand?post=170174"},{"taxonomy":"product_cat","embeddable":true,"href":"https:\/\/www.otiumhome.fi\/index.php\/wp-json\/wp\/v2\/product_cat?post=170174"},{"taxonomy":"product_tag","embeddable":true,"href":"https:\/\/www.otiumhome.fi\/index.php\/wp-json\/wp\/v2\/product_tag?post=170174"}],"curies":[{"name":"wp","href":"https:\/\/api.w.org\/{rel}","templated":true}]}}