{"id":170154,"date":"2025-09-05T10:16:53","date_gmt":"2025-09-05T10:16:53","guid":{"rendered":"https:\/\/www.otiumhome.fi\/?p=170154"},"modified":"2025-09-30T00:11:48","modified_gmt":"2025-09-30T00:11:48","slug":"kulmahyllyt-2-kpl-korkeakiilto-valkoinen-25x25x38-cm-mdf","status":"publish","type":"product","link":"https:\/\/www.otiumhome.fi\/index.php\/tuote\/kulmahyllyt-2-kpl-korkeakiilto-valkoinen-25x25x38-cm-mdf\/","title":{"rendered":"Kulmahyllyt 2 kpl korkeakiilto valkoinen 25x25x3,8 cm MDF"},"content":{"rendered":"<p>T\u00e4m\u00e4 kahden tyylikk\u00e4\u00e4n kulmahyllyn sarja on ihanteellinen suosikkikirjojen, koriste-esineiden, valokuvien, palkintojen jne. esillepanoon.<\/p>\n<\/p>\n<p>T\u00e4m\u00e4 laadukkaasta hunajakenno-MDF-levyst\u00e4 ja vahvasta metallista valmistettu esittelyhylly on vakaa ja kest\u00e4v\u00e4. N\u00e4kym\u00e4tt\u00f6m\u00e4n kiinnitysj\u00e4rjestelm\u00e4n ansiosta sein\u00e4hylly on helppo asentaa, ja se toimii t\u00e4ydellisen\u00e4 paikkana s\u00e4ilytt\u00e4\u00e4 esineit\u00e4, kuten palkintoja, kirjoja, ker\u00e4ilyesineit\u00e4, koriste-esineit\u00e4 jne. T\u00e4m\u00e4 kelluva hylly sopii mihin tahansa sisustukseen ja muuttaa tyhj\u00e4n sein\u00e4n design-elementiksi!<\/p>\n<ul>\n<li>V\u00e4ri: Korkeakiiltoinen valkoinen<\/li>\n<li>Materiaali: Hunajakenno-MDF, metalli<\/li>\n<li>Mitat: 25 x 25 x 3,8 cm (P x L x K)<\/li>\n<li>Suurin kantavuus (kpl): 5 kg<\/li>\n<li>N\u00e4kym\u00e4t\u00f6n kiinnitysj\u00e4rjestelm\u00e4<\/li>\n<li>Kokoaminen vaaditaan: Kyll\u00e4<\/li>\n<li><strong>Toimitus sis\u00e4lt\u00e4\u00e4:<\/strong><\/li>\n<li>2 x kulmahylly\u00e4<\/li>\n<\/ul>\n","protected":false},"excerpt":{"rendered":"<ul>\n<li>V\u00e4ri: Korkeakiiltoinen valkoinen<\/li>\n<li>Materiaali: Hunajakenno-MDF, metalli<\/li>\n<li>Mitat: 25 x 25 x 3,8 cm (P x L x K)<\/li>\n<li>Suurin kantavuus (kpl): 5 kg<\/li>\n<li>N\u00e4kym\u00e4t\u00f6n kiinnitysj\u00e4rjestelm\u00e4<\/li>\n<li>Kokoaminen vaaditaan: Kyll\u00e4<\/li>\n<li><strong>Toimitus sis\u00e4lt\u00e4\u00e4:<\/strong><\/li>\n<li>2 x kulmahylly\u00e4<\/li>\n<\/ul>\n","protected":false},"featured_media":100000170154,"comment_status":"closed","ping_status":"closed","template":"","meta":[],"product_brand":[],"product_cat":[84,8634],"product_tag":[],"class_list":{"0":"post-170154","1":"product","2":"type-product","3":"status-publish","4":"has-post-thumbnail","6":"product_cat-huonekalut","7":"product_cat-seinahyllyt","9":"first","10":"instock","11":"taxable","12":"shipping-taxable","13":"purchasable","14":"product-type-simple"},"_links":{"self":[{"href":"https:\/\/www.otiumhome.fi\/index.php\/wp-json\/wp\/v2\/product\/170154","targetHints":{"allow":["GET"]}}],"collection":[{"href":"https:\/\/www.otiumhome.fi\/index.php\/wp-json\/wp\/v2\/product"}],"about":[{"href":"https:\/\/www.otiumhome.fi\/index.php\/wp-json\/wp\/v2\/types\/product"}],"replies":[{"embeddable":true,"href":"https:\/\/www.otiumhome.fi\/index.php\/wp-json\/wp\/v2\/comments?post=170154"}],"wp:featuredmedia":[{"embeddable":true,"href":"https:\/\/www.otiumhome.fi\/index.php\/wp-json\/"}],"wp:attachment":[{"href":"https:\/\/www.otiumhome.fi\/index.php\/wp-json\/wp\/v2\/media?parent=170154"}],"wp:term":[{"taxonomy":"product_brand","embeddable":true,"href":"https:\/\/www.otiumhome.fi\/index.php\/wp-json\/wp\/v2\/product_brand?post=170154"},{"taxonomy":"product_cat","embeddable":true,"href":"https:\/\/www.otiumhome.fi\/index.php\/wp-json\/wp\/v2\/product_cat?post=170154"},{"taxonomy":"product_tag","embeddable":true,"href":"https:\/\/www.otiumhome.fi\/index.php\/wp-json\/wp\/v2\/product_tag?post=170154"}],"curies":[{"name":"wp","href":"https:\/\/api.w.org\/{rel}","templated":true}]}}