{"id":169047,"date":"2025-09-05T04:21:14","date_gmt":"2025-09-05T04:21:14","guid":{"rendered":"https:\/\/www.otiumhome.fi\/?p=169047"},"modified":"2025-09-10T01:46:33","modified_gmt":"2025-09-10T01:46:33","slug":"3-osainen-kylpyhuoneen-kaluste-ja-pesuallassarja-musta","status":"publish","type":"product","link":"https:\/\/www.otiumhome.fi\/index.php\/tuote\/3-osainen-kylpyhuoneen-kaluste-ja-pesuallassarja-musta\/","title":{"rendered":"3-osainen Kylpyhuoneen Kaluste- ja Pesuallassarja  Musta"},"content":{"rendered":"<p style=\"font-size: 13.12px\">T\u00e4ss\u00e4 sarjassa on 1 sein\u00e4kiinnitett\u00e4v\u00e4 pesualtaan hylly, 1 peili ja 1 pesuallas, se on upea lis\u00e4 kylpyhuoneeseen, se optimoi tilasi laadusta tinkim\u00e4tt\u00e4.<\/p>\n<p style=\"font-size: 13.12px\">\n<p style=\"font-size: 13.12px\">Sarjassa on peili ja pesualtaan kaappi. Kompakti koko ja minimalistinen suunnittelu tekev\u00e4t siit\u00e4 todella upean lis\u00e4n mihin tahansa moderniin kylpyhuoneeseen. Koska se on valmistettu laadukkaasta lastulevyst\u00e4, niin t\u00e4m\u00e4 sarja on todella vakaa ja kest\u00e4v\u00e4.<\/p>\n<p style=\"font-size: 13.12px\">\n<p style=\"font-size: 13.12px\">Pesuallas on valmistettu laadukkaasta keramiikasta, siksi se on naarmuuntumaton, ruostumaton ja helppo puhdistaa. Ne sopivat tason yl\u00e4puolelle asennettavaksi.<\/p>\n<p style=\"font-size: 13.12px\">\n<p style=\"font-size: 13.12px\">Helppo koota. Toimituksessa on my\u00f6s kaksi pop-up viem\u00e4rin tulppaa ja asennustarvikkeet.<\/p>\n<p style=\"font-size: 13.12px\">\n<p style=\"font-size: 13.12px\">HUOMIO: Hana ei mukana toimituksessa. Hanareik\u00e4\u00e4 ei ole porattu valmiiksi.<\/p>\n<ul>\n<li><strong>Kylpyhuoneen meikkiosa:<\/strong><\/li>\n<li>V\u00e4ri: Musta<\/li>\n<li>Materiaali: Lastulevy<\/li>\n<li>Pesualtaan kaapin mitat: 40 x 34 x 20 cm (P x L x K)<\/li>\n<li>Peilin koko: 30 x 30 cm (P x L)<\/li>\n<li><strong>Pesuallas<\/strong>:<\/li>\n<li>V\u00e4ri: Valkoinen<\/li>\n<li>Materiaali: Keramiikka<\/li>\n<li>Koko: 280 x 100 mm (Halk.. x K)<\/li>\n<li>Asennus: Tason p\u00e4\u00e4lle<\/li>\n<li><strong>Toimituksessa mukana:<\/strong><\/li>\n<li>1 x Sein\u00e4kiinnitett\u00e4v\u00e4 kaappi<\/li>\n<li>1 x Peili<\/li>\n<li>1 x Pesuallas<\/li>\n<li>1 x Pop-up pesualtaan tulppa<\/li>\n<li>Asennustarvikkeet<\/li>\n<\/ul>\n","protected":false},"excerpt":{"rendered":"<ul>\n<li><strong>Kylpyhuoneen meikkiosa:<\/strong><\/li>\n<li>V\u00e4ri: Musta<\/li>\n<li>Materiaali: Lastulevy<\/li>\n<li>Pesualtaan kaapin mitat: 40 x 34 x 20 cm (P x L x K)<\/li>\n<li>Peilin koko: 30 x 30 cm (P x L)<\/li>\n<li><strong>Pesuallas<\/strong>:<\/li>\n<li>V\u00e4ri: Valkoinen<\/li>\n<li>Materiaali: Keramiikka<\/li>\n<li>Koko: 280 x 100 mm (Halk.. x K)<\/li>\n<li>Asennus: Tason p\u00e4\u00e4lle<\/li>\n<li><strong>Toimituksessa mukana:<\/strong><\/li>\n<li>1 x Sein\u00e4kiinnitett\u00e4v\u00e4 kaappi<\/li>\n<li>1 x Peili<\/li>\n<li>1 x Pesuallas<\/li>\n<li>1 x Pop-up pesualtaan tulppa<\/li>\n<li>Asennustarvikkeet<\/li>\n<\/ul>\n","protected":false},"featured_media":100000169047,"comment_status":"closed","ping_status":"closed","template":"","meta":[],"product_brand":[],"product_cat":[84,8560],"product_tag":[],"class_list":{"0":"post-169047","1":"product","2":"type-product","3":"status-publish","4":"has-post-thumbnail","6":"product_cat-huonekalut","7":"product_cat-kylpyhuoneen-kalusteet","9":"first","10":"instock","11":"taxable","12":"shipping-taxable","13":"purchasable","14":"product-type-simple"},"_links":{"self":[{"href":"https:\/\/www.otiumhome.fi\/index.php\/wp-json\/wp\/v2\/product\/169047","targetHints":{"allow":["GET"]}}],"collection":[{"href":"https:\/\/www.otiumhome.fi\/index.php\/wp-json\/wp\/v2\/product"}],"about":[{"href":"https:\/\/www.otiumhome.fi\/index.php\/wp-json\/wp\/v2\/types\/product"}],"replies":[{"embeddable":true,"href":"https:\/\/www.otiumhome.fi\/index.php\/wp-json\/wp\/v2\/comments?post=169047"}],"wp:featuredmedia":[{"embeddable":true,"href":"https:\/\/www.otiumhome.fi\/index.php\/wp-json\/"}],"wp:attachment":[{"href":"https:\/\/www.otiumhome.fi\/index.php\/wp-json\/wp\/v2\/media?parent=169047"}],"wp:term":[{"taxonomy":"product_brand","embeddable":true,"href":"https:\/\/www.otiumhome.fi\/index.php\/wp-json\/wp\/v2\/product_brand?post=169047"},{"taxonomy":"product_cat","embeddable":true,"href":"https:\/\/www.otiumhome.fi\/index.php\/wp-json\/wp\/v2\/product_cat?post=169047"},{"taxonomy":"product_tag","embeddable":true,"href":"https:\/\/www.otiumhome.fi\/index.php\/wp-json\/wp\/v2\/product_tag?post=169047"}],"curies":[{"name":"wp","href":"https:\/\/api.w.org\/{rel}","templated":true}]}}