{"id":169032,"date":"2025-09-05T04:19:02","date_gmt":"2025-09-05T04:19:02","guid":{"rendered":"https:\/\/www.otiumhome.fi\/?p=169032"},"modified":"2025-09-10T01:46:30","modified_gmt":"2025-09-10T01:46:30","slug":"5-osainen-kylpyhuonekalustesarja-musta-tekninen-puu","status":"publish","type":"product","link":"https:\/\/www.otiumhome.fi\/index.php\/tuote\/5-osainen-kylpyhuonekalustesarja-musta-tekninen-puu\/","title":{"rendered":"5-osainen Kylpyhuonekalustesarja musta tekninen puu"},"content":{"rendered":"<p>T\u00e4m\u00e4 trendik\u00e4s kylpyhuoneen kalustesarja on loistava lis\u00e4 kylpyhuoneeseesi, antaen sille siistin ja huomiota her\u00e4tt\u00e4v\u00e4n ulkon\u00e4\u00f6n!<\/p>\n<\/p>\n<ul>\n<li> Kest\u00e4v\u00e4 materiaali: Tekninen puu on poikkeuksellisen laadukasta ja sile\u00e4pintaista. Se on luja, vakaa ja kosteudelle vastustuskykyinen. <\/li>\n<li>Lis\u00e4\u00e4 s\u00e4ilytystilaa: Kylpyhuoneen kaappi tarjoaa lis\u00e4\u00e4 tilaa t\u00e4rkeiden tavaroiden s\u00e4ilytt\u00e4miseen kylpyhuoneessasi. Kaapin yl\u00e4osa on ihanteellinen paikka pesualtaalle. <\/li>\n<li>Sein\u00e4lle asennettava toiminto: Kaappi ei vie lainkaan lattiatilaa. Voit kiinnitt\u00e4\u00e4 sen sein\u00e4lle helposti. <\/li>\n<li>K\u00e4yt\u00e4nn\u00f6llinen peili: K\u00e4yt\u00e4 mukana toimitettua peili\u00e4 p\u00e4ivitt\u00e4iseen valmisteluun. Se lis\u00e4\u00e4 my\u00f6s erinomaista ulkon\u00e4k\u00f6\u00e4 kotisi sisustukseen. <\/li>\n<\/ul>\n<p>Hyv\u00e4 tiet\u00e4\u00e4:<\/p>\n<ul>\n<li>Pesuallas ei sis\u00e4lly toimitukseen. <\/li>\n<li>Viem\u00e4ri sis\u00e4ltyy toimitukseen.<\/li>\n<li>Sein\u00e4\u00e4n kiinnitett\u00e4v\u00e4t ruuvit ja tulpat eiv\u00e4t sis\u00e4lly toimitukseen. Suosittelemme etsim\u00e4\u00e4n ja k\u00e4ytt\u00e4m\u00e4\u00e4n sein\u00e4\u00e4si sopivia ruuveja ja tulppia. Jos olet ep\u00e4varma, kysy ammattilaisen neuvoa. Lue ja noudata ohjeiden jokaista vaihetta.<\/li>\n<\/ul>\n<ul>\n<li>V\u00e4ri: Musta <\/li>\n<li>Materiaali: tekninen puu, lasi <\/li>\n<li>Sein\u00e4lle kiinnitett\u00e4v\u00e4n allaskaapin mitat: 150 x 45 x 45 cm (P x L x K) <\/li>\n<li>Peilin koko (kukin): 40 x 50 cm (P x K) <\/li>\n<li>Hyllyn koko (kukin): 40 x 16 cm (P x L)<\/li>\n<li>Asennus vaaditaan: kyll\u00e4<\/li>\n<li><strong>Toimitus sis\u00e4lt\u00e4\u00e4:<\/strong><\/li>\n<li>1 x sein\u00e4kiinnitett\u00e4v\u00e4 kaappi <\/li>\n<li>2 x hylly<\/li>\n<li>2 x peili<\/li>\n<\/ul>\n","protected":false},"excerpt":{"rendered":"<ul>\n<li>V\u00e4ri: Musta <\/li>\n<li>Materiaali: tekninen puu, lasi <\/li>\n<li>Sein\u00e4lle kiinnitett\u00e4v\u00e4n allaskaapin mitat: 150 x 45 x 45 cm (P x L x K) <\/li>\n<li>Peilin koko (kukin): 40 x 50 cm (P x K) <\/li>\n<li>Hyllyn koko (kukin): 40 x 16 cm (P x L)<\/li>\n<li>Asennus vaaditaan: kyll\u00e4<\/li>\n<li><strong>Toimitus sis\u00e4lt\u00e4\u00e4:<\/strong><\/li>\n<li>1 x sein\u00e4kiinnitett\u00e4v\u00e4 kaappi <\/li>\n<li>2 x hylly<\/li>\n<li>2 x peili<\/li>\n<\/ul>\n","protected":false},"featured_media":100000169032,"comment_status":"closed","ping_status":"closed","template":"","meta":[],"product_brand":[],"product_cat":[84,8560],"product_tag":[],"class_list":{"0":"post-169032","1":"product","2":"type-product","3":"status-publish","4":"has-post-thumbnail","6":"product_cat-huonekalut","7":"product_cat-kylpyhuoneen-kalusteet","9":"first","10":"instock","11":"taxable","12":"shipping-taxable","13":"purchasable","14":"product-type-simple"},"_links":{"self":[{"href":"https:\/\/www.otiumhome.fi\/index.php\/wp-json\/wp\/v2\/product\/169032","targetHints":{"allow":["GET"]}}],"collection":[{"href":"https:\/\/www.otiumhome.fi\/index.php\/wp-json\/wp\/v2\/product"}],"about":[{"href":"https:\/\/www.otiumhome.fi\/index.php\/wp-json\/wp\/v2\/types\/product"}],"replies":[{"embeddable":true,"href":"https:\/\/www.otiumhome.fi\/index.php\/wp-json\/wp\/v2\/comments?post=169032"}],"wp:featuredmedia":[{"embeddable":true,"href":"https:\/\/www.otiumhome.fi\/index.php\/wp-json\/"}],"wp:attachment":[{"href":"https:\/\/www.otiumhome.fi\/index.php\/wp-json\/wp\/v2\/media?parent=169032"}],"wp:term":[{"taxonomy":"product_brand","embeddable":true,"href":"https:\/\/www.otiumhome.fi\/index.php\/wp-json\/wp\/v2\/product_brand?post=169032"},{"taxonomy":"product_cat","embeddable":true,"href":"https:\/\/www.otiumhome.fi\/index.php\/wp-json\/wp\/v2\/product_cat?post=169032"},{"taxonomy":"product_tag","embeddable":true,"href":"https:\/\/www.otiumhome.fi\/index.php\/wp-json\/wp\/v2\/product_tag?post=169032"}],"curies":[{"name":"wp","href":"https:\/\/api.w.org\/{rel}","templated":true}]}}