{"id":168880,"date":"2025-09-05T03:58:00","date_gmt":"2025-09-05T03:58:00","guid":{"rendered":"https:\/\/www.otiumhome.fi\/?p=168880"},"modified":"2025-09-05T20:15:44","modified_gmt":"2025-09-05T20:15:44","slug":"tyopoyta-korkeakiilto-valkoinen-80x45x74-cm-tekninen-puu","status":"publish","type":"product","link":"https:\/\/www.otiumhome.fi\/index.php\/tuote\/tyopoyta-korkeakiilto-valkoinen-80x45x74-cm-tekninen-puu\/","title":{"rendered":"Ty\u00f6p\u00f6yt\u00e4 korkeakiilto valkoinen 80x45x74 cm tekninen puu"},"content":{"rendered":"<p>Tyylik\u00e4s ja moderni ty\u00f6p\u00f6yt\u00e4mme on k\u00e4yt\u00e4nn\u00f6llinen lis\u00e4 opiskelu- tai ty\u00f6skentelyalueellesi!<\/p>\n<\/p>\n<p>Tietokonep\u00f6yt\u00e4 on valmistettu teknisest\u00e4 puusta, joka takaa tukevuuden, kest\u00e4vyyden ja pitk\u00e4n k\u00e4ytt\u00f6i\u00e4n. P\u00f6yt\u00e4mme on t\u00e4ydellinen mihin tahansa toimistoon, asuntolaan, pieneen taloon tai muuhun pieneen huoneeseen tilan s\u00e4\u00e4st\u00e4miseksi! Oikealla puolella oleva avoin hylly tarjoaa riitt\u00e4v\u00e4sti tilaa tietokoneelle. Lis\u00e4ksi helppok\u00e4ytt\u00f6isen n\u00e4pp\u00e4imist\u00f6n pidikkeen alla on riitt\u00e4v\u00e4sti tilaa useille kansioille.<\/p>\n<\/p>\n<p>Toimiston p\u00f6yt\u00e4 on helppo puhdistaa kostealla liinalla.<\/p>\n<ul>\n<li>V\u00e4ri: valkoinen korkeakiilto<\/li>\n<li>Materiaali: tekninen puu<\/li>\n<li>Kokonaismitat: 80 x 45 x 74 cm (P x L x K)<\/li>\n<li>Helppo puhdistaa kostealla liinalla<\/li>\n<li>Asennus vaaditaan: kyll\u00e4<\/li>\n<\/ul>\n","protected":false},"excerpt":{"rendered":"<ul>\n<li>V\u00e4ri: valkoinen korkeakiilto<\/li>\n<li>Materiaali: tekninen puu<\/li>\n<li>Kokonaismitat: 80 x 45 x 74 cm (P x L x K)<\/li>\n<li>Helppo puhdistaa kostealla liinalla<\/li>\n<li>Asennus vaaditaan: kyll\u00e4<\/li>\n<\/ul>\n","protected":false},"featured_media":100000168880,"comment_status":"closed","ping_status":"closed","template":"","meta":[],"product_brand":[],"product_cat":[84,8551],"product_tag":[],"class_list":{"0":"post-168880","1":"product","2":"type-product","3":"status-publish","4":"has-post-thumbnail","6":"product_cat-huonekalut","7":"product_cat-kirjoituspoydat","9":"first","10":"instock","11":"taxable","12":"shipping-taxable","13":"purchasable","14":"product-type-simple"},"_links":{"self":[{"href":"https:\/\/www.otiumhome.fi\/index.php\/wp-json\/wp\/v2\/product\/168880","targetHints":{"allow":["GET"]}}],"collection":[{"href":"https:\/\/www.otiumhome.fi\/index.php\/wp-json\/wp\/v2\/product"}],"about":[{"href":"https:\/\/www.otiumhome.fi\/index.php\/wp-json\/wp\/v2\/types\/product"}],"replies":[{"embeddable":true,"href":"https:\/\/www.otiumhome.fi\/index.php\/wp-json\/wp\/v2\/comments?post=168880"}],"wp:featuredmedia":[{"embeddable":true,"href":"https:\/\/www.otiumhome.fi\/index.php\/wp-json\/"}],"wp:attachment":[{"href":"https:\/\/www.otiumhome.fi\/index.php\/wp-json\/wp\/v2\/media?parent=168880"}],"wp:term":[{"taxonomy":"product_brand","embeddable":true,"href":"https:\/\/www.otiumhome.fi\/index.php\/wp-json\/wp\/v2\/product_brand?post=168880"},{"taxonomy":"product_cat","embeddable":true,"href":"https:\/\/www.otiumhome.fi\/index.php\/wp-json\/wp\/v2\/product_cat?post=168880"},{"taxonomy":"product_tag","embeddable":true,"href":"https:\/\/www.otiumhome.fi\/index.php\/wp-json\/wp\/v2\/product_tag?post=168880"}],"curies":[{"name":"wp","href":"https:\/\/api.w.org\/{rel}","templated":true}]}}