{"id":168672,"date":"2025-09-05T01:41:59","date_gmt":"2025-09-05T01:41:59","guid":{"rendered":"https:\/\/www.otiumhome.fi\/?p=168672"},"modified":"2025-09-05T22:40:36","modified_gmt":"2025-09-05T22:40:36","slug":"kirjahylly-tilanjakaja-sonoma-tammi-80x24x186-cm-tekninen-puu","status":"publish","type":"product","link":"https:\/\/www.otiumhome.fi\/index.php\/tuote\/kirjahylly-tilanjakaja-sonoma-tammi-80x24x186-cm-tekninen-puu\/","title":{"rendered":"Kirjahylly\/tilanjakaja Sonoma-tammi 80x24x186 cm tekninen puu"},"content":{"rendered":"<p>Tyylik\u00e4st\u00e4 ja klassista muotoilua edustava kirjahylly\/tilanjakaja on ihanteellinen kotiisi.<\/p>\n<\/p>\n<p>Monipuolisena hyllyn\u00e4 t\u00e4m\u00e4 tilanjakaja voi toimia kirjahyllyn\u00e4, joka tekee siit\u00e4 ihanteellisen valinnan elintiloihisi. Yksityisyytt\u00e4 tarjoavan tilanjakajan rakenne takaa sen olevan tukeva, kest\u00e4v\u00e4 ja pitk\u00e4ik\u00e4inen. Kuuden tilavan lokeron kera t\u00e4m\u00e4 kirjahylly tarjoaa reilusti tilaa lehdille, kirjoille, DVD-levyille, multimedialaitteille ja koriste-esineille niiden hyv\u00e4ss\u00e4 j\u00e4rjestyksess\u00e4 ja k\u00e4den ulottuvilla pit\u00e4miseen.<\/p>\n<ul>\n<li>V\u00e4ri: Sonoma-tammi<\/li>\n<li>Materiaali: tekninen puu<\/li>\n<li>Mitat: 80 x 24 x 186 cm (L x S x K)<\/li>\n<li>Asennus vaaditaan: kyll\u00e4<\/li>\n<li><strong>VAROITUS:<\/strong> Kaatumisen est\u00e4miseksi t\u00e4t\u00e4 tuotetta on k\u00e4ytett\u00e4v\u00e4 mukana toimitetun sein\u00e4kiinnityslaitteen kanssa<\/li>\n<li>Legal Documents:\n<p><span>Lis\u00e4tietoja huonekalujesi kaatumisen est\u00e4misest\u00e4 voit l\u00f6yt\u00e4\u00e4 <span style=\"text-decoration: underline\"><strong><a title=\"https:\/\/bit.ly\/3bVwkQp\" href=\"https:\/\/bit.ly\/3bVwkQp\" target=\"_blank\">t\u00e4\u00e4lt\u00e4<\/a><\/strong><\/span><\/span><\/p>\n<\/li>\n<\/ul>\n","protected":false},"excerpt":{"rendered":"<ul>\n<li>V\u00e4ri: Sonoma-tammi<\/li>\n<li>Materiaali: tekninen puu<\/li>\n<li>Mitat: 80 x 24 x 186 cm (L x S x K)<\/li>\n<li>Asennus vaaditaan: kyll\u00e4<\/li>\n<li><strong>VAROITUS:<\/strong> Kaatumisen est\u00e4miseksi t\u00e4t\u00e4 tuotetta on k\u00e4ytett\u00e4v\u00e4 mukana toimitetun sein\u00e4kiinnityslaitteen kanssa<\/li>\n<li>Legal Documents:\n<p><span>Lis\u00e4tietoja huonekalujesi kaatumisen est\u00e4misest\u00e4 voit l\u00f6yt\u00e4\u00e4 <span style=\"text-decoration: underline\"><strong><a title=\"https:\/\/bit.ly\/3bVwkQp\" href=\"https:\/\/bit.ly\/3bVwkQp\" target=\"_blank\">t\u00e4\u00e4lt\u00e4<\/a><\/strong><\/span><\/span><\/p>\n<\/li>\n<\/ul>\n","protected":false},"featured_media":100000168672,"comment_status":"closed","ping_status":"closed","template":"","meta":[],"product_brand":[],"product_cat":[84,8547],"product_tag":[],"class_list":["post-168672","product","type-product","status-publish","has-post-thumbnail","product_cat-huonekalut","product_cat-kirjahyllyt","first","instock","taxable","shipping-taxable","purchasable","product-type-simple"],"_links":{"self":[{"href":"https:\/\/www.otiumhome.fi\/index.php\/wp-json\/wp\/v2\/product\/168672","targetHints":{"allow":["GET"]}}],"collection":[{"href":"https:\/\/www.otiumhome.fi\/index.php\/wp-json\/wp\/v2\/product"}],"about":[{"href":"https:\/\/www.otiumhome.fi\/index.php\/wp-json\/wp\/v2\/types\/product"}],"replies":[{"embeddable":true,"href":"https:\/\/www.otiumhome.fi\/index.php\/wp-json\/wp\/v2\/comments?post=168672"}],"wp:featuredmedia":[{"embeddable":true,"href":"https:\/\/www.otiumhome.fi\/index.php\/wp-json\/"}],"wp:attachment":[{"href":"https:\/\/www.otiumhome.fi\/index.php\/wp-json\/wp\/v2\/media?parent=168672"}],"wp:term":[{"taxonomy":"product_brand","embeddable":true,"href":"https:\/\/www.otiumhome.fi\/index.php\/wp-json\/wp\/v2\/product_brand?post=168672"},{"taxonomy":"product_cat","embeddable":true,"href":"https:\/\/www.otiumhome.fi\/index.php\/wp-json\/wp\/v2\/product_cat?post=168672"},{"taxonomy":"product_tag","embeddable":true,"href":"https:\/\/www.otiumhome.fi\/index.php\/wp-json\/wp\/v2\/product_tag?post=168672"}],"curies":[{"name":"wp","href":"https:\/\/api.w.org\/{rel}","templated":true}]}}

<p>Tyylikästä ja klassista muotoilua edustava kirjahylly/tilanjakaja on ihanteellinen kotiisi.</p>
</p>
<p>Monipuolisena hyllynä tämä tilanjakaja voi toimia kirjahyllynä, joka tekee siitä ihanteellisen valinnan elintiloihisi. Yksityisyyttä tarjoavan tilanjakajan rakenne takaa sen olevan tukeva, kestävä ja pitkäikäinen. Kuuden tilavan lokeron kera tämä kirjahylly tarjoaa reilusti tilaa lehdille, kirjoille, DVD-levyille, multimedialaitteille ja koriste-esineille niiden hyvässä järjestyksessä ja käden ulottuvilla pitämiseen.</p>
<ul>
<li>Väri: Sonoma-tammi</li>
<li>Materiaali: tekninen puu</li>
<li>Mitat: 80 x 24 x 186 cm (L x S x K)</li>
<li>Asennus vaaditaan: kyllä</li>
<li><strong>VAROITUS:</strong> Kaatumisen estämiseksi tätä tuotetta on käytettävä mukana toimitetun seinäkiinnityslaitteen kanssa</li>
<li>Legal Documents:
<p><span>Lisätietoja huonekalujesi kaatumisen estämisestä voit löytää <span style="text-decoration: underline"><strong><a title="https://bit.ly/3bVwkQp" href="https://bit.ly/3bVwkQp" target="_blank">täältä</a></strong></span></span></p>
</li>
</ul>

<ul>
<li>Väri: Sonoma-tammi</li>
<li>Materiaali: tekninen puu</li>
<li>Mitat: 80 x 24 x 186 cm (L x S x K)</li>
<li>Asennus vaaditaan: kyllä</li>
<li><strong>VAROITUS:</strong> Kaatumisen estämiseksi tätä tuotetta on käytettävä mukana toimitetun seinäkiinnityslaitteen kanssa</li>
<li>Legal Documents:
<p><span>Lisätietoja huonekalujesi kaatumisen estämisestä voit löytää <span style="text-decoration: underline"><strong><a title="https://bit.ly/3bVwkQp" href="https://bit.ly/3bVwkQp" target="_blank">täältä</a></strong></span></span></p>
</li>
</ul>
