{"id":167807,"date":"2025-09-04T23:12:29","date_gmt":"2025-09-04T23:12:29","guid":{"rendered":"https:\/\/www.otiumhome.fi\/?p=167807"},"modified":"2025-09-06T05:07:28","modified_gmt":"2025-09-06T05:07:28","slug":"bistropoyta-vaaleanruskea-80x80-cm-mdf","status":"publish","type":"product","link":"https:\/\/www.otiumhome.fi\/index.php\/tuote\/bistropoyta-vaaleanruskea-80x80-cm-mdf\/","title":{"rendered":"Bistrop\u00f6yt\u00e4 vaaleanruskea 80&#215;80 cm MDF"},"content":{"rendered":"<p>Luo romanttista tunnelmaa elegantilla bistrop\u00f6yd\u00e4ll\u00e4mme.<\/p>\n<\/p>\n<p>P\u00f6yt\u00e4levy on valmistettu MDF:st\u00e4 puun pintakuviolta n\u00e4ytt\u00e4v\u00e4ll\u00e4 viimeistelyll\u00e4 ja sit\u00e4 tukee ter\u00e4sjalat ja -jalusta. Se on helppo puhdistaa kostealla liinalla. K\u00e4yt\u00e4 sit\u00e4 yksitt\u00e4in kotona, ravintolassa, kahvilassa tai baarissa.<\/p>\n<\/p>\n<p>Helppo koota.<\/p>\n<ul>\n<li>V\u00e4ri: vaaleanruskea ja valkoinen<\/li>\n<li>Materiaali: MDF, ter\u00e4s<\/li>\n<li>Kokonaismitat: 80 x 80 x 75 cm (P x L x K)<\/li>\n<li>P\u00f6yt\u00e4levyn paksuus: 3,8 cm<\/li>\n<li>Henkil\u00f6iden lukum\u00e4\u00e4r\u00e4: 2<\/li>\n<li>Asennus vaaditaan: kyll\u00e4<\/li>\n<\/ul>\n","protected":false},"excerpt":{"rendered":"<ul>\n<li>V\u00e4ri: vaaleanruskea ja valkoinen<\/li>\n<li>Materiaali: MDF, ter\u00e4s<\/li>\n<li>Kokonaismitat: 80 x 80 x 75 cm (P x L x K)<\/li>\n<li>P\u00f6yt\u00e4levyn paksuus: 3,8 cm<\/li>\n<li>Henkil\u00f6iden lukum\u00e4\u00e4r\u00e4: 2<\/li>\n<li>Asennus vaaditaan: kyll\u00e4<\/li>\n<\/ul>\n","protected":false},"featured_media":100000167807,"comment_status":"closed","ping_status":"closed","template":"","meta":[],"product_brand":[],"product_cat":[84,8543],"product_tag":[],"class_list":{"0":"post-167807","1":"product","2":"type-product","3":"status-publish","4":"has-post-thumbnail","6":"product_cat-huonekalut","7":"product_cat-keittion-ruokapoydat","9":"first","10":"instock","11":"taxable","12":"shipping-taxable","13":"purchasable","14":"product-type-simple"},"_links":{"self":[{"href":"https:\/\/www.otiumhome.fi\/index.php\/wp-json\/wp\/v2\/product\/167807","targetHints":{"allow":["GET"]}}],"collection":[{"href":"https:\/\/www.otiumhome.fi\/index.php\/wp-json\/wp\/v2\/product"}],"about":[{"href":"https:\/\/www.otiumhome.fi\/index.php\/wp-json\/wp\/v2\/types\/product"}],"replies":[{"embeddable":true,"href":"https:\/\/www.otiumhome.fi\/index.php\/wp-json\/wp\/v2\/comments?post=167807"}],"wp:featuredmedia":[{"embeddable":true,"href":"https:\/\/www.otiumhome.fi\/index.php\/wp-json\/"}],"wp:attachment":[{"href":"https:\/\/www.otiumhome.fi\/index.php\/wp-json\/wp\/v2\/media?parent=167807"}],"wp:term":[{"taxonomy":"product_brand","embeddable":true,"href":"https:\/\/www.otiumhome.fi\/index.php\/wp-json\/wp\/v2\/product_brand?post=167807"},{"taxonomy":"product_cat","embeddable":true,"href":"https:\/\/www.otiumhome.fi\/index.php\/wp-json\/wp\/v2\/product_cat?post=167807"},{"taxonomy":"product_tag","embeddable":true,"href":"https:\/\/www.otiumhome.fi\/index.php\/wp-json\/wp\/v2\/product_tag?post=167807"}],"curies":[{"name":"wp","href":"https:\/\/api.w.org\/{rel}","templated":true}]}}