{"id":167783,"date":"2025-09-04T22:54:43","date_gmt":"2025-09-04T22:54:43","guid":{"rendered":"https:\/\/www.otiumhome.fi\/?p=167783"},"modified":"2025-09-06T00:08:41","modified_gmt":"2025-09-06T00:08:41","slug":"bistropoyta-sonoma-tammi-60x60x75-cm-tekninen-puu","status":"publish","type":"product","link":"https:\/\/www.otiumhome.fi\/index.php\/tuote\/bistropoyta-sonoma-tammi-60x60x75-cm-tekninen-puu\/","title":{"rendered":"Bistrop\u00f6yt\u00e4 Sonoma-tammi 60x60x75 cm tekninen puu"},"content":{"rendered":"<p>Bistrop\u00f6yd\u00e4ss\u00e4 on yksinkertainen mutta erottuva tyyli, joka tekee siit\u00e4 katseet vangitsevan lis\u00e4n sisustukseesi. Sit\u00e4 voidaan k\u00e4ytt\u00e4\u00e4 my\u00f6s ruokap\u00f6yt\u00e4n\u00e4.<\/p>\n<\/p>\n<p>T\u00e4m\u00e4n korkean p\u00f6yd\u00e4n sulavalinjainen suunnittelu tekee siit\u00e4 ajattoman lis\u00e4n elintilaasi. Teknisen puurakenteen ansiosta pubip\u00f6yt\u00e4 on todella kest\u00e4v\u00e4, vakaa ja helppo puhdistaa. Bistrop\u00f6yt\u00e4 on helppo koota.<\/p>\n<ul>\n<li>V\u00e4ri: Sonoma-tammi<\/li>\n<li>Materiaali: tekninen puu<\/li>\n<li>Mitat: 60 x 60 x 75 cm (P x L x K)<\/li>\n<li>Tukeva ja kest\u00e4v\u00e4 rakenne<\/li>\n<li>Ajaton muotoilu<\/li>\n<li>Monipuolinen k\u00e4ytt\u00f6<\/li>\n<li>Helppo puhdistaa ja koota<\/li>\n<li><strong>Huomio: <\/strong>Sein\u00e4\u00e4n kiinnitett\u00e4v\u00e4t ruuvit ja tulpat eiv\u00e4t sis\u00e4lly toimitukseen. Etsi ja k\u00e4yt\u00e4 sein\u00e4\u00e4si sopivia ruuveja ja tulppia. Jos olet ep\u00e4varma, kysy ammattilaisen neuvoa. Lue ja seuraa asennusohjeiden jokaista vaihetta huolella.<\/li>\n<\/ul>\n","protected":false},"excerpt":{"rendered":"<ul>\n<li>V\u00e4ri: Sonoma-tammi<\/li>\n<li>Materiaali: tekninen puu<\/li>\n<li>Mitat: 60 x 60 x 75 cm (P x L x K)<\/li>\n<li>Tukeva ja kest\u00e4v\u00e4 rakenne<\/li>\n<li>Ajaton muotoilu<\/li>\n<li>Monipuolinen k\u00e4ytt\u00f6<\/li>\n<li>Helppo puhdistaa ja koota<\/li>\n<li><strong>Huomio: <\/strong>Sein\u00e4\u00e4n kiinnitett\u00e4v\u00e4t ruuvit ja tulpat eiv\u00e4t sis\u00e4lly toimitukseen. Etsi ja k\u00e4yt\u00e4 sein\u00e4\u00e4si sopivia ruuveja ja tulppia. Jos olet ep\u00e4varma, kysy ammattilaisen neuvoa. Lue ja seuraa asennusohjeiden jokaista vaihetta huolella.<\/li>\n<\/ul>\n","protected":false},"featured_media":100000167783,"comment_status":"closed","ping_status":"closed","template":"","meta":[],"product_brand":[],"product_cat":[84,8543],"product_tag":[],"class_list":{"0":"post-167783","1":"product","2":"type-product","3":"status-publish","4":"has-post-thumbnail","6":"product_cat-huonekalut","7":"product_cat-keittion-ruokapoydat","9":"first","10":"instock","11":"taxable","12":"shipping-taxable","13":"purchasable","14":"product-type-simple"},"_links":{"self":[{"href":"https:\/\/www.otiumhome.fi\/index.php\/wp-json\/wp\/v2\/product\/167783","targetHints":{"allow":["GET"]}}],"collection":[{"href":"https:\/\/www.otiumhome.fi\/index.php\/wp-json\/wp\/v2\/product"}],"about":[{"href":"https:\/\/www.otiumhome.fi\/index.php\/wp-json\/wp\/v2\/types\/product"}],"replies":[{"embeddable":true,"href":"https:\/\/www.otiumhome.fi\/index.php\/wp-json\/wp\/v2\/comments?post=167783"}],"wp:featuredmedia":[{"embeddable":true,"href":"https:\/\/www.otiumhome.fi\/index.php\/wp-json\/"}],"wp:attachment":[{"href":"https:\/\/www.otiumhome.fi\/index.php\/wp-json\/wp\/v2\/media?parent=167783"}],"wp:term":[{"taxonomy":"product_brand","embeddable":true,"href":"https:\/\/www.otiumhome.fi\/index.php\/wp-json\/wp\/v2\/product_brand?post=167783"},{"taxonomy":"product_cat","embeddable":true,"href":"https:\/\/www.otiumhome.fi\/index.php\/wp-json\/wp\/v2\/product_cat?post=167783"},{"taxonomy":"product_tag","embeddable":true,"href":"https:\/\/www.otiumhome.fi\/index.php\/wp-json\/wp\/v2\/product_tag?post=167783"}],"curies":[{"name":"wp","href":"https:\/\/api.w.org\/{rel}","templated":true}]}}