{"id":167701,"date":"2025-09-04T22:47:13","date_gmt":"2025-09-04T22:47:13","guid":{"rendered":"https:\/\/www.otiumhome.fi\/?p=167701"},"modified":"2025-12-14T04:45:10","modified_gmt":"2025-12-14T04:45:10","slug":"eteisen-kalustesarja-ruskea-tammi-tekninen-puu","status":"publish","type":"product","link":"https:\/\/www.otiumhome.fi\/index.php\/tuote\/eteisen-kalustesarja-ruskea-tammi-tekninen-puu\/","title":{"rendered":"Eteisen kalustesarja ruskea tammi tekninen puu"},"content":{"rendered":"<p>Luo ovesi viereen l\u00e4mmin ja kutsuva ilmapiiri t\u00e4ll\u00e4 eteisen huonekalusarjalla!<\/p>\n<\/p>\n<ul>\n<li>Tukeva materiaali: Tekninen puu on poikkeuksellisen laadukasta ja sile\u00e4pintaista. Se on my\u00f6s luja, vakaa ja kosteudelle vastustuskykyinen.<\/li>\n<li>Runsaasti s\u00e4ilytystilaa: Laatikon avulla eteisen penkki tarjoaa runsaasti s\u00e4ilytystilaa kenkien tai muiden tavaroiden s\u00e4ilytt\u00e4miseen.<\/li>\n<li>Monitoiminen penkki: Penkki ei toimi vain s\u00e4ilytyspenkkin\u00e4 tai koristeena elintilassasi, se voi toimia my\u00f6s istuimena kenki\u00e4 jalkaan laittaessasi ja niit\u00e4 riisuessasi.<\/li>\n<li>K\u00e4tev\u00e4 suunnittelu: K\u00e4yt\u00e4nn\u00f6llinen peili ja naulakot ovat k\u00e4tevi\u00e4, jotta voit ripustaa vaatteesi ja tarkistaa p\u00e4ivitt\u00e4isen tyylisi.<\/li>\n<\/ul>\n<p>Huomioi:<\/p>\n<ul>\n<li>Jokaisen tuotteen mukana on laatikossa kokoonpano-ohje helppoa asennusta varten.<\/li>\n<li>Sein\u00e4\u00e4n kiinnitett\u00e4v\u00e4t ruuvit ja tulpat eiv\u00e4t sis\u00e4lly toimitukseen. Etsi ja k\u00e4yt\u00e4 sein\u00e4\u00e4si sopivia ruuveja ja tulppia. Jos olet ep\u00e4varma, kysy ammattilaisen neuvoa. Lue ja seuraa asennusohjeiden jokaista vaihetta huolella.<\/li>\n<\/ul>\n<ul>\n<li>V\u00e4ri: ruskea tammi<\/li>\n<li>Materiaali: Tekninen puu, akryyli<\/li>\n<li>Penkin mitat: 80 x 30,5 x 40 cm (L x S x K)<\/li>\n<li>Peilin koko: 39 x 80 cm (L x K)<\/li>\n<li>Vaatenaulakkopaneelin koko: 20 x 80 cm (L x K)<\/li>\n<li>Maksimikantavuus (per istuin): 110 kg<\/li>\n<li><strong>Toimitus sis\u00e4lt\u00e4\u00e4:<\/strong><\/li>\n<li>1 x Eteisen penkki<\/li>\n<li>1 x peili<\/li>\n<li>2 x Vaatenaulakkopaneeli<\/li>\n<\/ul>\n","protected":false},"excerpt":{"rendered":"<ul>\n<li>V\u00e4ri: ruskea tammi<\/li>\n<li>Materiaali: Tekninen puu, akryyli<\/li>\n<li>Penkin mitat: 80 x 30,5 x 40 cm (L x S x K)<\/li>\n<li>Peilin koko: 39 x 80 cm (L x K)<\/li>\n<li>Vaatenaulakkopaneelin koko: 20 x 80 cm (L x K)<\/li>\n<li>Maksimikantavuus (per istuin): 110 kg<\/li>\n<li><strong>Toimitus sis\u00e4lt\u00e4\u00e4:<\/strong><\/li>\n<li>1 x Eteisen penkki<\/li>\n<li>1 x peili<\/li>\n<li>2 x Vaatenaulakkopaneeli<\/li>\n<\/ul>\n","protected":false},"featured_media":100000167701,"comment_status":"closed","ping_status":"closed","template":"","meta":[],"product_brand":[],"product_cat":[8538,84],"product_tag":[],"class_list":{"0":"post-167701","1":"product","2":"type-product","3":"status-publish","4":"has-post-thumbnail","6":"product_cat-eteis-sailytyspenkit","7":"product_cat-huonekalut","9":"first","10":"instock","11":"taxable","12":"shipping-taxable","13":"purchasable","14":"product-type-simple"},"_links":{"self":[{"href":"https:\/\/www.otiumhome.fi\/index.php\/wp-json\/wp\/v2\/product\/167701","targetHints":{"allow":["GET"]}}],"collection":[{"href":"https:\/\/www.otiumhome.fi\/index.php\/wp-json\/wp\/v2\/product"}],"about":[{"href":"https:\/\/www.otiumhome.fi\/index.php\/wp-json\/wp\/v2\/types\/product"}],"replies":[{"embeddable":true,"href":"https:\/\/www.otiumhome.fi\/index.php\/wp-json\/wp\/v2\/comments?post=167701"}],"wp:featuredmedia":[{"embeddable":true,"href":"https:\/\/www.otiumhome.fi\/index.php\/wp-json\/"}],"wp:attachment":[{"href":"https:\/\/www.otiumhome.fi\/index.php\/wp-json\/wp\/v2\/media?parent=167701"}],"wp:term":[{"taxonomy":"product_brand","embeddable":true,"href":"https:\/\/www.otiumhome.fi\/index.php\/wp-json\/wp\/v2\/product_brand?post=167701"},{"taxonomy":"product_cat","embeddable":true,"href":"https:\/\/www.otiumhome.fi\/index.php\/wp-json\/wp\/v2\/product_cat?post=167701"},{"taxonomy":"product_tag","embeddable":true,"href":"https:\/\/www.otiumhome.fi\/index.php\/wp-json\/wp\/v2\/product_tag?post=167701"}],"curies":[{"name":"wp","href":"https:\/\/api.w.org\/{rel}","templated":true}]}}