{"id":167186,"date":"2025-08-20T21:08:34","date_gmt":"2025-08-20T21:08:34","guid":{"rendered":"https:\/\/www.otiumhome.fi\/?p=167186"},"modified":"2025-08-21T07:23:53","modified_gmt":"2025-08-21T07:23:53","slug":"4-kerroksinen-hyllykko-musta-ja-luonnollinen-80x40x130-cm","status":"publish","type":"product","link":"https:\/\/www.otiumhome.fi\/index.php\/tuote\/4-kerroksinen-hyllykko-musta-ja-luonnollinen-80x40x130-cm\/","title":{"rendered":"4-kerroksinen Hyllykk\u00f6 musta ja luonnollinen 80x40x130 cm"},"content":{"rendered":"<p>T\u00e4m\u00e4 hyllykk\u00f6 tarjoaa lis\u00e4\u00e4 s\u00e4ilytystilaa ja pit\u00e4\u00e4 tavarasi kauniissa j\u00e4rjestyksess\u00e4.<\/p>\n<\/p>\n<p>Hyllyk\u00f6ss\u00e4 on kest\u00e4v\u00e4 ter\u00e4srakenne tukevasta teknisest\u00e4 puusta valmistetulla p\u00f6yt\u00e4levyll\u00e4, se tarjoaa lis\u00e4\u00e4 hyllytilaa ja sille on helppo pinota erilaisia esineit\u00e4. Hyllykk\u00f6\u00e4 voidaan k\u00e4ytt\u00e4\u00e4 toimistossa, olohuoneessa, autotallissa ja miss\u00e4 tahansa muualla kotona. Siihen voit n\u00e4tisti j\u00e4rjest\u00e4\u00e4 kansiot, dokumentit ja kirjat.<\/p>\n<ul>\n<li>V\u00e4ri: musta ja luonnollinen<\/li>\n<li>Materiaali: tekninen puu, ter\u00e4s<\/li>\n<li>Mitat: 80 x 40 x 130 cm (P x L x K)<\/li>\n<li>Teknisen puulevyn paksuus: 15 mm<\/li>\n<li>Asennus vaaditaan: kyll\u00e4<\/li>\n<li><strong>VAROITUS:<\/strong> Kaatumisen est\u00e4miseksi on t\u00e4t\u00e4 tuotetta k\u00e4ytett\u00e4v\u00e4 mukana toimitetun sein\u00e4kiinnityslaitteen kanssa.<\/li>\n<li>Legal Documents:\n<p><span>Lis\u00e4tietoja huonekalujesi kaatumisen est\u00e4misest\u00e4 voit l\u00f6yt\u00e4\u00e4 <span style=\"text-decoration: underline\"><strong><a title=\"https:\/\/bit.ly\/3bVwkQp\" href=\"https:\/\/bit.ly\/3bVwkQp\" target=\"_blank\">t\u00e4\u00e4lt\u00e4<\/a><\/strong><\/span><\/span><\/p>\n<\/li>\n<\/ul>\n","protected":false},"excerpt":{"rendered":"<ul>\n<li>V\u00e4ri: musta ja luonnollinen<\/li>\n<li>Materiaali: tekninen puu, ter\u00e4s<\/li>\n<li>Mitat: 80 x 40 x 130 cm (P x L x K)<\/li>\n<li>Teknisen puulevyn paksuus: 15 mm<\/li>\n<li>Asennus vaaditaan: kyll\u00e4<\/li>\n<li><strong>VAROITUS:<\/strong> Kaatumisen est\u00e4miseksi on t\u00e4t\u00e4 tuotetta k\u00e4ytett\u00e4v\u00e4 mukana toimitetun sein\u00e4kiinnityslaitteen kanssa.<\/li>\n<li>Legal Documents:\n<p><span>Lis\u00e4tietoja huonekalujesi kaatumisen est\u00e4misest\u00e4 voit l\u00f6yt\u00e4\u00e4 <span style=\"text-decoration: underline\"><strong><a title=\"https:\/\/bit.ly\/3bVwkQp\" href=\"https:\/\/bit.ly\/3bVwkQp\" target=\"_blank\">t\u00e4\u00e4lt\u00e4<\/a><\/strong><\/span><\/span><\/p>\n<\/li>\n<\/ul>\n","protected":false},"featured_media":100000167186,"comment_status":"closed","ping_status":"closed","template":"","meta":[],"product_brand":[],"product_cat":[84,8547],"product_tag":[],"class_list":{"0":"post-167186","1":"product","2":"type-product","3":"status-publish","4":"has-post-thumbnail","6":"product_cat-huonekalut","7":"product_cat-kirjahyllyt","9":"first","10":"instock","11":"taxable","12":"shipping-taxable","13":"purchasable","14":"product-type-simple"},"_links":{"self":[{"href":"https:\/\/www.otiumhome.fi\/index.php\/wp-json\/wp\/v2\/product\/167186","targetHints":{"allow":["GET"]}}],"collection":[{"href":"https:\/\/www.otiumhome.fi\/index.php\/wp-json\/wp\/v2\/product"}],"about":[{"href":"https:\/\/www.otiumhome.fi\/index.php\/wp-json\/wp\/v2\/types\/product"}],"replies":[{"embeddable":true,"href":"https:\/\/www.otiumhome.fi\/index.php\/wp-json\/wp\/v2\/comments?post=167186"}],"wp:featuredmedia":[{"embeddable":true,"href":"https:\/\/www.otiumhome.fi\/index.php\/wp-json\/"}],"wp:attachment":[{"href":"https:\/\/www.otiumhome.fi\/index.php\/wp-json\/wp\/v2\/media?parent=167186"}],"wp:term":[{"taxonomy":"product_brand","embeddable":true,"href":"https:\/\/www.otiumhome.fi\/index.php\/wp-json\/wp\/v2\/product_brand?post=167186"},{"taxonomy":"product_cat","embeddable":true,"href":"https:\/\/www.otiumhome.fi\/index.php\/wp-json\/wp\/v2\/product_cat?post=167186"},{"taxonomy":"product_tag","embeddable":true,"href":"https:\/\/www.otiumhome.fi\/index.php\/wp-json\/wp\/v2\/product_tag?post=167186"}],"curies":[{"name":"wp","href":"https:\/\/api.w.org\/{rel}","templated":true}]}}