{"id":166452,"date":"2025-08-15T23:49:11","date_gmt":"2025-08-15T23:49:11","guid":{"rendered":"https:\/\/www.otiumhome.fi\/?p=166452"},"modified":"2025-08-16T06:47:16","modified_gmt":"2025-08-16T06:47:16","slug":"muovikaappi-65x45x97-cm","status":"publish","type":"product","link":"https:\/\/www.otiumhome.fi\/index.php\/tuote\/muovikaappi-65x45x97-cm\/","title":{"rendered":"Muovikaappi 65x45x97 cm"},"content":{"rendered":"<p>Pid\u00e4 kotisi puhtaana ja hyv\u00e4ss\u00e4 j\u00e4rjestyksess\u00e4 t\u00e4m\u00e4n kaapin avulla. Se on ihanteellinen kotiin, toimistoon, autotalliin tai varastotilaan.<\/p>\n<\/p>\n<p>Varastokaappi on valmistettu muovista, joten se on helppo puhdistaa. Kaapissa on reilusti s\u00e4ilytystilaa t\u00e4rkeiden tavaroidesi pit\u00e4miseksi j\u00e4rjestyksess\u00e4 ja k\u00e4ttesi ulottuvilla. Kodin j\u00e4rjestelij\u00e4ss\u00e4 on kompakti suunnittelu ja se k\u00e4ytt\u00e4\u00e4 rajatun tilan upeasti hyv\u00e4kseen.<\/p>\n<ul>\n<li>V\u00e4ri: harmaa<\/li>\n<li>Materiaali: muovi<\/li>\n<li>Mitat: 65 x 45 x 97 cm (L x S x K)<\/li>\n<li>2 ovellista kaappia ja 3 hylly\u00e4<\/li>\n<li>Kantavuus per hylly: 25 kg<\/li>\n<li>Lukittavissa riippulukolla (ei sis\u00e4lly toimitukseen)<\/li>\n<li>Helppo asennus (asennusmateriaalit mukana)<\/li>\n<li>Asennus vaaditaan: kyll\u00e4<\/li>\n<li><strong>VAROITUS: <\/strong>T\u00e4m\u00e4 tuote pit\u00e4\u00e4 asentaa sein\u00e4lle, jotta sill\u00e4 ei ole mahdollisuutta kaatua.<\/li>\n<li>Legal Documents:\n<p><span>Lis\u00e4tietoja huonekalujesi kaatumisen est\u00e4misest\u00e4 voit l\u00f6yt\u00e4\u00e4 <span style=\"text-decoration: underline\"><strong><a title=\"https:\/\/bit.ly\/3bVwkQp\" href=\"https:\/\/bit.ly\/3bVwkQp\" target=\"_blank\">t\u00e4\u00e4lt\u00e4<\/a><\/strong><\/span><\/span><\/p>\n<\/li>\n<\/ul>\n","protected":false},"excerpt":{"rendered":"<ul>\n<li>V\u00e4ri: harmaa<\/li>\n<li>Materiaali: muovi<\/li>\n<li>Mitat: 65 x 45 x 97 cm (L x S x K)<\/li>\n<li>2 ovellista kaappia ja 3 hylly\u00e4<\/li>\n<li>Kantavuus per hylly: 25 kg<\/li>\n<li>Lukittavissa riippulukolla (ei sis\u00e4lly toimitukseen)<\/li>\n<li>Helppo asennus (asennusmateriaalit mukana)<\/li>\n<li>Asennus vaaditaan: kyll\u00e4<\/li>\n<li><strong>VAROITUS: <\/strong>T\u00e4m\u00e4 tuote pit\u00e4\u00e4 asentaa sein\u00e4lle, jotta sill\u00e4 ei ole mahdollisuutta kaatua.<\/li>\n<li>Legal Documents:\n<p><span>Lis\u00e4tietoja huonekalujesi kaatumisen est\u00e4misest\u00e4 voit l\u00f6yt\u00e4\u00e4 <span style=\"text-decoration: underline\"><strong><a title=\"https:\/\/bit.ly\/3bVwkQp\" href=\"https:\/\/bit.ly\/3bVwkQp\" target=\"_blank\">t\u00e4\u00e4lt\u00e4<\/a><\/strong><\/span><\/span><\/p>\n<\/li>\n<\/ul>\n","protected":false},"featured_media":100000166452,"comment_status":"closed","ping_status":"closed","template":"","meta":[],"product_brand":[],"product_cat":[84,8635],"product_tag":[],"class_list":{"0":"post-166452","1":"product","2":"type-product","3":"status-publish","4":"has-post-thumbnail","6":"product_cat-huonekalut","7":"product_cat-sailytys-lukkokaapit","9":"first","10":"instock","11":"taxable","12":"shipping-taxable","13":"purchasable","14":"product-type-simple"},"_links":{"self":[{"href":"https:\/\/www.otiumhome.fi\/index.php\/wp-json\/wp\/v2\/product\/166452","targetHints":{"allow":["GET"]}}],"collection":[{"href":"https:\/\/www.otiumhome.fi\/index.php\/wp-json\/wp\/v2\/product"}],"about":[{"href":"https:\/\/www.otiumhome.fi\/index.php\/wp-json\/wp\/v2\/types\/product"}],"replies":[{"embeddable":true,"href":"https:\/\/www.otiumhome.fi\/index.php\/wp-json\/wp\/v2\/comments?post=166452"}],"wp:featuredmedia":[{"embeddable":true,"href":"https:\/\/www.otiumhome.fi\/index.php\/wp-json\/"}],"wp:attachment":[{"href":"https:\/\/www.otiumhome.fi\/index.php\/wp-json\/wp\/v2\/media?parent=166452"}],"wp:term":[{"taxonomy":"product_brand","embeddable":true,"href":"https:\/\/www.otiumhome.fi\/index.php\/wp-json\/wp\/v2\/product_brand?post=166452"},{"taxonomy":"product_cat","embeddable":true,"href":"https:\/\/www.otiumhome.fi\/index.php\/wp-json\/wp\/v2\/product_cat?post=166452"},{"taxonomy":"product_tag","embeddable":true,"href":"https:\/\/www.otiumhome.fi\/index.php\/wp-json\/wp\/v2\/product_tag?post=166452"}],"curies":[{"name":"wp","href":"https:\/\/api.w.org\/{rel}","templated":true}]}}