{"id":164931,"date":"2025-08-07T13:46:18","date_gmt":"2025-08-07T13:46:18","guid":{"rendered":"https:\/\/www.otiumhome.fi\/?p=164931"},"modified":"2025-08-09T00:57:48","modified_gmt":"2025-08-09T00:57:48","slug":"seinakaappi-lasiovilla-harmaa-sonoma-102x37x35-cm","status":"publish","type":"product","link":"https:\/\/www.otiumhome.fi\/index.php\/tuote\/seinakaappi-lasiovilla-harmaa-sonoma-102x37x35-cm\/","title":{"rendered":"Sein\u00e4kaappi lasiovilla harmaa Sonoma 102x37x35 cm"},"content":{"rendered":"<p>T\u00e4m\u00e4 sein\u00e4kaappi on upean elegantti. Se ei ole ainoastaan loistava ratkaisu tarvikkeillesi ja koristeillesi, se on my\u00f6s t\u00e4ydellinen koriste tyhj\u00e4lle sein\u00e4llesi muuttaen sen sisustuselementiksi.<\/p>\n<\/p>\n<ul>\n<li>Kest\u00e4v\u00e4 materiaali: Tekninen puu on poikkeuksellisen laadukasta ja sile\u00e4pintaista. Se on luja, vakaa ja kosteudelle vastustuskykyinen.<\/li>\n<li>Runsaasti s\u00e4ilytystilaa: Kelluvassa kaapissa on lokeroita, joihin voit sijoittaa esimerkiksi kirjoja tai muita tavaroita ja pit\u00e4\u00e4 ne siistiss\u00e4 j\u00e4rjestyksess\u00e4 ja k\u00e4tten ulottuvilla.<\/li>\n<li>Monipuolinen muotoilu: Voit asentaa s\u00e4ilytyskaapin ty\u00f6paikan sein\u00e4lle ty\u00f6kalujen ja muiden sekalaisten tarvikkeiden k\u00e4tev\u00e4\u00e4 s\u00e4ilytyst\u00e4 varten. Se my\u00f6s muuntaa tyhj\u00e4n sein\u00e4n sisustuselementiksi.<\/li>\n<li>Sein\u00e4kiinnitett\u00e4v\u00e4 toiminto: S\u00e4ilytyskaappi voidaan kiinnitt\u00e4\u00e4 sein\u00e4lle s\u00e4ilytystilan lis\u00e4\u00e4miseksi. T\u00e4ll\u00e4 tavoin voit maksimoida k\u00e4ytett\u00e4viss\u00e4 olevan lattiatilan ja pit\u00e4\u00e4 tilat puhtaana.<\/li>\n<li>K\u00e4yt\u00e4nn\u00f6lliset lasiovet: Pid\u00e4 tilasi sotkuttomina piilottamalla pikkutavarasi t\u00e4m\u00e4n sein\u00e4kaapin ovien taakse. Lis\u00e4ksi lasiovet mahdollistavat kauniisti esille asetettujen esineiden n\u00e4kyv\u00e4n s\u00e4ilytyskaapin sis\u00e4lt\u00e4.<\/li>\n<\/ul>\n<p>Hyv\u00e4 tiet\u00e4\u00e4:<\/p>\n<ul>\n<li>Sein\u00e4\u00e4n kiinnitett\u00e4v\u00e4t ruuvit ja tulpat eiv\u00e4t sis\u00e4lly toimitukseen. Suosittelemme etsim\u00e4\u00e4n ja k\u00e4ytt\u00e4m\u00e4\u00e4n sein\u00e4\u00e4si sopivia ruuveja ja tulppia. Jos olet ep\u00e4varma, kysy ammattilaisen neuvoa. Lue ja noudata ohjeiden jokaista vaihetta.<\/li>\n<\/ul>\n<ul>\n<li>V\u00e4ri: Harmaa Sonoma<\/li>\n<li>Materiaali: tekninen puu, lasi<\/li>\n<li>Mitat: 102 x 37 x 35 cm (L x S x K)<\/li>\n<li>Maksimikantavuus: 80 kg<\/li>\n<li> Kantavuus lokeroa kohti: 40 kg<\/li>\n<li>Asennus vaaditaan: Kyll\u00e4<\/li>\n<\/ul>\n","protected":false},"excerpt":{"rendered":"<ul>\n<li>V\u00e4ri: Harmaa Sonoma<\/li>\n<li>Materiaali: tekninen puu, lasi<\/li>\n<li>Mitat: 102 x 37 x 35 cm (L x S x K)<\/li>\n<li>Maksimikantavuus: 80 kg<\/li>\n<li> Kantavuus lokeroa kohti: 40 kg<\/li>\n<li>Asennus vaaditaan: Kyll\u00e4<\/li>\n<\/ul>\n","protected":false},"featured_media":100000164931,"comment_status":"closed","ping_status":"closed","template":"","meta":[],"product_brand":[],"product_cat":[84,8635],"product_tag":[],"class_list":{"0":"post-164931","1":"product","2":"type-product","3":"status-publish","4":"has-post-thumbnail","6":"product_cat-huonekalut","7":"product_cat-sailytys-lukkokaapit","9":"first","10":"instock","11":"taxable","12":"shipping-taxable","13":"purchasable","14":"product-type-simple"},"_links":{"self":[{"href":"https:\/\/www.otiumhome.fi\/index.php\/wp-json\/wp\/v2\/product\/164931","targetHints":{"allow":["GET"]}}],"collection":[{"href":"https:\/\/www.otiumhome.fi\/index.php\/wp-json\/wp\/v2\/product"}],"about":[{"href":"https:\/\/www.otiumhome.fi\/index.php\/wp-json\/wp\/v2\/types\/product"}],"replies":[{"embeddable":true,"href":"https:\/\/www.otiumhome.fi\/index.php\/wp-json\/wp\/v2\/comments?post=164931"}],"wp:featuredmedia":[{"embeddable":true,"href":"https:\/\/www.otiumhome.fi\/index.php\/wp-json\/"}],"wp:attachment":[{"href":"https:\/\/www.otiumhome.fi\/index.php\/wp-json\/wp\/v2\/media?parent=164931"}],"wp:term":[{"taxonomy":"product_brand","embeddable":true,"href":"https:\/\/www.otiumhome.fi\/index.php\/wp-json\/wp\/v2\/product_brand?post=164931"},{"taxonomy":"product_cat","embeddable":true,"href":"https:\/\/www.otiumhome.fi\/index.php\/wp-json\/wp\/v2\/product_cat?post=164931"},{"taxonomy":"product_tag","embeddable":true,"href":"https:\/\/www.otiumhome.fi\/index.php\/wp-json\/wp\/v2\/product_tag?post=164931"}],"curies":[{"name":"wp","href":"https:\/\/api.w.org\/{rel}","templated":true}]}}