{"id":164805,"date":"2025-08-07T00:07:05","date_gmt":"2025-08-07T00:07:05","guid":{"rendered":"https:\/\/www.otiumhome.fi\/?p=164805"},"modified":"2025-08-09T21:07:27","modified_gmt":"2025-08-09T21:07:27","slug":"poytalevy-120x70x2-cm-oljytty-taysi-akasiapuu","status":"publish","type":"product","link":"https:\/\/www.otiumhome.fi\/index.php\/tuote\/poytalevy-120x70x2-cm-oljytty-taysi-akasiapuu\/","title":{"rendered":"P\u00f6yt\u00e4levy 120x70x2 cm \u00f6ljytty t\u00e4ysi akasiapuu"},"content":{"rendered":"<p>T\u00e4m\u00e4 puinen p\u00f6yt\u00e4levy on ihanteellinen p\u00f6yd\u00e4n p\u00e4ivitykseen. Samalla se luo luonnollisen ilmapiirin.<\/p>\n<\/p>\n<ul>\n<li>Tukeva ja vakaa materiaali: T\u00e4ysi akasiapuu tunnetaan lujuudestaan ja kest\u00e4vyydest\u00e4\u00e4n. Sen monipuoliset v\u00e4rit ja ainutlaatuiset puunsyyn kuviot antavat sille vieh\u00e4tt\u00e4v\u00e4n ulkon\u00e4\u00f6n. Loistavan vakauden ja s\u00e4\u00e4nkest\u00e4vyyden ansiosta se on ihanteellinen materiaali sis\u00e4- ja ulkokalusteiden valmistamiseen.<\/li>\n<li>\u00d6ljyk\u00e4sitelty pinta: T\u00e4m\u00e4 p\u00f6yt\u00e4levy on valmistettu \u00f6ljytyst\u00e4 akasiapuusta, joka saa sen kest\u00e4m\u00e4\u00e4n paremmin kosteutta ja vesivaurioita, samalla se s\u00e4ilytt\u00e4\u00e4 ainutlaatuisen luonteensa.<\/li>\n<li>Monipuolinen k\u00e4ytt\u00f6: T\u00e4m\u00e4 monik\u00e4ytt\u00f6inen ty\u00f6taso voidaan yhdist\u00e4\u00e4 erilaisiin jalustoihin erilaisiin k\u00e4ytt\u00f6tarkoituksiin, kuten keitti\u00f6n ty\u00f6pisteeseen, autotallin ty\u00f6p\u00f6yt\u00e4\u00e4n tai kylpyhuoneen p\u00f6yt\u00e4levyyn.<\/li>\n<li>Helppo hoitaa: Sile\u00e4n pinnan ansiosta p\u00f6yt\u00e4levy on helppo puhdistaa kostealla liinalla.<\/li>\n<\/ul>\n<p>Hyv\u00e4 tiet\u00e4\u00e4:<\/p>\n<ul>\n<li>Jokainen kappale on ainutlaatuisen eroavilla v\u00e4reill\u00e4 ja puunsyill\u00e4. Toimitus on sattumanvarainen, t\u00e4m\u00e4 takaa tuotteesi erityisyyden ja ainutlaatuisuuden.<\/li>\n<li>\u00d6ljyviimeistely on suositeltavaa uusia kerran vuodessa, laadun ja ulkon\u00e4\u00f6n s\u00e4ilytt\u00e4miseksi.<\/li>\n<\/ul>\n<ul>\n<li>Materiaali: \u00d6ljytty t\u00e4ysi akasiapuu<\/li>\n<li>Mitat: 120 x 70 x 2 cm (P x L x Paks.)<\/li>\n<li>Muoto: Suorakulmainen<\/li>\n<\/ul>\n","protected":false},"excerpt":{"rendered":"<ul>\n<li>Materiaali: \u00d6ljytty t\u00e4ysi akasiapuu<\/li>\n<li>Mitat: 120 x 70 x 2 cm (P x L x Paks.)<\/li>\n<li>Muoto: Suorakulmainen<\/li>\n<\/ul>\n","protected":false},"featured_media":100000164805,"comment_status":"closed","ping_status":"closed","template":"","meta":[],"product_brand":[],"product_cat":[84,8576],"product_tag":[],"class_list":{"0":"post-164805","1":"product","2":"type-product","3":"status-publish","4":"has-post-thumbnail","6":"product_cat-huonekalut","7":"product_cat-poydan-osat-tarvikkeet","9":"first","10":"instock","11":"taxable","12":"shipping-taxable","13":"purchasable","14":"product-type-simple"},"_links":{"self":[{"href":"https:\/\/www.otiumhome.fi\/index.php\/wp-json\/wp\/v2\/product\/164805","targetHints":{"allow":["GET"]}}],"collection":[{"href":"https:\/\/www.otiumhome.fi\/index.php\/wp-json\/wp\/v2\/product"}],"about":[{"href":"https:\/\/www.otiumhome.fi\/index.php\/wp-json\/wp\/v2\/types\/product"}],"replies":[{"embeddable":true,"href":"https:\/\/www.otiumhome.fi\/index.php\/wp-json\/wp\/v2\/comments?post=164805"}],"wp:featuredmedia":[{"embeddable":true,"href":"https:\/\/www.otiumhome.fi\/index.php\/wp-json\/"}],"wp:attachment":[{"href":"https:\/\/www.otiumhome.fi\/index.php\/wp-json\/wp\/v2\/media?parent=164805"}],"wp:term":[{"taxonomy":"product_brand","embeddable":true,"href":"https:\/\/www.otiumhome.fi\/index.php\/wp-json\/wp\/v2\/product_brand?post=164805"},{"taxonomy":"product_cat","embeddable":true,"href":"https:\/\/www.otiumhome.fi\/index.php\/wp-json\/wp\/v2\/product_cat?post=164805"},{"taxonomy":"product_tag","embeddable":true,"href":"https:\/\/www.otiumhome.fi\/index.php\/wp-json\/wp\/v2\/product_tag?post=164805"}],"curies":[{"name":"wp","href":"https:\/\/api.w.org\/{rel}","templated":true}]}}