{"id":161508,"date":"2025-07-27T02:56:44","date_gmt":"2025-07-27T02:56:44","guid":{"rendered":"https:\/\/www.otiumhome.fi\/?p=161508"},"modified":"2025-12-22T00:46:49","modified_gmt":"2025-12-22T00:46:49","slug":"sailytystilallinen-sangynrunko-artisan-tammi-4ft-small-double","status":"publish","type":"product","link":"https:\/\/www.otiumhome.fi\/index.php\/tuote\/sailytystilallinen-sangynrunko-artisan-tammi-4ft-small-double\/","title":{"rendered":"S\u00e4ilytystilallinen s\u00e4ngynrunko Artisan tammi 4FT Small Double"},"content":{"rendered":"<p>T\u00e4m\u00e4 tyylik\u00e4s s\u00e4ilytystason runko yhdist\u00e4\u00e4 yksinkertaisuuden ja k\u00e4yt\u00e4nn\u00f6llisyyden. Se on suunniteltu t\u00e4ydent\u00e4m\u00e4\u00e4n makuuhuonetta puhtailla linjoilla ja minimalistisella tyylill\u00e4. Rungossa on tukeva alusta patjalle ja runsaasti s\u00e4ilytysmahdollisuuksia, jotka tulevat teknisest\u00e4 puusta ja m\u00e4ntypuusta. T\u00e4m\u00e4 vaihtoehto sopii moderneihin koteihin tuoden mukavuutta ja k\u00e4yt\u00e4nn\u00f6llisyytt\u00e4.<\/p>\n<ul>\n<li><b>Vankka m\u00e4nty:<\/b> Vankasta m\u00e4ntypuusta tehty runko takaa luotettavan tukevuuden ja kest\u00e4vyyden. M\u00e4ntypuu on vahva, ja teknisen puun kanssa se luo tukevan rakenteen, joka kest\u00e4\u00e4 p\u00e4ivitt\u00e4ist\u00e4 k\u00e4ytt\u00f6\u00e4 makuuhuoneessa.<\/li>\n<li><b>Laajat s\u00e4ilytysratkaisut:<\/b> Useat integroidut laatikot maksimoivat s\u00e4ilytystilan. Teknisen puun laatikot tarjoavat mukavan paikan kaikille liinavaatteille ja vaatteille, pit\u00e4en ymp\u00e4rist\u00f6n siistin\u00e4.<\/li>\n<li><b>Sleek moderni tyyli:<\/b> S\u00e4ngyn yksinkertainen muotoilu ja virtaviivainen siluetti tekev\u00e4t siit\u00e4 erinomaisen osan modernia makuuhuonetta. Sen hillitty mutta tyylik\u00e4s ilme toimii hienona keskipisteen\u00e4.<\/li>\n<li><b>Toiminnalliset p\u00e4\u00e4ty- ja jalkap\u00e4\u00e4ty:<\/b> Teknisen puun p\u00e4\u00e4ty- ja jalkap\u00e4\u00e4ty tuovat eleganssia ja k\u00e4yt\u00e4nn\u00f6llisyytt\u00e4, mik\u00e4 parantaa s\u00e4ngyn toimivuutta ja visuaalista vetovoimaa. Ne sopivat t\u00e4ydellisesti rentoutumiseen lukemisen tai lempiharrastusten aikana.<\/li>\n<li><b>Helppo puhdistaa ja yll\u00e4pit\u00e4\u00e4:<\/b> Pid\u00e4 runko puhtaana pyyhkim\u00e4ll\u00e4 se kostella liinalla. Helppo huolto pit\u00e4\u00e4 s\u00e4ngyn n\u00e4ytt\u00e4m\u00e4\u00e4n uutta pitk\u00e4\u00e4n, ilman suurta vaivann\u00e4k\u00f6\u00e4.<\/li>\n<\/ul>\n<ul>\n<li>V\u00e4ri: Artisan tammi<\/li>\n<li>Materiaali: Tekninen puu<\/li>\n<li>Yleiset mitat: 193 x 120 x 28 cm (P x L x K)<\/li>\n<li>Patjan koko: Lyhyt pieni kahden hengen s\u00e4nky (120 cm x 190 cm \/ 47&#8243; x 75&#8243;)<\/li>\n<li>Enimm\u00e4ispaino: 200 kg<\/li>\n<li>Enimm\u00e4ism\u00e4\u00e4r\u00e4 ihmisi\u00e4: 2<\/li>\n<li>Kest\u00e4v\u00e4<\/li>\n<li>Yhteensopiva patjakoko: 120 x 190 cm (L x P)<\/li>\n<li>S\u00e4ngyn korkeus: 28 cm<\/li>\n<li>4 laatikoilla<\/li>\n<li>Kokoonpano vaaditaan: Kyll\u00e4<\/li>\n<li>Toimitus-:<\/li>\n<li>1 x S\u00e4ngyn runko<\/li>\n<li>jossa on s\u00e4ilytystila<\/li>\n<\/ul>\n","protected":false},"excerpt":{"rendered":"<ul>\n<li>V\u00e4ri: Artisan tammi<\/li>\n<li>Materiaali: Tekninen puu<\/li>\n<li>Yleiset mitat: 193 x 120 x 28 cm (P x L x K)<\/li>\n<li>Patjan koko: Lyhyt pieni kahden hengen s\u00e4nky (120 cm x 190 cm \/ 47&#8243; x 75&#8243;)<\/li>\n<li>Enimm\u00e4ispaino: 200 kg<\/li>\n<li>Enimm\u00e4ism\u00e4\u00e4r\u00e4 ihmisi\u00e4: 2<\/li>\n<li>Kest\u00e4v\u00e4<\/li>\n<li>Yhteensopiva patjakoko: 120 x 190 cm (L x P)<\/li>\n<li>S\u00e4ngyn korkeus: 28 cm<\/li>\n<li>4 laatikoilla<\/li>\n<li>Kokoonpano vaaditaan: Kyll\u00e4<\/li>\n<li>Toimitus-:<\/li>\n<li>1 x S\u00e4ngyn runko<\/li>\n<li>jossa on s\u00e4ilytystila<\/li>\n<\/ul>\n","protected":false},"featured_media":100000161508,"comment_status":"closed","ping_status":"closed","template":"","meta":[],"product_brand":[],"product_cat":[84,8638],"product_tag":[],"class_list":{"0":"post-161508","1":"product","2":"type-product","3":"status-publish","4":"has-post-thumbnail","6":"product_cat-huonekalut","7":"product_cat-sangyt-sangynrungot","9":"first","10":"instock","11":"taxable","12":"shipping-taxable","13":"purchasable","14":"product-type-simple"},"_links":{"self":[{"href":"https:\/\/www.otiumhome.fi\/index.php\/wp-json\/wp\/v2\/product\/161508","targetHints":{"allow":["GET"]}}],"collection":[{"href":"https:\/\/www.otiumhome.fi\/index.php\/wp-json\/wp\/v2\/product"}],"about":[{"href":"https:\/\/www.otiumhome.fi\/index.php\/wp-json\/wp\/v2\/types\/product"}],"replies":[{"embeddable":true,"href":"https:\/\/www.otiumhome.fi\/index.php\/wp-json\/wp\/v2\/comments?post=161508"}],"wp:featuredmedia":[{"embeddable":true,"href":"https:\/\/www.otiumhome.fi\/index.php\/wp-json\/"}],"wp:attachment":[{"href":"https:\/\/www.otiumhome.fi\/index.php\/wp-json\/wp\/v2\/media?parent=161508"}],"wp:term":[{"taxonomy":"product_brand","embeddable":true,"href":"https:\/\/www.otiumhome.fi\/index.php\/wp-json\/wp\/v2\/product_brand?post=161508"},{"taxonomy":"product_cat","embeddable":true,"href":"https:\/\/www.otiumhome.fi\/index.php\/wp-json\/wp\/v2\/product_cat?post=161508"},{"taxonomy":"product_tag","embeddable":true,"href":"https:\/\/www.otiumhome.fi\/index.php\/wp-json\/wp\/v2\/product_tag?post=161508"}],"curies":[{"name":"wp","href":"https:\/\/api.w.org\/{rel}","templated":true}]}}