{"id":160698,"date":"2025-07-26T21:20:45","date_gmt":"2025-07-26T21:20:45","guid":{"rendered":"https:\/\/www.otiumhome.fi\/?p=160698"},"modified":"2025-07-27T20:35:56","modified_gmt":"2025-07-27T20:35:56","slug":"kirjoituslipasto-ruskea-78x42x103-cm-mahonki","status":"publish","type":"product","link":"https:\/\/www.otiumhome.fi\/index.php\/tuote\/kirjoituslipasto-ruskea-78x42x103-cm-mahonki\/","title":{"rendered":"Kirjoituslipasto ruskea 78x42x103 cm mahonki"},"content":{"rendered":"<p>Luo erityinen paikka kotiisi, jossa hoitaa kirjoitusprojektit, laskut ja kirjeiden kirjoittaminen vintagetyylisell\u00e4, puisella kirjoituslipastollamme!<\/p>\n<\/p>\n<p>Kirjoituslipastossa on avattava kirjoitusp\u00f6yt\u00e4 laajan ty\u00f6tason luomiseksi sek\u00e4 pieni\u00e4 lokeroita ja laatikoita, jotka tarjoavat runsaasti tilaa pienille esineille niiden j\u00e4rjestyksess\u00e4 ja k\u00e4den ulottuvilla pit\u00e4miseen. Kirjoituslipasto on valmistettu t\u00e4ydest\u00e4 mahongista, joka on kauneudestaan, kest\u00e4vyydest\u00e4\u00e4n ja v\u00e4rist\u00e4\u00e4n tunnettu trooppinen kovapuu. Upea k\u00e4sity\u00f6n j\u00e4lki tuo oman lis\u00e4ns\u00e4 lipaston kauniiseen retrotyyliin. Jokainen ty\u00f6vaihe on suoritettu erityisen huolellisesti, olipa kyseess\u00e4 hionta, maalaus tai lakkaus.<\/p>\n<\/p>\n<p>T\u00e4rke\u00e4 huomio: kauniit v\u00e4rit ja pintakuviot saattavat vaihdella kappaleesta toiseen, mik\u00e4 tekee jokaisesta kappaleesta ainutlaatuisen ja hieman erilaisen kuin muut. Toimitus on satunnainen, joten tuotteesi on t\u00e4ysin ainutlaatuinen.<\/p>\n<ul>\n<li>V\u00e4ri: ruskea<\/li>\n<li>Materiaali: t\u00e4ysi mahonki ruskealla viimeistelyll\u00e4<\/li>\n<li>Mitat: 78 x 42 x 103 cm (L x S x K)<\/li>\n<li>9 laatikkoa, 2 avointa lokeroa ja avautuva kirjoitusp\u00f6yt\u00e4<\/li>\n<li>Messinkinupit<\/li>\n<li>Hiottu, maalattu ja lakattu<\/li>\n<\/ul>\n","protected":false},"excerpt":{"rendered":"<ul>\n<li>V\u00e4ri: ruskea<\/li>\n<li>Materiaali: t\u00e4ysi mahonki ruskealla viimeistelyll\u00e4<\/li>\n<li>Mitat: 78 x 42 x 103 cm (L x S x K)<\/li>\n<li>9 laatikkoa, 2 avointa lokeroa ja avautuva kirjoitusp\u00f6yt\u00e4<\/li>\n<li>Messinkinupit<\/li>\n<li>Hiottu, maalattu ja lakattu<\/li>\n<\/ul>\n","protected":false},"featured_media":100000160698,"comment_status":"closed","ping_status":"closed","template":"","meta":[],"product_brand":[],"product_cat":[84,8551],"product_tag":[],"class_list":{"0":"post-160698","1":"product","2":"type-product","3":"status-publish","4":"has-post-thumbnail","6":"product_cat-huonekalut","7":"product_cat-kirjoituspoydat","9":"first","10":"instock","11":"taxable","12":"shipping-taxable","13":"purchasable","14":"product-type-simple"},"_links":{"self":[{"href":"https:\/\/www.otiumhome.fi\/index.php\/wp-json\/wp\/v2\/product\/160698","targetHints":{"allow":["GET"]}}],"collection":[{"href":"https:\/\/www.otiumhome.fi\/index.php\/wp-json\/wp\/v2\/product"}],"about":[{"href":"https:\/\/www.otiumhome.fi\/index.php\/wp-json\/wp\/v2\/types\/product"}],"replies":[{"embeddable":true,"href":"https:\/\/www.otiumhome.fi\/index.php\/wp-json\/wp\/v2\/comments?post=160698"}],"wp:featuredmedia":[{"embeddable":true,"href":"https:\/\/www.otiumhome.fi\/index.php\/wp-json\/"}],"wp:attachment":[{"href":"https:\/\/www.otiumhome.fi\/index.php\/wp-json\/wp\/v2\/media?parent=160698"}],"wp:term":[{"taxonomy":"product_brand","embeddable":true,"href":"https:\/\/www.otiumhome.fi\/index.php\/wp-json\/wp\/v2\/product_brand?post=160698"},{"taxonomy":"product_cat","embeddable":true,"href":"https:\/\/www.otiumhome.fi\/index.php\/wp-json\/wp\/v2\/product_cat?post=160698"},{"taxonomy":"product_tag","embeddable":true,"href":"https:\/\/www.otiumhome.fi\/index.php\/wp-json\/wp\/v2\/product_tag?post=160698"}],"curies":[{"name":"wp","href":"https:\/\/api.w.org\/{rel}","templated":true}]}}