{"id":160532,"date":"2025-07-26T20:17:30","date_gmt":"2025-07-26T20:17:30","guid":{"rendered":"https:\/\/www.otiumhome.fi\/?p=160532"},"modified":"2025-12-14T05:55:06","modified_gmt":"2025-12-14T05:55:06","slug":"kirjahylly-musta-tammi-825-x-305-x-185-cm-tekninen-puu","status":"publish","type":"product","link":"https:\/\/www.otiumhome.fi\/index.php\/tuote\/kirjahylly-musta-tammi-825-x-305-x-185-cm-tekninen-puu\/","title":{"rendered":"Kirjahylly Musta tammi. 82,5 x 30,5 x 185 cm Tekninen puu"},"content":{"rendered":"<p>T\u00e4m\u00e4 moderni kirjahyllykaappi tuo t\u00e4ydellisen yhdistelm\u00e4n kauneutta ja k\u00e4yt\u00e4nn\u00f6llisyytt\u00e4, joten se on mainio lis\u00e4 mihin tahansa olohuoneeseen. Sen suorakaiteen muotoinen rakenne ja tekninen puu t\u00e4ydent\u00e4v\u00e4t modernia sisustusta, joka on yksinkertainen ja tyylik\u00e4s, luoden kauniin tilan kirjojen ja sisustuselementtien esittelyyn vaivattomasti.<\/p>\n<ul>\n<li><b>Teknisen puun rakenne<\/b> Vankka ja kest\u00e4v\u00e4 rakenne, joka takaa, ett\u00e4 t\u00e4m\u00e4 kirjahyllykaappi kest\u00e4\u00e4 k\u00e4yt\u00f6ss\u00e4 ja s\u00e4ilytt\u00e4\u00e4 upean ulkon\u00e4k\u00f6ns\u00e4, joten saat todella kest\u00e4v\u00e4n tuotteen.<\/li>\n<li><b>Levyhyllyjen suunnittelu<\/b> Levyhyllyt tarjoavat helpon ratkaisun erilaisten kirjojen ja koriste-esineiden esittelyyn. Tilaa riitt\u00e4\u00e4, ja hyllyt voidaan j\u00e4rjest\u00e4\u00e4 monella eri tavalla pit\u00e4en kuitenkin kauniin ilmeen.<\/li>\n<li><b>Saranatila<\/b> Saranat mahdollistavat helpon p\u00e4\u00e4syn, joten voit piilottaa tai esitell\u00e4 tavaroita vaivattomasti. Mustana ne tuovat upeaa tyyli\u00e4, joka t\u00e4ydent\u00e4\u00e4 hopeisten vetimien kauneutta.<\/li>\n<li><b>Moderni tyyli<\/b> Modernin tyylin minimalismi yhdist\u00e4\u00e4 toiminnallisuuden ja estetiikan. Kaapin ilme sopii monenlaisiin sisustuksiin ja parantaa huoneen tunnelmaa nykyaikaisella, hillityll\u00e4 l\u00e4sn\u00e4olollaan.<\/li>\n<li><b>Asennus ja huolto<\/b> Kokoamiseen tarvitaan vain kaksi henkil\u00f6\u00e4 ja ruuvimeisseli. Puhdistukseen riitt\u00e4\u00e4 kuiva liina ja voimakkaiden kemikaalien v\u00e4ltt\u00e4minen pit\u00e4\u00e4 sen upean n\u00e4k\u00f6isen\u00e4. Helppo huolto takaa, ett\u00e4 t\u00e4m\u00e4 kaappi s\u00e4ilytt\u00e4\u00e4 kauneutensa v\u00e4h\u00e4ll\u00e4 vaivalla.<\/li>\n<\/ul>\n<ul>\n<li>V\u00e4ri: Musta tammi.<\/li>\n<li>Materiaali: Tekninen puu<\/li>\n<li>Yleiset mitat: 82,5 x 30,5 x 185 cm (P x L x K)<\/li>\n<li>Mukana 3 levyhyllyt<\/li>\n<li>Mukana 2 saranoidut ovet<\/li>\n<li>S\u00e4ilytysm\u00e4\u00e4r\u00e4: 5<\/li>\n<li>Kest\u00e4v\u00e4<\/li>\n<li>Enimm\u00e4ispaino: 60 kg<\/li>\n<li>Kokoonpano vaaditaan: Kyll\u00e4<\/li>\n<\/ul>\n","protected":false},"excerpt":{"rendered":"<ul>\n<li>V\u00e4ri: Musta tammi.<\/li>\n<li>Materiaali: Tekninen puu<\/li>\n<li>Yleiset mitat: 82,5 x 30,5 x 185 cm (P x L x K)<\/li>\n<li>Mukana 3 levyhyllyt<\/li>\n<li>Mukana 2 saranoidut ovet<\/li>\n<li>S\u00e4ilytysm\u00e4\u00e4r\u00e4: 5<\/li>\n<li>Kest\u00e4v\u00e4<\/li>\n<li>Enimm\u00e4ispaino: 60 kg<\/li>\n<li>Kokoonpano vaaditaan: Kyll\u00e4<\/li>\n<\/ul>\n","protected":false},"featured_media":100000160532,"comment_status":"closed","ping_status":"closed","template":"","meta":[],"product_brand":[],"product_cat":[84,8547],"product_tag":[],"class_list":{"0":"post-160532","1":"product","2":"type-product","3":"status-publish","4":"has-post-thumbnail","6":"product_cat-huonekalut","7":"product_cat-kirjahyllyt","9":"first","10":"instock","11":"taxable","12":"shipping-taxable","13":"purchasable","14":"product-type-simple"},"_links":{"self":[{"href":"https:\/\/www.otiumhome.fi\/index.php\/wp-json\/wp\/v2\/product\/160532","targetHints":{"allow":["GET"]}}],"collection":[{"href":"https:\/\/www.otiumhome.fi\/index.php\/wp-json\/wp\/v2\/product"}],"about":[{"href":"https:\/\/www.otiumhome.fi\/index.php\/wp-json\/wp\/v2\/types\/product"}],"replies":[{"embeddable":true,"href":"https:\/\/www.otiumhome.fi\/index.php\/wp-json\/wp\/v2\/comments?post=160532"}],"wp:featuredmedia":[{"embeddable":true,"href":"https:\/\/www.otiumhome.fi\/index.php\/wp-json\/"}],"wp:attachment":[{"href":"https:\/\/www.otiumhome.fi\/index.php\/wp-json\/wp\/v2\/media?parent=160532"}],"wp:term":[{"taxonomy":"product_brand","embeddable":true,"href":"https:\/\/www.otiumhome.fi\/index.php\/wp-json\/wp\/v2\/product_brand?post=160532"},{"taxonomy":"product_cat","embeddable":true,"href":"https:\/\/www.otiumhome.fi\/index.php\/wp-json\/wp\/v2\/product_cat?post=160532"},{"taxonomy":"product_tag","embeddable":true,"href":"https:\/\/www.otiumhome.fi\/index.php\/wp-json\/wp\/v2\/product_tag?post=160532"}],"curies":[{"name":"wp","href":"https:\/\/api.w.org\/{rel}","templated":true}]}}