{"id":160259,"date":"2025-07-21T19:19:26","date_gmt":"2025-07-21T19:19:26","guid":{"rendered":"https:\/\/www.otiumhome.fi\/?p=160259"},"modified":"2025-07-22T03:26:08","modified_gmt":"2025-07-22T03:26:08","slug":"seinahylly-120x20x38-cm-suorakaide-taysi-akasiapuu-elava-reuna","status":"publish","type":"product","link":"https:\/\/www.otiumhome.fi\/index.php\/tuote\/seinahylly-120x20x38-cm-suorakaide-taysi-akasiapuu-elava-reuna\/","title":{"rendered":"Sein\u00e4hylly 120x20x3,8 cm suorakaide t\u00e4ysi akasiapuu el\u00e4v\u00e4 reuna"},"content":{"rendered":"<p>Tarvitsetko lis\u00e4\u00e4 s\u00e4ilytysvaihtoehtoja, mutta sinulla ei ole ylim\u00e4\u00e4r\u00e4ist\u00e4 tilaa? T\u00e4m\u00e4 puinen sein\u00e4hylly on siihen t\u00e4ydellinen ratkaisu.<\/p>\n<\/p>\n<ul>\n<li>T\u00e4ysi akaasiapuu: T\u00e4ysi akasiapuu on kaunis luonnonmateriaali. Akasiapuu on tihe\u00e4syinen, tukeva ja kest\u00e4v\u00e4 trooppinen lehtipuu.<\/li>\n<li>Monik\u00e4ytt\u00f6inen sein\u00e4hylly: Puinen hylly on tarkoitettu sek\u00e4 kodin sisustamiseen ett\u00e4 s\u00e4ilytykseen. Sen avulla voit asettaa esille kokoelmat, kirjat, kehystetyt valokuvat, kasvit tai CD-levyt eri huoneisiin, kuten olohuoneeseen, toimistoon tai ty\u00f6huoneeseen.<\/li>\n<li>El\u00e4v\u00e4 reuna: Kelluvassa hyllyss\u00e4 on rustiikkinen el\u00e4v\u00e4 reuna. T\u00e4st\u00e4 syyst\u00e4 oksanpaikat, halkeamat, hieman kaareva muoto ja v\u00e4ris\u00e4vyt ovat osa sit\u00e4, joten jokainen kappale on luonteeltaan ja ulkon\u00e4\u00f6lt\u00e4\u00e4n ainutlaatuinen.<\/li>\n<li>Helposti puhdistettava pinta: Sile\u00e4 sein\u00e4teline on helppo puhdistaa kostealla liinalla.<\/li>\n<\/ul>\n<p>Hyv\u00e4 tiet\u00e4\u00e4:<\/p>\n<ul>\n<li>Jokainen kappale on ainutlaatuisen eroavilla v\u00e4reill\u00e4 ja puunsyill\u00e4. Toimitus on sattumanvarainen, t\u00e4m\u00e4 takaa tuotteesi erityisyyden ja ainutlaatuisuuden.<\/li>\n<\/li>\n<p>El\u00e4v\u00e4n reunuksen massiivipuun luonnollisen muodon vuoksi leveys voi vaihdella hieman +1-2 cm tai \u20133-5 cm.<\/li>\n<\/ul>\n<ul>\n<li>Materiaali: luonnollisesti pintak\u00e4sitelty t\u00e4ysi akaasiapuu<\/li>\n<li>Mitat: 120 x 20 x 3,8 cm (P x L x Paks.)<\/li>\n<li>Maksimikantavuus: 75 kg<\/li>\n<li>El\u00e4v\u00e4ll\u00e4 reunalla<\/li>\n<li>Toimitus sis\u00e4lt\u00e4\u00e4 ainoastaan sein\u00e4hyllyn ilman kiinnitystarvikkeita<\/li>\n<\/ul>\n","protected":false},"excerpt":{"rendered":"<ul>\n<li>Materiaali: luonnollisesti pintak\u00e4sitelty t\u00e4ysi akaasiapuu<\/li>\n<li>Mitat: 120 x 20 x 3,8 cm (P x L x Paks.)<\/li>\n<li>Maksimikantavuus: 75 kg<\/li>\n<li>El\u00e4v\u00e4ll\u00e4 reunalla<\/li>\n<li>Toimitus sis\u00e4lt\u00e4\u00e4 ainoastaan sein\u00e4hyllyn ilman kiinnitystarvikkeita<\/li>\n<\/ul>\n","protected":false},"featured_media":100000160259,"comment_status":"closed","ping_status":"closed","template":"","meta":[],"product_brand":[],"product_cat":[84,8578],"product_tag":[],"class_list":{"0":"post-160259","1":"product","2":"type-product","3":"status-publish","4":"has-post-thumbnail","6":"product_cat-huonekalut","7":"product_cat-poytalevyt","9":"first","10":"instock","11":"taxable","12":"shipping-taxable","13":"purchasable","14":"product-type-simple"},"_links":{"self":[{"href":"https:\/\/www.otiumhome.fi\/index.php\/wp-json\/wp\/v2\/product\/160259","targetHints":{"allow":["GET"]}}],"collection":[{"href":"https:\/\/www.otiumhome.fi\/index.php\/wp-json\/wp\/v2\/product"}],"about":[{"href":"https:\/\/www.otiumhome.fi\/index.php\/wp-json\/wp\/v2\/types\/product"}],"replies":[{"embeddable":true,"href":"https:\/\/www.otiumhome.fi\/index.php\/wp-json\/wp\/v2\/comments?post=160259"}],"wp:featuredmedia":[{"embeddable":true,"href":"https:\/\/www.otiumhome.fi\/index.php\/wp-json\/"}],"wp:attachment":[{"href":"https:\/\/www.otiumhome.fi\/index.php\/wp-json\/wp\/v2\/media?parent=160259"}],"wp:term":[{"taxonomy":"product_brand","embeddable":true,"href":"https:\/\/www.otiumhome.fi\/index.php\/wp-json\/wp\/v2\/product_brand?post=160259"},{"taxonomy":"product_cat","embeddable":true,"href":"https:\/\/www.otiumhome.fi\/index.php\/wp-json\/wp\/v2\/product_cat?post=160259"},{"taxonomy":"product_tag","embeddable":true,"href":"https:\/\/www.otiumhome.fi\/index.php\/wp-json\/wp\/v2\/product_tag?post=160259"}],"curies":[{"name":"wp","href":"https:\/\/api.w.org\/{rel}","templated":true}]}}