{"id":158639,"date":"2025-07-11T22:34:53","date_gmt":"2025-07-11T22:34:53","guid":{"rendered":"https:\/\/www.otiumhome.fi\/?p=158639"},"modified":"2025-07-12T05:38:45","modified_gmt":"2025-07-12T05:38:45","slug":"seinahylly-musta-tammi-36x16x90-cm-tekopuu","status":"publish","type":"product","link":"https:\/\/www.otiumhome.fi\/index.php\/tuote\/seinahylly-musta-tammi-36x16x90-cm-tekopuu\/","title":{"rendered":"Sein\u00e4hylly musta tammi 36x16x90 cm tekopuu"},"content":{"rendered":"<p>Maksimoi sis\u00e4tilasi ja muuta sein\u00e4si tyylikk\u00e4\u00e4ksi t\u00e4ll\u00e4 sein\u00e4hyllyll\u00e4!<\/p>\n<\/p>\n<ul>\n<li>Vakaa ja kest\u00e4v\u00e4 materiaali: Puu on kest\u00e4v\u00e4 ja vakaa materiaali, jonka sile\u00e4 pinta kest\u00e4\u00e4 kosteutta, v\u00e4\u00e4ntymist\u00e4 ja halkeilua, joten se on luotettava valinta monenlaisiin projekteihin.<\/li>\n<li>Runsaasti s\u00e4ilytystilaa: T\u00e4m\u00e4 kelluva hylly tarjoaa k\u00e4tev\u00e4\u00e4 s\u00e4ilytystilaa p\u00e4ivitt\u00e4isten v\u00e4ltt\u00e4m\u00e4tt\u00f6myystarvikkeiden pit\u00e4miseen hyvin j\u00e4rjestyksess\u00e4 ja helposti k\u00e4den ulottuvilla.<\/li>\n<li>Tilans\u00e4\u00e4st\u00f6: T\u00e4m\u00e4 hyllylevy voidaan kiinnitt\u00e4\u00e4 sein\u00e4\u00e4n lis\u00e4\u00e4m\u00e4\u00e4n s\u00e4ilytystilaa. N\u00e4in voit maksimoida lattiatilan ja pit\u00e4\u00e4 alueen siistin\u00e4.<\/li>\n<li>Monitoiminen sein\u00e4hylly: Sein\u00e4lle kiinnitett\u00e4v\u00e4 hylly on tarkoitettu sek\u00e4 sisustukseen ett\u00e4 tavaroiden s\u00e4ilytt\u00e4miseen kotona. Voit k\u00e4ytt\u00e4\u00e4 sit\u00e4 kokoelmiesi, kirjojen, valokuvakehysten, pienoismallien tai CD-levyjen esittelyyn eri huoneissa, kuten olohuoneessa, toimistossa tai ty\u00f6huoneessa.<\/li>\n<li>Helppohoitoinen: T\u00e4m\u00e4 sein\u00e4s\u00e4ilytys on helppo puhdistaa kostealla liinalla ja vaatii v\u00e4hemm\u00e4n huoltoa.<\/li>\n<\/ul>\n<p>Hyv\u00e4 tiet\u00e4\u00e4:<\/p>\n<ul>\n<li>Sein\u00e4n sis\u00e4puolelle tarkoitetut ruuvit ja tulpat eiv\u00e4t sis\u00e4lly toimitukseen. Suosittelemme etsim\u00e4\u00e4n ja k\u00e4ytt\u00e4m\u00e4\u00e4n seinille sopivia ruuveja ja tulppia. Jos et ole varma, voit ottaa yhteytt\u00e4 ammattilaiseen. Lue ja noudata ohjeita jokaista vaihetta.<\/li>\n<\/ul>\n<ul>\n<li>V\u00e4ri: Musta tammi<\/li>\n<li>Materiaali: Puusep\u00e4nty\u00f6t<\/li>\n<li>Mitat: 36 x 16 x 90 cm (L x S x K)<\/li>\n<li>Suurin painokapasiteetti (kokonaispaino): 40 kg<\/li>\n<li>Kokoaminen vaaditaan: Kyll\u00e4<\/li>\n<\/ul>\n","protected":false},"excerpt":{"rendered":"<ul>\n<li>V\u00e4ri: Musta tammi<\/li>\n<li>Materiaali: Puusep\u00e4nty\u00f6t<\/li>\n<li>Mitat: 36 x 16 x 90 cm (L x S x K)<\/li>\n<li>Suurin painokapasiteetti (kokonaispaino): 40 kg<\/li>\n<li>Kokoaminen vaaditaan: Kyll\u00e4<\/li>\n<\/ul>\n","protected":false},"featured_media":100000158639,"comment_status":"closed","ping_status":"closed","template":"","meta":[],"product_brand":[],"product_cat":[84,8634],"product_tag":[],"class_list":{"0":"post-158639","1":"product","2":"type-product","3":"status-publish","4":"has-post-thumbnail","6":"product_cat-huonekalut","7":"product_cat-seinahyllyt","9":"first","10":"instock","11":"taxable","12":"shipping-taxable","13":"purchasable","14":"product-type-simple"},"_links":{"self":[{"href":"https:\/\/www.otiumhome.fi\/index.php\/wp-json\/wp\/v2\/product\/158639","targetHints":{"allow":["GET"]}}],"collection":[{"href":"https:\/\/www.otiumhome.fi\/index.php\/wp-json\/wp\/v2\/product"}],"about":[{"href":"https:\/\/www.otiumhome.fi\/index.php\/wp-json\/wp\/v2\/types\/product"}],"replies":[{"embeddable":true,"href":"https:\/\/www.otiumhome.fi\/index.php\/wp-json\/wp\/v2\/comments?post=158639"}],"wp:featuredmedia":[{"embeddable":true,"href":"https:\/\/www.otiumhome.fi\/index.php\/wp-json\/"}],"wp:attachment":[{"href":"https:\/\/www.otiumhome.fi\/index.php\/wp-json\/wp\/v2\/media?parent=158639"}],"wp:term":[{"taxonomy":"product_brand","embeddable":true,"href":"https:\/\/www.otiumhome.fi\/index.php\/wp-json\/wp\/v2\/product_brand?post=158639"},{"taxonomy":"product_cat","embeddable":true,"href":"https:\/\/www.otiumhome.fi\/index.php\/wp-json\/wp\/v2\/product_cat?post=158639"},{"taxonomy":"product_tag","embeddable":true,"href":"https:\/\/www.otiumhome.fi\/index.php\/wp-json\/wp\/v2\/product_tag?post=158639"}],"curies":[{"name":"wp","href":"https:\/\/api.w.org\/{rel}","templated":true}]}}