{"id":158362,"date":"2025-07-11T21:12:02","date_gmt":"2025-07-11T21:12:02","guid":{"rendered":"https:\/\/www.otiumhome.fi\/?p=158362"},"modified":"2025-12-14T06:21:40","modified_gmt":"2025-12-14T06:21:40","slug":"konsolipoydat-2-pcs-ruskea-161-x-33-x-75-cm-kiintea-mango-puu","status":"publish","type":"product","link":"https:\/\/www.otiumhome.fi\/index.php\/tuote\/konsolipoydat-2-pcs-ruskea-161-x-33-x-75-cm-kiintea-mango-puu\/","title":{"rendered":"Konsolip\u00f6yd\u00e4t 2 pcs Ruskea 161 x 33 x 75 cm Kiinte\u00e4 mango puu"},"content":{"rendered":"<p>T\u00e4m\u00e4 tyylik\u00e4s rustinen konsolip\u00f6yt\u00e4 on luonnollisen kauneuden ja k\u00e4yt\u00e4nn\u00f6llisyyden ykk\u00f6svalinta. Se jotenkin yhdist\u00e4\u00e4 toiminnallisuuden ja tyylin. T\u00e4m\u00e4 p\u00f6yt\u00e4 on t\u00e4ydellinen lis\u00e4 mihin tahansa olohuoneeseen suorakaiteen muotonsa ansiosta. Sen kaunis puupinta luo kodikasta tunnelmaa, ja se sopii helposti moderniin tai perinteiseen sisustukseen. Siit\u00e4 voi tulla hieno keskipiste tai k\u00e4yt\u00e4nn\u00f6llinen lis\u00e4, joka yhdist\u00e4\u00e4 muotoilun ja k\u00e4yt\u00f6n.<\/p>\n<ul>\n<li><b>Suorakaiteen muoto:<\/b> Laajasta p\u00f6yt\u00e4tasosta l\u00f6ytyy tilaa suosikkikoristeiden esittelyyn tai arkip\u00e4iv\u00e4n tarpeiden s\u00e4ilytt\u00e4miseen. pitk\u00e4 muoto sopii hienosti sohvien taakse, eteisiin tai seinien viereen, maksimoi tilan k\u00e4yt\u00f6n kotona.<\/li>\n<li><b>Rustiikkinen tyyli:<\/b> Luonnollinen ja karu kauneus tuo l\u00e4mp\u00f6\u00e4 ja kutsuvuutta. T\u00e4m\u00e4 ajaton muotoilu toimii loistavasti rentoa tunnelmaa luodessa, yhdist\u00e4en hyvin puukalusteet ja maanl\u00e4heiset s\u00e4vyt.<\/li>\n<li><b>K\u00e4yt\u00e4nn\u00f6llinen s\u00e4ilytys:<\/b> T\u00e4m\u00e4 p\u00f6yt\u00e4 on rakennettu s\u00e4ilytyst\u00e4 varten, ja se tarjoaa k\u00e4yt\u00e4nn\u00f6llisi\u00e4 osastoja tilan tehokkaaseen j\u00e4rjest\u00e4miseen. Olitpa miettim\u00e4ss\u00e4 paikan l\u00f6ytymist\u00e4 sotkuille tai haluamassa kauniisti j\u00e4rjestetty\u00e4 tavaraa, se vastaa erilaiseen tarpeeseen.<\/li>\n<li><b>Sis\u00e4tilojen monik\u00e4ytt\u00f6isyys:<\/b> Suunniteltu erityisesti sis\u00e4tiloihin, t\u00e4m\u00e4 p\u00f6yt\u00e4 voi muuttaa eri tiloja helposti. Se sopii olohuoneisiin, k\u00e4yt\u00e4viin tai eteisiin, tuoden monia k\u00e4ytt\u00f6tarkoituksia.<\/li>\n<li><b>Helppo kokoaminen:<\/b> Kokoaminen sujuu vain ruuvimeisselin avulla. Yksi ihminen voi hoitaa sen, joten se on helppo teht\u00e4v\u00e4 toteuttaa, ja saat nauttia nopeasti sen toiminnallisuudesta.<\/li>\n<\/ul>\n<ul>\n<li>V\u00e4ri: Ruskea<\/li>\n<li>Materiaali: Kiinte\u00e4 mango puu<\/li>\n<li>Yleiset mitat: 161 x 33 x 75 cm (P x L x K)<\/li>\n<li>Paino: 13,85 kg<\/li>\n<li>S\u00e4ilytystila<\/li>\n<li>4 laatikoilla<\/li>\n<li>2 hyllyill\u00e4<\/li>\n<li>Enimm\u00e4ispaino: 150 kg<\/li>\n<li>Vain sis\u00e4k\u00e4ytt\u00f6\u00f6n<\/li>\n<li>Toimitus-:<\/li>\n<li>2 x Konsolip\u00f6yt\u00e4<\/li>\n<li>Kokoonpano vaaditaan: Kyll\u00e4<\/li>\n<\/ul>\n","protected":false},"excerpt":{"rendered":"<ul>\n<li>V\u00e4ri: Ruskea<\/li>\n<li>Materiaali: Kiinte\u00e4 mango puu<\/li>\n<li>Yleiset mitat: 161 x 33 x 75 cm (P x L x K)<\/li>\n<li>Paino: 13,85 kg<\/li>\n<li>S\u00e4ilytystila<\/li>\n<li>4 laatikoilla<\/li>\n<li>2 hyllyill\u00e4<\/li>\n<li>Enimm\u00e4ispaino: 150 kg<\/li>\n<li>Vain sis\u00e4k\u00e4ytt\u00f6\u00f6n<\/li>\n<li>Toimitus-:<\/li>\n<li>2 x Konsolip\u00f6yt\u00e4<\/li>\n<li>Kokoonpano vaaditaan: Kyll\u00e4<\/li>\n<\/ul>\n","protected":false},"featured_media":100000158362,"comment_status":"closed","ping_status":"closed","template":"","meta":[],"product_brand":[],"product_cat":[84,8559,8533],"product_tag":[],"class_list":{"0":"post-158362","1":"product","2":"type-product","3":"status-publish","4":"has-post-thumbnail","6":"product_cat-huonekalut","7":"product_cat-konsolipoydat","8":"product_cat-sivupoydat","10":"first","11":"instock","12":"taxable","13":"shipping-taxable","14":"purchasable","15":"product-type-simple"},"_links":{"self":[{"href":"https:\/\/www.otiumhome.fi\/index.php\/wp-json\/wp\/v2\/product\/158362","targetHints":{"allow":["GET"]}}],"collection":[{"href":"https:\/\/www.otiumhome.fi\/index.php\/wp-json\/wp\/v2\/product"}],"about":[{"href":"https:\/\/www.otiumhome.fi\/index.php\/wp-json\/wp\/v2\/types\/product"}],"replies":[{"embeddable":true,"href":"https:\/\/www.otiumhome.fi\/index.php\/wp-json\/wp\/v2\/comments?post=158362"}],"wp:featuredmedia":[{"embeddable":true,"href":"https:\/\/www.otiumhome.fi\/index.php\/wp-json\/"}],"wp:attachment":[{"href":"https:\/\/www.otiumhome.fi\/index.php\/wp-json\/wp\/v2\/media?parent=158362"}],"wp:term":[{"taxonomy":"product_brand","embeddable":true,"href":"https:\/\/www.otiumhome.fi\/index.php\/wp-json\/wp\/v2\/product_brand?post=158362"},{"taxonomy":"product_cat","embeddable":true,"href":"https:\/\/www.otiumhome.fi\/index.php\/wp-json\/wp\/v2\/product_cat?post=158362"},{"taxonomy":"product_tag","embeddable":true,"href":"https:\/\/www.otiumhome.fi\/index.php\/wp-json\/wp\/v2\/product_tag?post=158362"}],"curies":[{"name":"wp","href":"https:\/\/api.w.org\/{rel}","templated":true}]}}