{"id":158287,"date":"2025-07-11T18:37:33","date_gmt":"2025-07-11T18:37:33","guid":{"rendered":"https:\/\/www.otiumhome.fi\/?p=158287"},"modified":"2025-07-12T05:11:27","modified_gmt":"2025-07-12T05:11:27","slug":"seinakiinnitettava-vanha-puu-102x45x1035cm-tekninen-puu","status":"publish","type":"product","link":"https:\/\/www.otiumhome.fi\/index.php\/tuote\/seinakiinnitettava-vanha-puu-102x45x1035cm-tekninen-puu\/","title":{"rendered":"Sein\u00e4kiinnitett\u00e4v\u00e4 vanha puu 102x45x103,5cm tekninen puu"},"content":{"rendered":"<p>T\u00e4m\u00e4 moderni sein\u00e4kiinnitett\u00e4v\u00e4 baarip\u00f6yt\u00e4 erottuu yksinkertaisella mutta tyylikk\u00e4\u00e4ll\u00e4 ulkon\u00e4\u00f6ll\u00e4\u00e4n. Se sopii t\u00e4ydellisesti drinkeist\u00e4 nauttimiseen yst\u00e4vien tai perheen kesken.<\/p>\n<\/p>\n<ul>\n<li>Vakaa rakenne: T\u00e4m\u00e4n baarip\u00f6yd\u00e4n rakenne takaa sen tukevuuden, kest\u00e4vyyden ja pitk\u00e4kestoisen palvelusajan.<\/li>\n<li>S\u00e4ilytystoiminto: Kahdella s\u00e4ilytyslokerolla varustettu seisova p\u00f6yt\u00e4 tarjoaa reilusti tilaa viinipullojen ja muiden esineiden s\u00e4ilytt\u00e4miseen.<\/li>\n<li>Helposti puhdistettava materiaali: Teknisest\u00e4 puusta valmistettu baarip\u00f6yt\u00e4 on helppo puhdistaa.<\/li>\n<\/ul>\n<p>Varoitus:<\/p>\n<ul>\n<li>Kaatumisen est\u00e4miseksi t\u00e4t\u00e4 tuotetta on k\u00e4ytett\u00e4v\u00e4 mukana toimitetun sein\u00e4kiinnityslaitteen kanssa.<\/li>\n<\/ul>\n<ul>\n<li>V\u00e4ri: Vanha puu<\/li>\n<li>Materiaali: Tekninen puu<\/li>\n<li>Mitat: 102 x 45 x 103,5 cm (L x S x K)<\/li>\n<li>Asennus vaaditaan: Kyll\u00e4<\/li>\n<\/ul>\n","protected":false},"excerpt":{"rendered":"<ul>\n<li>V\u00e4ri: Vanha puu<\/li>\n<li>Materiaali: Tekninen puu<\/li>\n<li>Mitat: 102 x 45 x 103,5 cm (L x S x K)<\/li>\n<li>Asennus vaaditaan: Kyll\u00e4<\/li>\n<\/ul>\n","protected":false},"featured_media":100000158287,"comment_status":"closed","ping_status":"closed","template":"","meta":[],"product_brand":[],"product_cat":[84,8543],"product_tag":[],"class_list":{"0":"post-158287","1":"product","2":"type-product","3":"status-publish","4":"has-post-thumbnail","6":"product_cat-huonekalut","7":"product_cat-keittion-ruokapoydat","9":"first","10":"instock","11":"taxable","12":"shipping-taxable","13":"purchasable","14":"product-type-simple"},"_links":{"self":[{"href":"https:\/\/www.otiumhome.fi\/index.php\/wp-json\/wp\/v2\/product\/158287","targetHints":{"allow":["GET"]}}],"collection":[{"href":"https:\/\/www.otiumhome.fi\/index.php\/wp-json\/wp\/v2\/product"}],"about":[{"href":"https:\/\/www.otiumhome.fi\/index.php\/wp-json\/wp\/v2\/types\/product"}],"replies":[{"embeddable":true,"href":"https:\/\/www.otiumhome.fi\/index.php\/wp-json\/wp\/v2\/comments?post=158287"}],"wp:featuredmedia":[{"embeddable":true,"href":"https:\/\/www.otiumhome.fi\/index.php\/wp-json\/"}],"wp:attachment":[{"href":"https:\/\/www.otiumhome.fi\/index.php\/wp-json\/wp\/v2\/media?parent=158287"}],"wp:term":[{"taxonomy":"product_brand","embeddable":true,"href":"https:\/\/www.otiumhome.fi\/index.php\/wp-json\/wp\/v2\/product_brand?post=158287"},{"taxonomy":"product_cat","embeddable":true,"href":"https:\/\/www.otiumhome.fi\/index.php\/wp-json\/wp\/v2\/product_cat?post=158287"},{"taxonomy":"product_tag","embeddable":true,"href":"https:\/\/www.otiumhome.fi\/index.php\/wp-json\/wp\/v2\/product_tag?post=158287"}],"curies":[{"name":"wp","href":"https:\/\/api.w.org\/{rel}","templated":true}]}}