{"id":153426,"date":"2025-07-01T18:36:47","date_gmt":"2025-07-01T18:36:47","guid":{"rendered":"https:\/\/www.otiumhome.fi\/?p=153426"},"modified":"2025-12-09T05:47:48","modified_gmt":"2025-12-09T05:47:48","slug":"poyta-hyllylla-betoninharmaa-140-x-49-x-76-cm-tekninen-puu","status":"publish","type":"product","link":"https:\/\/www.otiumhome.fi\/index.php\/tuote\/poyta-hyllylla-betoninharmaa-140-x-49-x-76-cm-tekninen-puu\/","title":{"rendered":"P\u00f6yt\u00e4 hyllyll\u00e4 Betoninharmaa 140 x 49 x 76 cm Tekninen puu"},"content":{"rendered":"<p>T\u00e4\u00e4 minimalistinen kirjoitusp\u00f6yt\u00e4 yhdist\u00e4\u00e4 tyylin ja k\u00e4yt\u00e4nn\u00f6llisyyden. Se on tehty niille, jotka arvostaa hyv\u00e4\u00e4 muotoilua, ja siin\u00e4 on yksinkertainen suorakaiteen muotoinen rakenne, joka sopii mihin tahansa moderniin toimistoon tai kodin ty\u00f6tilaan. Sile\u00e4, matta pinta sulautuu kivasti ymp\u00e4rist\u00f6\u00f6n, pit\u00e4en asiat tyylikk\u00e4in\u00e4, ja se on loistava paikka keskitty\u00e4 tai luoda.<\/p>\n<ul>\n<li><b>Materiaalit:<\/b> T\u00e4\u00e4 p\u00f6yt\u00e4 on tehty teknisest\u00e4 puusta, mik\u00e4 tekee siit\u00e4 vahvan ja tyylikk\u00e4\u00e4n. Sile\u00e4 matta pinta antaa hienostuneen ilmeen, ja se kest\u00e4\u00e4 p\u00e4ivitt\u00e4ist\u00e4 k\u00e4ytt\u00f6\u00e4 hyvin.<\/li>\n<li><b>Lis\u00e4osat:<\/b> L\u00f6yd\u00e4t k\u00e4tevi\u00e4 hyllyj\u00e4 samasta teknisest\u00e4 puusta, jonne voit laittaa kirjoja, kansioita tai koristeita. Laatikot ja saranoidut ovet pit\u00e4\u00e4 kaiken siistin\u00e4.<\/li>\n<li><b>Ominaisuudet \/ Toiminta \/ Suunnittelu:<\/b> P\u00f6yd\u00e4ss\u00e4 on runsaasti tilaa, mik\u00e4 auttaa pit\u00e4m\u00e4\u00e4n asiat j\u00e4rjestyksess\u00e4 ja on avain tuottavuuden s\u00e4ilytt\u00e4miseksi. Sen kompakti muotoilu sopii hyvin mihin tahansa toimistoon ja nostaa sisustusta yksinkertaisella tyylikkyydell\u00e4\u00e4n.<\/li>\n<li><b>Suositellut k\u00e4ytt\u00f6tavat:<\/b> T\u00e4\u00e4 p\u00f6yt\u00e4 on t\u00e4ydellinen sek\u00e4 toimistoihin ett\u00e4 kotiin. Se t\u00e4ytt\u00e4\u00e4 niin ammatilliset kuin henkil\u00f6kohtaiset tarpeet. Olitpa kirjoittamassa, askartelemassa tai ty\u00f6skentelem\u00e4ss\u00e4 l\u00e4pp\u00e4rill\u00e4, t\u00e4\u00e4 on ideaalinen paikka monenlaisiin teht\u00e4viin ja tekee kokemuksestasi tyylikk\u00e4\u00e4n ja k\u00e4yt\u00e4nn\u00f6llisen.<\/li>\n<li><b>Hoito &amp; yll\u00e4pito:<\/b> Pid\u00e4 se hyv\u00e4ss\u00e4 kunnossa pyyhkim\u00e4ll\u00e4 s\u00e4\u00e4nn\u00f6llisesti pehme\u00e4ll\u00e4, kuivalla liinalla. V\u00e4lt\u00e4 voimakkaita kemikaaleja. K\u00e4yt\u00e4 ty\u00f6p\u00f6yd\u00e4n suojamattoa kirjoittaessasi tai sy\u00f6dess\u00e4si suojataksesi sit\u00e4 kulumiselta, niin voit varmistaa, ett\u00e4 se kest\u00e4\u00e4 pitk\u00e4\u00e4n vain helpolla hoidolla.<\/li>\n<\/ul>\n<ul>\n<li>V\u00e4ri: Betoninharmaa<\/li>\n<li>Materiaali: Tekninen puu<\/li>\n<li>Viimeistely: Matta<\/li>\n<li>Yleiset mitat: 140 x 49 x 76 cm (P x L x K)<\/li>\n<li>Paino: 20,9 kg<\/li>\n<li>Runsaasti s\u00e4ilytystilaa<\/li>\n<li>Laatikolla<\/li>\n<li>2 hyllyill\u00e4<\/li>\n<li>Kehysmateriaali: Tekninen puu<\/li>\n<li>2 ovien kanssa<\/li>\n<li>Sis\u00e4- \/ ulkotiloissa: Vain sis\u00e4k\u00e4ytt\u00f6\u00f6n<\/li>\n<li>Toimitus-:<\/li>\n<li>1 x p\u00f6yt\u00e4<\/li>\n<li>Kokoonpano vaaditaan: Kyll\u00e4<\/li>\n<\/ul>\n","protected":false},"excerpt":{"rendered":"<ul>\n<li>V\u00e4ri: Betoninharmaa<\/li>\n<li>Materiaali: Tekninen puu<\/li>\n<li>Viimeistely: Matta<\/li>\n<li>Yleiset mitat: 140 x 49 x 76 cm (P x L x K)<\/li>\n<li>Paino: 20,9 kg<\/li>\n<li>Runsaasti s\u00e4ilytystilaa<\/li>\n<li>Laatikolla<\/li>\n<li>2 hyllyill\u00e4<\/li>\n<li>Kehysmateriaali: Tekninen puu<\/li>\n<li>2 ovien kanssa<\/li>\n<li>Sis\u00e4- \/ ulkotiloissa: Vain sis\u00e4k\u00e4ytt\u00f6\u00f6n<\/li>\n<li>Toimitus-:<\/li>\n<li>1 x p\u00f6yt\u00e4<\/li>\n<li>Kokoonpano vaaditaan: Kyll\u00e4<\/li>\n<\/ul>\n","protected":false},"featured_media":100000153426,"comment_status":"closed","ping_status":"closed","template":"","meta":[],"product_brand":[],"product_cat":[84,8551],"product_tag":[],"class_list":{"0":"post-153426","1":"product","2":"type-product","3":"status-publish","4":"has-post-thumbnail","6":"product_cat-huonekalut","7":"product_cat-kirjoituspoydat","9":"first","10":"instock","11":"taxable","12":"shipping-taxable","13":"purchasable","14":"product-type-simple"},"_links":{"self":[{"href":"https:\/\/www.otiumhome.fi\/index.php\/wp-json\/wp\/v2\/product\/153426","targetHints":{"allow":["GET"]}}],"collection":[{"href":"https:\/\/www.otiumhome.fi\/index.php\/wp-json\/wp\/v2\/product"}],"about":[{"href":"https:\/\/www.otiumhome.fi\/index.php\/wp-json\/wp\/v2\/types\/product"}],"replies":[{"embeddable":true,"href":"https:\/\/www.otiumhome.fi\/index.php\/wp-json\/wp\/v2\/comments?post=153426"}],"wp:featuredmedia":[{"embeddable":true,"href":"https:\/\/www.otiumhome.fi\/index.php\/wp-json\/"}],"wp:attachment":[{"href":"https:\/\/www.otiumhome.fi\/index.php\/wp-json\/wp\/v2\/media?parent=153426"}],"wp:term":[{"taxonomy":"product_brand","embeddable":true,"href":"https:\/\/www.otiumhome.fi\/index.php\/wp-json\/wp\/v2\/product_brand?post=153426"},{"taxonomy":"product_cat","embeddable":true,"href":"https:\/\/www.otiumhome.fi\/index.php\/wp-json\/wp\/v2\/product_cat?post=153426"},{"taxonomy":"product_tag","embeddable":true,"href":"https:\/\/www.otiumhome.fi\/index.php\/wp-json\/wp\/v2\/product_tag?post=153426"}],"curies":[{"name":"wp","href":"https:\/\/api.w.org\/{rel}","templated":true}]}}