{"id":153417,"date":"2025-07-01T18:36:42","date_gmt":"2025-07-01T18:36:42","guid":{"rendered":"https:\/\/www.otiumhome.fi\/?p=153417"},"modified":"2025-09-29T23:28:48","modified_gmt":"2025-09-29T23:28:48","slug":"vastaanottopoyta-musta-tammi-100x50x1035-cm-tekopuu","status":"publish","type":"product","link":"https:\/\/www.otiumhome.fi\/index.php\/tuote\/vastaanottopoyta-musta-tammi-100x50x1035-cm-tekopuu\/","title":{"rendered":"Vastaanottop\u00f6yt\u00e4 musta tammi 100x50x103,5 cm tekopuu"},"content":{"rendered":"<p>Nauti saumattomasta vuorovaikutuksesta, runsaasta s\u00e4ilytystilasta ja monipuolisesta muotoilusta t\u00e4ll\u00e4 vastaanottotiskill\u00e4, jossa on sis\u00e4\u00e4nrakennettu tiski. Se sopii t\u00e4ydellisesti erilaisiin ymp\u00e4rist\u00f6ihin!<\/p>\n<\/p>\n<ul>\n<li>Vakaa ja kest\u00e4v\u00e4 materiaali: Puu on kest\u00e4v\u00e4 ja vakaa materiaali, jonka sile\u00e4 pinta kest\u00e4\u00e4 kosteutta, v\u00e4\u00e4ntymist\u00e4 ja halkeilua. Se on luotettava valinta monenlaisiin projekteihin.<\/li>\n<li>Huolellinen suunnittelu: Vastaanottotiskin korkeat tiskit ja sivupaneelit takaavat huomaamattoman vuorovaikutuksen ja tarjoavat tasapainon toimivuuden ja yksityisyyden v\u00e4lill\u00e4 sek\u00e4 henkil\u00f6kunnalle ett\u00e4 vierailijoille.<\/li>\n<li>Integroidut s\u00e4ilytysratkaisut: Vastaanotossa on sis\u00e4\u00e4nrakennetut hyllyt, jotka tarjoavat runsaasti tilaa toimistotarvikkeiden, asiakirjojen ja henkil\u00f6kohtaisten tavaroiden s\u00e4ilytt\u00e4miseen, mik\u00e4 auttaa pit\u00e4m\u00e4\u00e4n ty\u00f6tilan j\u00e4rjestyksess\u00e4.<\/li>\n<li>Monipuolinen k\u00e4ytt\u00f6: T\u00e4m\u00e4 kassap\u00f6yt\u00e4 sopii t\u00e4ydellisesti erilaisiin ymp\u00e4rist\u00f6ihin, kuten yritysten toimistoihin, hotellien aulatiloihin, l\u00e4\u00e4k\u00e4riasemille ja kauneushoitoloihin, ja se vastaa erilaisiin ammatillisiin tarpeisiin.<\/li>\n<li>Helppo asennus: Selke\u00e4t ohjeet ja yksinkertainen kokoamisprosessi tekev\u00e4t t\u00e4st\u00e4 vastaanottotiskist\u00e4 helposti ja nopeasti asennettavan. vaivattomasti.<\/li>\n<\/ul>\n<p>Varoitus:<\/p>\n<ul>\n<li>Jotta tuote ei kaatuisi, sit\u00e4 on k\u00e4ytett\u00e4v\u00e4 mukana toimitetun sein\u00e4kiinnikkeen kanssa.<\/li>\n<\/ul>\n<p>Hyv\u00e4 tiet\u00e4\u00e4:<\/p>\n<ul>\n<li>Sein\u00e4n sis\u00e4puolelle tarkoitetut ruuvit ja tulpat eiv\u00e4t sis\u00e4lly toimitukseen. Etsi ja k\u00e4yt\u00e4 seiniin sopivia ruuveja ja tulppia. Jos olet ep\u00e4varma, kysy ammattilaisen neuvoa. Lue ja noudata ohjeita huolellisesti.<\/li>\n<\/ul>\n<ul>\n<li>V\u00e4ri: Musta tammi<\/li>\n<li>Materiaali: Puusep\u00e4nty\u00f6t<\/li>\n<li>Kokonaismitat: 100 x 50 x 103,5 cm (P x L x K)<\/li>\n<li>Suurin painokapasiteetti (kokonaispaino): 60 kg<\/li>\n<li>Suurin painokapasiteetti (p\u00e4\u00e4llyskerros): 20 kg<\/li>\n<li>Suurin painokapasiteetti (hylly): 20 kg<\/li>\n<li>Kokoaminen vaaditaan: Kyll\u00e4<\/li>\n<\/ul>\n","protected":false},"excerpt":{"rendered":"<ul>\n<li>V\u00e4ri: Musta tammi<\/li>\n<li>Materiaali: Puusep\u00e4nty\u00f6t<\/li>\n<li>Kokonaismitat: 100 x 50 x 103,5 cm (P x L x K)<\/li>\n<li>Suurin painokapasiteetti (kokonaispaino): 60 kg<\/li>\n<li>Suurin painokapasiteetti (p\u00e4\u00e4llyskerros): 20 kg<\/li>\n<li>Suurin painokapasiteetti (hylly): 20 kg<\/li>\n<li>Kokoaminen vaaditaan: Kyll\u00e4<\/li>\n<\/ul>\n","protected":false},"featured_media":100000153417,"comment_status":"closed","ping_status":"closed","template":"","meta":[],"product_brand":[],"product_cat":[84,8551],"product_tag":[],"class_list":{"0":"post-153417","1":"product","2":"type-product","3":"status-publish","4":"has-post-thumbnail","6":"product_cat-huonekalut","7":"product_cat-kirjoituspoydat","9":"first","10":"instock","11":"taxable","12":"shipping-taxable","13":"purchasable","14":"product-type-simple"},"_links":{"self":[{"href":"https:\/\/www.otiumhome.fi\/index.php\/wp-json\/wp\/v2\/product\/153417","targetHints":{"allow":["GET"]}}],"collection":[{"href":"https:\/\/www.otiumhome.fi\/index.php\/wp-json\/wp\/v2\/product"}],"about":[{"href":"https:\/\/www.otiumhome.fi\/index.php\/wp-json\/wp\/v2\/types\/product"}],"replies":[{"embeddable":true,"href":"https:\/\/www.otiumhome.fi\/index.php\/wp-json\/wp\/v2\/comments?post=153417"}],"wp:featuredmedia":[{"embeddable":true,"href":"https:\/\/www.otiumhome.fi\/index.php\/wp-json\/"}],"wp:attachment":[{"href":"https:\/\/www.otiumhome.fi\/index.php\/wp-json\/wp\/v2\/media?parent=153417"}],"wp:term":[{"taxonomy":"product_brand","embeddable":true,"href":"https:\/\/www.otiumhome.fi\/index.php\/wp-json\/wp\/v2\/product_brand?post=153417"},{"taxonomy":"product_cat","embeddable":true,"href":"https:\/\/www.otiumhome.fi\/index.php\/wp-json\/wp\/v2\/product_cat?post=153417"},{"taxonomy":"product_tag","embeddable":true,"href":"https:\/\/www.otiumhome.fi\/index.php\/wp-json\/wp\/v2\/product_tag?post=153417"}],"curies":[{"name":"wp","href":"https:\/\/api.w.org\/{rel}","templated":true}]}}