{"id":153120,"date":"2025-06-28T06:36:27","date_gmt":"2025-06-28T06:36:27","guid":{"rendered":"https:\/\/www.otiumhome.fi\/?p=153120"},"modified":"2025-12-09T11:23:29","modified_gmt":"2025-12-09T11:23:29","slug":"sailytystilallinen-sangynrunko-vanha-puu-120-x-200-cm","status":"publish","type":"product","link":"https:\/\/www.otiumhome.fi\/index.php\/tuote\/sailytystilallinen-sangynrunko-vanha-puu-120-x-200-cm\/","title":{"rendered":"S\u00e4ilytystilallinen s\u00e4ngynrunko Vanha Puu 120 x 200 cm"},"content":{"rendered":"<p>T\u00e4m\u00e4 moderni varastopetirunko yhdist\u00e4\u00e4 kauniin ulkon\u00e4\u00f6n ja toimivuuden, t\u00e4ydellinen nykyaikaiseen makuuhuoneeseen. S\u00e4ngyn tyylikk\u00e4\u00e4t linjat sulautuvat moniin sisustustyyleihin, mik\u00e4 tekee siit\u00e4 hienon keskipisteen nukkumistilassa. Piilossa oleva s\u00e4ilytys auttaa pit\u00e4m\u00e4\u00e4n makuuhuoneen j\u00e4rjestyksess\u00e4 ja on t\u00e4ydellinen pienille asuintiloille, vierashuoneisiin tai kaikille, jotka tarvitsevat lis\u00e4\u00e4 s\u00e4ilytystilaa.<\/p>\n<ul>\n<li><b>Materiaalit:<\/b> Rakenne on p\u00e4\u00e4asiassa massiivim\u00e4nty\u00e4, joka tuo kauneutta ja kest\u00e4vyytt\u00e4 makuuhuoneeseen. Vanerin lis\u00e4ys takaa pitk\u00e4ik\u00e4isyyden rauhallisiin uniin tarpeen mukaan. Taustamateriaalit tukevat ja tekev\u00e4t rungosta vakaamman.<\/li>\n<li><b>Komponentit:<\/b> S\u00e4nkyyn kuuluu saranoitu ovivarasto, joka helpottaa p\u00e4\u00e4sy\u00e4 s\u00e4ilytystilaan. Kest\u00e4v\u00e4 tekninen puu ja keinonahkaiset kahvat tekev\u00e4t siit\u00e4 k\u00e4yt\u00e4nn\u00f6llisen ja esteettisesti miellytt\u00e4v\u00e4n.<\/li>\n<li><b>Ominaisuudet \/ toiminta \/ muotoilu:<\/b> Yksinkertainen muotoilu tuo modernia tyyli\u00e4 ilman turhaa koristeellisuutta, helppo yhdist\u00e4\u00e4 erilaisiin teemoihin. K\u00e4yt\u00e4nn\u00f6llisyys on suunnittelussa etusijalla.<\/li>\n<li><b>Suositellut k\u00e4ytt\u00f6tarkoitukset:<\/b> Ihanteellinen makuuhuoneeseen, joka kaipaa tyylikk\u00e4\u00e4n k\u00e4yt\u00e4nn\u00f6llist\u00e4 ratkaisua, erityisesti kaupunkiin tai vierashuoneeseen. T\u00e4\u00e4lt\u00e4 l\u00f6ytyy tilaa s\u00e4ilytt\u00e4\u00e4 ylim\u00e4\u00e4r\u00e4isi\u00e4 tavaroita ilman kaaosta.<\/li>\n<li><b>Hoito ja yll\u00e4pito:<\/b> Pyyhi vain kostealla liinalla p\u00f6lyn poistamiseksi. Helppo yll\u00e4pit\u00e4\u00e4, jotta se pysyy kauniina ja kest\u00e4v\u00e4 vuonna. S\u00e4\u00e4nn\u00f6llinen hoito pident\u00e4\u00e4 sen k\u00e4ytt\u00f6ik\u00e4\u00e4.<\/li>\n<\/ul>\n<ul>\n<li>V\u00e4ri: Vanha puu<\/li>\n<li>Materiaali: Tekninen puu<\/li>\n<li>Yleiset mitat: 200 x 120 x 31,5 cm (P x L x K)<\/li>\n<li>Patjan koko: Pieni kahden hengen s\u00e4nky (120 cm x 200 cm \/ 47&#8243; x 79&#8243;)<\/li>\n<li>Enimm\u00e4ispaino: 200 kg<\/li>\n<li>Enimm\u00e4ism\u00e4\u00e4r\u00e4 ihmisi\u00e4: 2<\/li>\n<li>Kest\u00e4v\u00e4<\/li>\n<li>S\u00e4ngyn korkeus: 31,5 cm<\/li>\n<li>Yhteensopiva patjakoko: 120 x 200 cm (L x P)<\/li>\n<li>Kokoonpano vaaditaan: Kyll\u00e4<\/li>\n<li>Toimitus-:<\/li>\n<li>1 x S\u00e4ngyn runko<\/li>\n<li>jossa on s\u00e4ilytystila<\/li>\n<\/ul>\n","protected":false},"excerpt":{"rendered":"<ul>\n<li>V\u00e4ri: Vanha puu<\/li>\n<li>Materiaali: Tekninen puu<\/li>\n<li>Yleiset mitat: 200 x 120 x 31,5 cm (P x L x K)<\/li>\n<li>Patjan koko: Pieni kahden hengen s\u00e4nky (120 cm x 200 cm \/ 47&#8243; x 79&#8243;)<\/li>\n<li>Enimm\u00e4ispaino: 200 kg<\/li>\n<li>Enimm\u00e4ism\u00e4\u00e4r\u00e4 ihmisi\u00e4: 2<\/li>\n<li>Kest\u00e4v\u00e4<\/li>\n<li>S\u00e4ngyn korkeus: 31,5 cm<\/li>\n<li>Yhteensopiva patjakoko: 120 x 200 cm (L x P)<\/li>\n<li>Kokoonpano vaaditaan: Kyll\u00e4<\/li>\n<li>Toimitus-:<\/li>\n<li>1 x S\u00e4ngyn runko<\/li>\n<li>jossa on s\u00e4ilytystila<\/li>\n<\/ul>\n","protected":false},"featured_media":100000153120,"comment_status":"closed","ping_status":"closed","template":"","meta":[],"product_brand":[],"product_cat":[84,8638],"product_tag":[],"class_list":{"0":"post-153120","1":"product","2":"type-product","3":"status-publish","4":"has-post-thumbnail","6":"product_cat-huonekalut","7":"product_cat-sangyt-sangynrungot","9":"first","10":"instock","11":"taxable","12":"shipping-taxable","13":"purchasable","14":"product-type-simple"},"_links":{"self":[{"href":"https:\/\/www.otiumhome.fi\/index.php\/wp-json\/wp\/v2\/product\/153120","targetHints":{"allow":["GET"]}}],"collection":[{"href":"https:\/\/www.otiumhome.fi\/index.php\/wp-json\/wp\/v2\/product"}],"about":[{"href":"https:\/\/www.otiumhome.fi\/index.php\/wp-json\/wp\/v2\/types\/product"}],"replies":[{"embeddable":true,"href":"https:\/\/www.otiumhome.fi\/index.php\/wp-json\/wp\/v2\/comments?post=153120"}],"wp:featuredmedia":[{"embeddable":true,"href":"https:\/\/www.otiumhome.fi\/index.php\/wp-json\/"}],"wp:attachment":[{"href":"https:\/\/www.otiumhome.fi\/index.php\/wp-json\/wp\/v2\/media?parent=153120"}],"wp:term":[{"taxonomy":"product_brand","embeddable":true,"href":"https:\/\/www.otiumhome.fi\/index.php\/wp-json\/wp\/v2\/product_brand?post=153120"},{"taxonomy":"product_cat","embeddable":true,"href":"https:\/\/www.otiumhome.fi\/index.php\/wp-json\/wp\/v2\/product_cat?post=153120"},{"taxonomy":"product_tag","embeddable":true,"href":"https:\/\/www.otiumhome.fi\/index.php\/wp-json\/wp\/v2\/product_tag?post=153120"}],"curies":[{"name":"wp","href":"https:\/\/api.w.org\/{rel}","templated":true}]}}