{"id":153108,"date":"2025-06-28T06:20:49","date_gmt":"2025-06-28T06:20:49","guid":{"rendered":"https:\/\/www.otiumhome.fi\/?p=153108"},"modified":"2025-12-09T11:28:50","modified_gmt":"2025-12-09T11:28:50","slug":"paivavuode-paatylla-vanha-puu-90-x-200-cm-tekninen-puu","status":"publish","type":"product","link":"https:\/\/www.otiumhome.fi\/index.php\/tuote\/paivavuode-paatylla-vanha-puu-90-x-200-cm-tekninen-puu\/","title":{"rendered":"P\u00e4iv\u00e4vuode p\u00e4\u00e4tyll\u00e4 Vanha Puu 90 x 200 cm Tekninen puu"},"content":{"rendered":"<p>Rustinen teknisest\u00e4 puusta tehty p\u00e4iv\u00e4vuode, jossa on laatikot, on suunniteltu moderneihin tiloihin. Se yhdist\u00e4\u00e4 k\u00e4yt\u00e4nn\u00f6llisyyden ja nykyaikaisen tyylin. Sile\u00e4t linjat ja v\u00e4h\u00e4iset koristelut tekev\u00e4t siit\u00e4 sopivan valinnan mihin tahansa yksinkertaista kaipaavaan makuuhuoneeseen. T\u00e4m\u00e4 p\u00e4iv\u00e4vuode toimii monella tavalla: p\u00e4iv\u00e4ll\u00e4 se muuntuu kivan sohvaksi ja y\u00f6ll\u00e4 siit\u00e4 saa mukavan s\u00e4ngyn, joten se on ideaalinen pieniin asuntoihin, joissa arvostetaan monik\u00e4ytt\u00f6isi\u00e4 kalusteita. Sen yksinkertainen vieh\u00e4tys kutsuu erilaisia koristeluvaihtoehtoja, joten voit muokata sit\u00e4 oman maun mukaan.<\/p>\n<ul><\/br><\/p>\n<li><b>Materiaalit:<\/b> Valmistettu teknisest\u00e4 puusta, t\u00e4m\u00e4 p\u00e4iv\u00e4vuode tarjoaa kest\u00e4vyytt\u00e4 ja tyyli\u00e4. Materiaali on tunnettu kest\u00e4vyydest\u00e4\u00e4n, mik\u00e4 takaa, ett\u00e4 se kest\u00e4\u00e4 p\u00e4ivitt\u00e4ist\u00e4 k\u00e4ytt\u00f6\u00e4 ja pysyy houkuttelevana. Sile\u00e4 pinta yhdistyy moderneihin sisustuksiin ja helpottaa sen liitt\u00e4mist\u00e4 olemassa olevaan sisustukseen.<\/li>\n<p><\/br><\/p>\n<li><b>S\u00e4ilytyskyky:<\/b> Tyylikk\u00e4\u00e4t laatikot tarjoavat runsaasti s\u00e4ilytystilaa vuodevaatteille, tyynyille tai kausituotteille. Jokainen laatikko on tehty teknisest\u00e4 puusta, joten se on kest\u00e4v\u00e4 ja helmpi k\u00e4ytt\u00e4\u00e4. Ne liikkuvat sujuvasti, tarjoten k\u00e4yt\u00e4nn\u00f6n ratkaisuja ilman lis\u00e4kalusteita.<\/li>\n<p><\/br><\/p>\n<li><b>Suunnittelu ja toiminta:<\/b> Moderni tyyli n\u00e4kyy puhtaissa linjoissa ja toiminnallisessa k\u00e4yt\u00f6ss\u00e4. Yksinkertainen muotoilu parantaa minimalistista estetiikkaa, joten p\u00e4iv\u00e4vuode sopii monenlaisiin sisustuksiin, modernista loftista vaatimattomiin maalaistaloihin.<\/li>\n<p><\/br><\/p>\n<li><b>Suositellut k\u00e4ytt\u00f6tarkoitukset:<\/b> Ihan t\u00e4ydellinen asuntolatoimintoihin, vierashuoneisiin tai monik\u00e4ytt\u00f6isiin tiloihin, t\u00e4m\u00e4 p\u00e4iv\u00e4vuode siirtyy helposti makuupaikasta istumapaikaksi. Se palvelee niin vieraita kuin asukkaita, jotka etsiv\u00e4t tehokasta tilank\u00e4ytt\u00f6\u00e4 ilman mukavuuden tinkimist\u00e4.<\/li>\n<p><\/br><\/p>\n<li><b>Hoito ja yll\u00e4pito:<\/b> P\u00e4iv\u00e4nvuode vaatii vain v\u00e4h\u00e4ist\u00e4 huoltoa: riitt\u00e4\u00e4, ett\u00e4 pyyhit sen kostealla liinalla, jotta pinta pysyy kiilt\u00e4v\u00e4n\u00e4. T\u00e4m\u00e4 yksinkertainen huolto takaa, ett\u00e4 p\u00e4iv\u00e4vuode pysyy houkuttelevana ja luotettavana osana kotiasi.<\/li>\n<p><\/br><\/ul>\n<ul>\n<li>V\u00e4ri: Vanha puu<\/li>\n<li>Materiaali: Tekninen puu<\/li>\n<li>Kehysmateriaali: Tekninen puu<\/li>\n<li>Yleiset mitat: 203 x 101,5 x 73 cm (P x L x K)<\/li>\n<li>Patjan koko: Yhden hengen s\u00e4nky (90 cm x 200 cm \/ 35&#8243; x 79&#8243;)<\/li>\n<li>Enimm\u00e4ispaino: 110 kg<\/li>\n<li>Onko slated kehys: Kyll\u00e4<\/li>\n<li>Enimm\u00e4ism\u00e4\u00e4r\u00e4 ihmisi\u00e4: 1<\/li>\n<li>Kest\u00e4v\u00e4<\/li>\n<li>Laatikolla<\/li>\n<li>Kokoonpano vaaditaan: Kyll\u00e4<\/li>\n<li>Toimitus-:<\/li>\n<li>1 x P\u00e4iv\u00e4vuode<\/li>\n<\/ul>\n","protected":false},"excerpt":{"rendered":"<ul>\n<li>V\u00e4ri: Vanha puu<\/li>\n<li>Materiaali: Tekninen puu<\/li>\n<li>Kehysmateriaali: Tekninen puu<\/li>\n<li>Yleiset mitat: 203 x 101,5 x 73 cm (P x L x K)<\/li>\n<li>Patjan koko: Yhden hengen s\u00e4nky (90 cm x 200 cm \/ 35&#8243; x 79&#8243;)<\/li>\n<li>Enimm\u00e4ispaino: 110 kg<\/li>\n<li>Onko slated kehys: Kyll\u00e4<\/li>\n<li>Enimm\u00e4ism\u00e4\u00e4r\u00e4 ihmisi\u00e4: 1<\/li>\n<li>Kest\u00e4v\u00e4<\/li>\n<li>Laatikolla<\/li>\n<li>Kokoonpano vaaditaan: Kyll\u00e4<\/li>\n<li>Toimitus-:<\/li>\n<li>1 x P\u00e4iv\u00e4vuode<\/li>\n<\/ul>\n","protected":false},"featured_media":100000153108,"comment_status":"closed","ping_status":"closed","template":"","meta":[],"product_brand":[],"product_cat":[84,8638],"product_tag":[],"class_list":{"0":"post-153108","1":"product","2":"type-product","3":"status-publish","4":"has-post-thumbnail","6":"product_cat-huonekalut","7":"product_cat-sangyt-sangynrungot","9":"first","10":"instock","11":"taxable","12":"shipping-taxable","13":"purchasable","14":"product-type-simple"},"_links":{"self":[{"href":"https:\/\/www.otiumhome.fi\/index.php\/wp-json\/wp\/v2\/product\/153108","targetHints":{"allow":["GET"]}}],"collection":[{"href":"https:\/\/www.otiumhome.fi\/index.php\/wp-json\/wp\/v2\/product"}],"about":[{"href":"https:\/\/www.otiumhome.fi\/index.php\/wp-json\/wp\/v2\/types\/product"}],"replies":[{"embeddable":true,"href":"https:\/\/www.otiumhome.fi\/index.php\/wp-json\/wp\/v2\/comments?post=153108"}],"wp:featuredmedia":[{"embeddable":true,"href":"https:\/\/www.otiumhome.fi\/index.php\/wp-json\/"}],"wp:attachment":[{"href":"https:\/\/www.otiumhome.fi\/index.php\/wp-json\/wp\/v2\/media?parent=153108"}],"wp:term":[{"taxonomy":"product_brand","embeddable":true,"href":"https:\/\/www.otiumhome.fi\/index.php\/wp-json\/wp\/v2\/product_brand?post=153108"},{"taxonomy":"product_cat","embeddable":true,"href":"https:\/\/www.otiumhome.fi\/index.php\/wp-json\/wp\/v2\/product_cat?post=153108"},{"taxonomy":"product_tag","embeddable":true,"href":"https:\/\/www.otiumhome.fi\/index.php\/wp-json\/wp\/v2\/product_tag?post=153108"}],"curies":[{"name":"wp","href":"https:\/\/api.w.org\/{rel}","templated":true}]}}