{"id":152491,"date":"2025-06-21T17:54:30","date_gmt":"2025-06-21T17:54:30","guid":{"rendered":"https:\/\/www.otiumhome.fi\/?p=152491"},"modified":"2025-12-14T04:43:27","modified_gmt":"2025-12-14T04:43:27","slug":"baarijakkarat-6-kpl-taysi-vaneri-teras","status":"publish","type":"product","link":"https:\/\/www.otiumhome.fi\/index.php\/tuote\/baarijakkarat-6-kpl-taysi-vaneri-teras\/","title":{"rendered":"Baarijakkarat 6 kpl t\u00e4ysi vaneri ter\u00e4s"},"content":{"rendered":"<p>T\u00e4m\u00e4 yksinkertaisen elegantti baarituolisarja sis\u00e4lt\u00e4\u00e4 6 osaa ja on loistava lis\u00e4 ruokasaliin tai keitti\u00f6\u00f6n.<\/p>\n<\/p>\n<p>Ruokatuolit on valmistettu t\u00e4ydest\u00e4 vanerista, mik\u00e4 tekee niist\u00e4 eritt\u00e4in tukevia, kest\u00e4vi\u00e4 ja helppoja puhdistaa kostealla liinalla. Jauhemaalatut ter\u00e4sjalat lis\u00e4\u00e4v\u00e4t tuolien vakautta. Lis\u00e4ksi tuolit voidaan pinota tallennustilan s\u00e4\u00e4st\u00e4miseksi, kun niit\u00e4 ei k\u00e4ytet\u00e4.<\/p>\n<\/p>\n<p>Toimitukseen sis\u00e4ltyy 6 baarituolia.<\/p>\n<ul>\n<li>V\u00e4ri: musta<\/li>\n<li>Materiaali: jauhemaalattu ter\u00e4s, t\u00e4ysi vaneri<\/li>\n<li>Mitat: 41,5 x 59 x 116,5 cm (L x S x K)<\/li>\n<li>Istuimen korkeus maasta: 76 cm<\/li>\n<li>Voidaan pinota p\u00e4\u00e4llek\u00e4in<\/li>\n<li>Hiottu, maalattu ja lakattu<\/li>\n<li><strong>Toimitus sis\u00e4lt\u00e4\u00e4:<\/strong><\/li>\n<li>6 x baarituoli<\/li>\n<\/ul>\n","protected":false},"excerpt":{"rendered":"<ul>\n<li>V\u00e4ri: musta<\/li>\n<li>Materiaali: jauhemaalattu ter\u00e4s, t\u00e4ysi vaneri<\/li>\n<li>Mitat: 41,5 x 59 x 116,5 cm (L x S x K)<\/li>\n<li>Istuimen korkeus maasta: 76 cm<\/li>\n<li>Voidaan pinota p\u00e4\u00e4llek\u00e4in<\/li>\n<li>Hiottu, maalattu ja lakattu<\/li>\n<li><strong>Toimitus sis\u00e4lt\u00e4\u00e4:<\/strong><\/li>\n<li>6 x baarituoli<\/li>\n<\/ul>\n","protected":false},"featured_media":100000152491,"comment_status":"closed","ping_status":"closed","template":"","meta":[],"product_brand":[],"product_cat":[8536,84],"product_tag":[],"class_list":{"0":"post-152491","1":"product","2":"type-product","3":"status-publish","4":"has-post-thumbnail","6":"product_cat-baarijakkarat","7":"product_cat-huonekalut","9":"first","10":"instock","11":"taxable","12":"shipping-taxable","13":"purchasable","14":"product-type-simple"},"_links":{"self":[{"href":"https:\/\/www.otiumhome.fi\/index.php\/wp-json\/wp\/v2\/product\/152491","targetHints":{"allow":["GET"]}}],"collection":[{"href":"https:\/\/www.otiumhome.fi\/index.php\/wp-json\/wp\/v2\/product"}],"about":[{"href":"https:\/\/www.otiumhome.fi\/index.php\/wp-json\/wp\/v2\/types\/product"}],"replies":[{"embeddable":true,"href":"https:\/\/www.otiumhome.fi\/index.php\/wp-json\/wp\/v2\/comments?post=152491"}],"wp:featuredmedia":[{"embeddable":true,"href":"https:\/\/www.otiumhome.fi\/index.php\/wp-json\/"}],"wp:attachment":[{"href":"https:\/\/www.otiumhome.fi\/index.php\/wp-json\/wp\/v2\/media?parent=152491"}],"wp:term":[{"taxonomy":"product_brand","embeddable":true,"href":"https:\/\/www.otiumhome.fi\/index.php\/wp-json\/wp\/v2\/product_brand?post=152491"},{"taxonomy":"product_cat","embeddable":true,"href":"https:\/\/www.otiumhome.fi\/index.php\/wp-json\/wp\/v2\/product_cat?post=152491"},{"taxonomy":"product_tag","embeddable":true,"href":"https:\/\/www.otiumhome.fi\/index.php\/wp-json\/wp\/v2\/product_tag?post=152491"}],"curies":[{"name":"wp","href":"https:\/\/api.w.org\/{rel}","templated":true}]}}