{"id":152487,"date":"2025-06-21T16:59:50","date_gmt":"2025-06-21T16:59:50","guid":{"rendered":"https:\/\/www.otiumhome.fi\/?p=152487"},"modified":"2025-06-24T07:24:28","modified_gmt":"2025-06-24T07:24:28","slug":"sivupoyta-35x45x65-cm-taysi-akaasiapuu","status":"publish","type":"product","link":"https:\/\/www.otiumhome.fi\/index.php\/tuote\/sivupoyta-35x45x65-cm-taysi-akaasiapuu\/","title":{"rendered":"Sivup\u00f6yt\u00e4 35x45x65 cm t\u00e4ysi akaasiapuu"},"content":{"rendered":"<p>T\u00e4m\u00e4 puinen sivup\u00f6yt\u00e4 on sek\u00e4 tyylik\u00e4s ett\u00e4 k\u00e4yt\u00e4nn\u00f6llinen ja tulee olemaan mink\u00e4 tahansa huoneen huomion keskipiste.<\/p>\n<\/p>\n<p>T\u00e4m\u00e4 sohvap\u00f6yt\u00e4 on valmistettu hunajaviimeistellyst\u00e4 t\u00e4ydest\u00e4 akaasiapuusta, joka tekee siit\u00e4 vakaan ja turvallisen paikan asettaa juomat, hedelm\u00e4korit ja muut koristeet. Akaasiapuu on tihe\u00e4syinen trooppinen lehtipuu. Jauhemaalattu rautarunko lis\u00e4\u00e4 sen kiinte\u00e4\u00e4 rakennetta. Erinomainen k\u00e4sity\u00f6taito ja puunsyyt tekev\u00e4t jokaisesta kappaleesta erottuvan ja hieman erilaisen kuin seuraavasta.<\/p>\n<\/p>\n<p><strong>T\u00e4rke\u00e4 huomautus: <\/strong>V\u00e4rit ja puunsyyt saattavat vaihdella kappaleittain, mik\u00e4 tekee jokaisesta huonekalusta ainutlaatuisen. Toimitus on sattumanvarainen.<\/p>\n<ul>\n<li>V\u00e4ri: ruskea ja musta<\/li>\n<li>Materiaali: t\u00e4ysi akaasiapuu hunajanv\u00e4risell\u00e4 viimeistelyll\u00e4, musta jauhemaalattu rauta<\/li>\n<li>Mitat: 35 x 45 x 65 cm (P x L x K)<\/li>\n<li>Asennus vaaditaan: kyll\u00e4<\/li>\n<\/ul>\n","protected":false},"excerpt":{"rendered":"<ul>\n<li>V\u00e4ri: ruskea ja musta<\/li>\n<li>Materiaali: t\u00e4ysi akaasiapuu hunajanv\u00e4risell\u00e4 viimeistelyll\u00e4, musta jauhemaalattu rauta<\/li>\n<li>Mitat: 35 x 45 x 65 cm (P x L x K)<\/li>\n<li>Asennus vaaditaan: kyll\u00e4<\/li>\n<\/ul>\n","protected":false},"featured_media":100000152487,"comment_status":"closed","ping_status":"closed","template":"","meta":[],"product_brand":[],"product_cat":[8534,84,8533],"product_tag":[],"class_list":{"0":"post-152487","1":"product","2":"type-product","3":"status-publish","4":"has-post-thumbnail","6":"product_cat-apupoydat","7":"product_cat-huonekalut","8":"product_cat-sivupoydat","10":"first","11":"outofstock","12":"taxable","13":"shipping-taxable","14":"purchasable","15":"product-type-simple"},"_links":{"self":[{"href":"https:\/\/www.otiumhome.fi\/index.php\/wp-json\/wp\/v2\/product\/152487","targetHints":{"allow":["GET"]}}],"collection":[{"href":"https:\/\/www.otiumhome.fi\/index.php\/wp-json\/wp\/v2\/product"}],"about":[{"href":"https:\/\/www.otiumhome.fi\/index.php\/wp-json\/wp\/v2\/types\/product"}],"replies":[{"embeddable":true,"href":"https:\/\/www.otiumhome.fi\/index.php\/wp-json\/wp\/v2\/comments?post=152487"}],"wp:featuredmedia":[{"embeddable":true,"href":"https:\/\/www.otiumhome.fi\/index.php\/wp-json\/"}],"wp:attachment":[{"href":"https:\/\/www.otiumhome.fi\/index.php\/wp-json\/wp\/v2\/media?parent=152487"}],"wp:term":[{"taxonomy":"product_brand","embeddable":true,"href":"https:\/\/www.otiumhome.fi\/index.php\/wp-json\/wp\/v2\/product_brand?post=152487"},{"taxonomy":"product_cat","embeddable":true,"href":"https:\/\/www.otiumhome.fi\/index.php\/wp-json\/wp\/v2\/product_cat?post=152487"},{"taxonomy":"product_tag","embeddable":true,"href":"https:\/\/www.otiumhome.fi\/index.php\/wp-json\/wp\/v2\/product_tag?post=152487"}],"curies":[{"name":"wp","href":"https:\/\/api.w.org\/{rel}","templated":true}]}}