{"id":151680,"date":"2025-06-16T16:33:39","date_gmt":"2025-06-16T16:33:39","guid":{"rendered":"https:\/\/www.otiumhome.fi\/?p=151680"},"modified":"2025-09-29T23:24:25","modified_gmt":"2025-09-29T23:24:25","slug":"kirjahylly-tammi-40x24x176-cm-insinooripuu","status":"publish","type":"product","link":"https:\/\/www.otiumhome.fi\/index.php\/tuote\/kirjahylly-tammi-40x24x176-cm-insinooripuu\/","title":{"rendered":"Kirjahylly tammi 40x24x176 cm insin\u00f6\u00f6ripuu"},"content":{"rendered":"<p>Luo lis\u00e4\u00e4 s\u00e4ilytystilaa kotiisi ja toimistoosi t\u00e4ll\u00e4 kirjahyllyll\u00e4! L\u00f6yd\u00e4t t\u00e4ydellisen tilan kaikille aarteillesi.<\/p>\n<\/p>\n<ul>\n<li>Kest\u00e4v\u00e4 materiaali: Puu on poikkeuksellisen laadukasta ja sile\u00e4pintaista. Se on my\u00f6s kest\u00e4v\u00e4, vakaa ja kest\u00e4\u00e4 kosteutta.<\/li>\n<li>Runsaasti s\u00e4ilytystilaa: T\u00e4m\u00e4 kirjahylly on suunniteltu avoimilla lokeroilla, jotka tarjoavat runsaasti s\u00e4ilytystilaa lehtien, kirjojen, DVD-levyjen, multimedialaitteiden ja muiden koriste-esineiden s\u00e4ilytt\u00e4miseen hyvin j\u00e4rjestyksess\u00e4 ja k\u00e4den ulottuvilla.<\/li>\n<li>Helppohoitoinen: Sile\u00e4n pinnan ansiosta s\u00e4ilytyskaappi on helppo puhdistaa kostealla liinalla, eik\u00e4 se vaadi paljon huoltoa.<\/li>\n<li>Laaja k\u00e4ytt\u00f6alue: T\u00e4m\u00e4 kirjahylly on monipuolinen ja sopii makuuhuoneisiin, olohuoneisiin, k\u00e4yt\u00e4viin ja niin edelleen tarpeidesi mukaan.<\/li>\n<\/ul>\n<p>Hyv\u00e4 tiet\u00e4\u00e4:<\/p>\n<ul>\n<li>Sein\u00e4n sis\u00e4puolelle tarkoitetut ruuvit ja tulpat eiv\u00e4t sis\u00e4lly toimitukseen. Suosittelemme etsim\u00e4\u00e4n ja k\u00e4ytt\u00e4m\u00e4\u00e4n seinille sopivia ruuveja ja tulppia. Jos et ole varma, voit kysy\u00e4 neuvoa ammattilaiselta. Lue ja noudata ohjeita jokaista vaihetta.<\/li>\n<\/ul>\n<p>Varoitus:<\/p>\n<ul>\n<li>Jotta tuote ei kaatuisi, sit\u00e4 on k\u00e4ytett\u00e4v\u00e4 mukana toimitetun sein\u00e4kiinnikkeen kanssa.<\/li>\n<\/ul>\n<ul>\n<li>V\u00e4ri: Artisian tammi<\/li>\n<li>Materiaali: Tekninen puu<\/li>\n<li>Mitat: 40 x 24 x 176 cm (L x S x K)<\/li>\n<li>Asennus vaaditaan: Kyll\u00e4<\/li>\n<li>Legal Documents:\n<p><span>Lis\u00e4tietoja huonekalujesi kaatumisen est\u00e4misest\u00e4 voit l\u00f6yt\u00e4\u00e4 <span style=\"text-decoration: underline\"><strong><a title=\"https:\/\/bit.ly\/3bVwkQp\" href=\"https:\/\/bit.ly\/3bVwkQp\" target=\"_blank\">t\u00e4\u00e4lt\u00e4<\/a><\/strong><\/span><\/span><\/p>\n<\/li>\n<\/ul>\n","protected":false},"excerpt":{"rendered":"<ul>\n<li>V\u00e4ri: Artisian tammi<\/li>\n<li>Materiaali: Tekninen puu<\/li>\n<li>Mitat: 40 x 24 x 176 cm (L x S x K)<\/li>\n<li>Asennus vaaditaan: Kyll\u00e4<\/li>\n<li>Legal Documents:\n<p><span>Lis\u00e4tietoja huonekalujesi kaatumisen est\u00e4misest\u00e4 voit l\u00f6yt\u00e4\u00e4 <span style=\"text-decoration: underline\"><strong><a title=\"https:\/\/bit.ly\/3bVwkQp\" href=\"https:\/\/bit.ly\/3bVwkQp\" target=\"_blank\">t\u00e4\u00e4lt\u00e4<\/a><\/strong><\/span><\/span><\/p>\n<\/li>\n<\/ul>\n","protected":false},"featured_media":100000151680,"comment_status":"closed","ping_status":"closed","template":"","meta":[],"product_brand":[],"product_cat":[84,8547],"product_tag":[],"class_list":{"0":"post-151680","1":"product","2":"type-product","3":"status-publish","4":"has-post-thumbnail","6":"product_cat-huonekalut","7":"product_cat-kirjahyllyt","9":"first","10":"instock","11":"taxable","12":"shipping-taxable","13":"purchasable","14":"product-type-simple"},"_links":{"self":[{"href":"https:\/\/www.otiumhome.fi\/index.php\/wp-json\/wp\/v2\/product\/151680","targetHints":{"allow":["GET"]}}],"collection":[{"href":"https:\/\/www.otiumhome.fi\/index.php\/wp-json\/wp\/v2\/product"}],"about":[{"href":"https:\/\/www.otiumhome.fi\/index.php\/wp-json\/wp\/v2\/types\/product"}],"replies":[{"embeddable":true,"href":"https:\/\/www.otiumhome.fi\/index.php\/wp-json\/wp\/v2\/comments?post=151680"}],"wp:featuredmedia":[{"embeddable":true,"href":"https:\/\/www.otiumhome.fi\/index.php\/wp-json\/"}],"wp:attachment":[{"href":"https:\/\/www.otiumhome.fi\/index.php\/wp-json\/wp\/v2\/media?parent=151680"}],"wp:term":[{"taxonomy":"product_brand","embeddable":true,"href":"https:\/\/www.otiumhome.fi\/index.php\/wp-json\/wp\/v2\/product_brand?post=151680"},{"taxonomy":"product_cat","embeddable":true,"href":"https:\/\/www.otiumhome.fi\/index.php\/wp-json\/wp\/v2\/product_cat?post=151680"},{"taxonomy":"product_tag","embeddable":true,"href":"https:\/\/www.otiumhome.fi\/index.php\/wp-json\/wp\/v2\/product_tag?post=151680"}],"curies":[{"name":"wp","href":"https:\/\/api.w.org\/{rel}","templated":true}]}}