{"id":151596,"date":"2025-06-16T16:17:23","date_gmt":"2025-06-16T16:17:23","guid":{"rendered":"https:\/\/www.otiumhome.fi\/?p=151596"},"modified":"2025-06-17T02:00:32","modified_gmt":"2025-06-17T02:00:32","slug":"viinikaappi-halden-viinitelineilla-ja-liukuovella-harmaa-manty","status":"publish","type":"product","link":"https:\/\/www.otiumhome.fi\/index.php\/tuote\/viinikaappi-halden-viinitelineilla-ja-liukuovella-harmaa-manty\/","title":{"rendered":"Viinikaappi HALDEN viinitelineill\u00e4 ja liukuovella harmaa m\u00e4nty"},"content":{"rendered":"<p>HALDEN-sarjan viinikaappi on suunniteltu tuomaan sek\u00e4 toiminnallisuutta ett\u00e4 esteettist\u00e4 vetovoimaa asuintilaasi.<\/p>\n<ul>\n<li>Pitk\u00e4ik\u00e4inen materiaali: Massiivim\u00e4nty on kaunis luonnonmateriaali, joka tunnetaan kest\u00e4vyydest\u00e4\u00e4n ja pitk\u00e4ik\u00e4isyydest\u00e4\u00e4n. Sen suora syykuvio lis\u00e4\u00e4 sen vetovoimaa, ja oksat antavat sille tunnusomaisen maalaismaisen ulkon\u00e4\u00f6n.<\/li>\n<li><\/li>\n<li>Runsaasti s\u00e4ilytystilaa: Kaapissa on liukuovi, hyllyt ja viinipullotelineet, jotka tarjoavat monipuolisia s\u00e4ilytysratkaisuja, jotka pit\u00e4v\u00e4t juomasi tai v\u00e4ltt\u00e4m\u00e4tt\u00f6m\u00e4t tavarasi j\u00e4rjestyksess\u00e4 ja siistein\u00e4. Liukuovi maksimoi kaapin kapasiteetin, mik\u00e4 tekee siit\u00e4 tehokkaan vaihtoehdon siistin tilan yll\u00e4pit\u00e4miseen.<\/li>\n<li><\/li>\n<li>Laajat k\u00e4ytt\u00f6mahdollisuudet: Kaappi sopii erinomaisesti erilaisiin tiloihin, kuten ruokailuhuoneisiin, olohuoneisiin ja k\u00e4yt\u00e4viin, joten se sopii t\u00e4ydellisesti viinikokoelmasi tai muiden aarteiden esittelyyn.<\/li>\n<li><\/li>\n<li>Sulavasti liukuva ovi: Kest\u00e4vien metalliosien ja sulavasti liukuvan mekanismin ansiosta ovi varmistaa helpon p\u00e4\u00e4syn ja vaivattoman k\u00e4yt\u00f6n, ja laitteisto lis\u00e4\u00e4 kaapin esteettist\u00e4 vetovoimaa.<\/li>\n<\/ul>\n<p>Varoitus:<\/p>\n<ul>\n<li>Kaatumisen est\u00e4miseksi t\u00e4t\u00e4 tuotetta on k\u00e4ytett\u00e4v\u00e4 mukana tulevan sein\u00e4kiinnikkeen kanssa.<\/li>\n<\/ul>\n<ul>\n<li>V\u00e4ri: Harmaa<\/li>\n<li>Materiaali: Massiivim\u00e4nty, metalli<\/li>\n<li>Mitat: 80 x 40 x 113,5 cm (L x S x K)<\/li>\n<li>Kaksitoista viinipullotelinett\u00e4 ja liukuovi<\/li>\n<li>Suurin painokapasiteetti hylly\u00e4 kohden: 20 kg<\/li>\n<li>Valmistajan nimi: HALDEN<\/li>\n<li>Kokoaminen vaaditaan: Kyll\u00e4<\/li>\n<\/ul>\n","protected":false},"excerpt":{"rendered":"<ul>\n<li>V\u00e4ri: Harmaa<\/li>\n<li>Materiaali: Massiivim\u00e4nty, metalli<\/li>\n<li>Mitat: 80 x 40 x 113,5 cm (L x S x K)<\/li>\n<li>Kaksitoista viinipullotelinett\u00e4 ja liukuovi<\/li>\n<li>Suurin painokapasiteetti hylly\u00e4 kohden: 20 kg<\/li>\n<li>Valmistajan nimi: HALDEN<\/li>\n<li>Kokoaminen vaaditaan: Kyll\u00e4<\/li>\n<\/ul>\n","protected":false},"featured_media":100000151596,"comment_status":"closed","ping_status":"closed","template":"","meta":[],"product_brand":[],"product_cat":[8537,84],"product_tag":[],"class_list":{"0":"post-151596","1":"product","2":"type-product","3":"status-publish","4":"has-post-thumbnail","6":"product_cat-baarikaapit","7":"product_cat-huonekalut","9":"first","10":"instock","11":"taxable","12":"shipping-taxable","13":"purchasable","14":"product-type-simple"},"_links":{"self":[{"href":"https:\/\/www.otiumhome.fi\/index.php\/wp-json\/wp\/v2\/product\/151596","targetHints":{"allow":["GET"]}}],"collection":[{"href":"https:\/\/www.otiumhome.fi\/index.php\/wp-json\/wp\/v2\/product"}],"about":[{"href":"https:\/\/www.otiumhome.fi\/index.php\/wp-json\/wp\/v2\/types\/product"}],"replies":[{"embeddable":true,"href":"https:\/\/www.otiumhome.fi\/index.php\/wp-json\/wp\/v2\/comments?post=151596"}],"wp:featuredmedia":[{"embeddable":true,"href":"https:\/\/www.otiumhome.fi\/index.php\/wp-json\/"}],"wp:attachment":[{"href":"https:\/\/www.otiumhome.fi\/index.php\/wp-json\/wp\/v2\/media?parent=151596"}],"wp:term":[{"taxonomy":"product_brand","embeddable":true,"href":"https:\/\/www.otiumhome.fi\/index.php\/wp-json\/wp\/v2\/product_brand?post=151596"},{"taxonomy":"product_cat","embeddable":true,"href":"https:\/\/www.otiumhome.fi\/index.php\/wp-json\/wp\/v2\/product_cat?post=151596"},{"taxonomy":"product_tag","embeddable":true,"href":"https:\/\/www.otiumhome.fi\/index.php\/wp-json\/wp\/v2\/product_tag?post=151596"}],"curies":[{"name":"wp","href":"https:\/\/api.w.org\/{rel}","templated":true}]}}