{"id":144941,"date":"2025-04-23T18:38:43","date_gmt":"2025-04-23T18:38:43","guid":{"rendered":"https:\/\/www.otiumhome.fi\/?p=144941"},"modified":"2025-06-06T16:36:46","modified_gmt":"2025-06-06T16:36:46","slug":"kapea-kylpyhuonekaappi-pyorilla-sonoma-tammi-tekninen-puu","status":"publish","type":"product","link":"https:\/\/www.otiumhome.fi\/index.php\/tuote\/kapea-kylpyhuonekaappi-pyorilla-sonoma-tammi-tekninen-puu\/","title":{"rendered":"Kapea kylpyhuonekaappi py\u00f6rill\u00e4 Sonoma-tammi tekninen puu"},"content":{"rendered":"<p>T\u00e4m\u00e4 klassinen, kapea kylpyhuonekaappi tulee olemaan koristeellinen ja k\u00e4yt\u00e4nn\u00f6llinen lis\u00e4 kotiisi.<\/p>\n<\/p>\n<ul>\n<li>Vakaa ja kest\u00e4v\u00e4 materiaali: Tekninen puu on kest\u00e4v\u00e4 ja vakaa materiaali, jonka sile\u00e4 pinta kest\u00e4\u00e4 kosteutta, v\u00e4\u00e4ntymist\u00e4 ja halkeilua, joten se on luotettava valinta erilaisiin projekteihin.<\/li>\n<li>Runsaasti s\u00e4ilytystilaa: Kapea kylpyhuonekaappi tarjoaa runsaasti s\u00e4ilytystilaa p\u00e4ivitt\u00e4istarvikkeiden pit\u00e4miseksi hyv\u00e4ss\u00e4 j\u00e4rjestyksess\u00e4, se tarjoaa my\u00f6s suojan tavaroillesi p\u00f6lylt\u00e4 ja lialta.<\/li>\n<li>Helppo siirt\u00e4\u00e4: T\u00e4m\u00e4 nelj\u00e4ll\u00e4 k\u00e4\u00e4ntyv\u00e4ll\u00e4 py\u00f6r\u00e4ll\u00e4 varustettu kapea kylpyhuonekaappi on helppo siirt\u00e4\u00e4 haluttuun paikkaan. Kaksi lukittavaa py\u00f6r\u00e4\u00e4 pit\u00e4v\u00e4t kaapin paikallaan ja lis\u00e4\u00e4v\u00e4t vakautta.<\/li>\n<li>Helppok\u00e4ytt\u00f6inen: Ohut kylpyhuoneen s\u00e4ilytyskaappi sis\u00e4lt\u00e4\u00e4 laadukkaat, sujuvasti liikkuvat metallikiskot, joten s\u00e4ilytett\u00e4v\u00e4t tavarat ovat helposti saatavilla.<\/li>\n<li>Laaja k\u00e4ytt\u00f6: T\u00e4t\u00e4 kapeaa kylpyhuonekaappia voidaan k\u00e4ytt\u00e4\u00e4 s\u00e4ilytyskaappina tai lipastona kylpyhuoneessa, keitti\u00f6ss\u00e4 tai olohuoneessa tarpeidesi mukaan.<\/li>\n<\/ul>\n<ul>\n<li>V\u00e4ri: Sonoma-tammi<\/li>\n<li>Materiaali: Tekninen puu<\/li>\n<li>Kokonaismitat: 65 x 23 x 90 cm (L x S x K)<\/li>\n<li>Laatikon mitat: 19 x 43,5 x 16 cm (L x S x K)<\/li>\n<li>Yl\u00e4laatikon mitat: 16 x 60 x 55 cm (L x S x K)<\/li>\n<li>Hyllyn kantavuus: 20 kg<\/li>\n<li>Kantavuus laatikkoa kohden: 5-8 kg<\/li>\n<li>Kokonaiskantavuus: 60 kg<\/li>\n<li>Py\u00f6rien lukum\u00e4\u00e4r\u00e4: 4 (kahdessa on jarrut)<\/li>\n<li>Asennus vaaditaan: Kyll\u00e4<\/li>\n<\/ul>\n","protected":false},"excerpt":{"rendered":"<ul>\n<li>V\u00e4ri: Sonoma-tammi<\/li>\n<li>Materiaali: Tekninen puu<\/li>\n<li>Kokonaismitat: 65 x 23 x 90 cm (L x S x K)<\/li>\n<li>Laatikon mitat: 19 x 43,5 x 16 cm (L x S x K)<\/li>\n<li>Yl\u00e4laatikon mitat: 16 x 60 x 55 cm (L x S x K)<\/li>\n<li>Hyllyn kantavuus: 20 kg<\/li>\n<li>Kantavuus laatikkoa kohden: 5-8 kg<\/li>\n<li>Kokonaiskantavuus: 60 kg<\/li>\n<li>Py\u00f6rien lukum\u00e4\u00e4r\u00e4: 4 (kahdessa on jarrut)<\/li>\n<li>Asennus vaaditaan: Kyll\u00e4<\/li>\n<\/ul>\n","protected":false},"featured_media":100000144941,"comment_status":"closed","ping_status":"closed","template":"","meta":[],"product_brand":[],"product_cat":[84,8635],"product_tag":[],"class_list":{"0":"post-144941","1":"product","2":"type-product","3":"status-publish","4":"has-post-thumbnail","6":"product_cat-huonekalut","7":"product_cat-sailytys-lukkokaapit","9":"first","10":"instock","11":"taxable","12":"shipping-taxable","13":"purchasable","14":"product-type-simple"},"_links":{"self":[{"href":"https:\/\/www.otiumhome.fi\/index.php\/wp-json\/wp\/v2\/product\/144941","targetHints":{"allow":["GET"]}}],"collection":[{"href":"https:\/\/www.otiumhome.fi\/index.php\/wp-json\/wp\/v2\/product"}],"about":[{"href":"https:\/\/www.otiumhome.fi\/index.php\/wp-json\/wp\/v2\/types\/product"}],"replies":[{"embeddable":true,"href":"https:\/\/www.otiumhome.fi\/index.php\/wp-json\/wp\/v2\/comments?post=144941"}],"wp:featuredmedia":[{"embeddable":true,"href":"https:\/\/www.otiumhome.fi\/index.php\/wp-json\/"}],"wp:attachment":[{"href":"https:\/\/www.otiumhome.fi\/index.php\/wp-json\/wp\/v2\/media?parent=144941"}],"wp:term":[{"taxonomy":"product_brand","embeddable":true,"href":"https:\/\/www.otiumhome.fi\/index.php\/wp-json\/wp\/v2\/product_brand?post=144941"},{"taxonomy":"product_cat","embeddable":true,"href":"https:\/\/www.otiumhome.fi\/index.php\/wp-json\/wp\/v2\/product_cat?post=144941"},{"taxonomy":"product_tag","embeddable":true,"href":"https:\/\/www.otiumhome.fi\/index.php\/wp-json\/wp\/v2\/product_tag?post=144941"}],"curies":[{"name":"wp","href":"https:\/\/api.w.org\/{rel}","templated":true}]}}