{"id":143748,"date":"2025-04-10T03:03:52","date_gmt":"2025-04-10T03:03:52","guid":{"rendered":"https:\/\/www.otiumhome.fi\/?p=143748"},"modified":"2025-06-06T16:36:47","modified_gmt":"2025-06-06T16:36:47","slug":"kapea-kylpyhuonekaappi-pyorilla-vanha-puu-tekninen-puu","status":"publish","type":"product","link":"https:\/\/www.otiumhome.fi\/index.php\/tuote\/kapea-kylpyhuonekaappi-pyorilla-vanha-puu-tekninen-puu\/","title":{"rendered":"Kapea kylpyhuonekaappi py\u00f6rill\u00e4 vanha puu tekninen puu"},"content":{"rendered":"<p>T\u00e4m\u00e4 klassinen, kapea kylpyhuonekaappi tulee olemaan koristeellinen ja k\u00e4yt\u00e4nn\u00f6llinen lis\u00e4 kotiisi.<\/p>\n<\/p>\n<ul>\n<li>Vakaa ja kest\u00e4v\u00e4 materiaali: Tekninen puu on kest\u00e4v\u00e4 ja vakaa materiaali, jonka sile\u00e4 pinta kest\u00e4\u00e4 kosteutta, v\u00e4\u00e4ntymist\u00e4 ja halkeilua, joten se on luotettava valinta erilaisiin projekteihin.<\/li>\n<li>Runsaasti s\u00e4ilytystilaa: Kapea kylpyhuonekaappi tarjoaa runsaasti s\u00e4ilytystilaa p\u00e4ivitt\u00e4istarvikkeiden pit\u00e4miseksi hyv\u00e4ss\u00e4 j\u00e4rjestyksess\u00e4, se tarjoaa my\u00f6s suojan tavaroillesi p\u00f6lylt\u00e4 ja lialta.<\/li>\n<li>Helppok\u00e4ytt\u00f6inen: Kapeassa kylpyhuoneen kaapissa on laadukkaat metallikiskot ja tyylikk\u00e4\u00e4t kahvat, jotta niit\u00e4 voidaan liikuttaa sujuvasti, t\u00e4ten s\u00e4ilytetyt tavarat ovat helposti saatavilla.<\/li>\n<li>Helppo siirt\u00e4\u00e4: Ohut kylpyhuoneen s\u00e4ilytyskaappi on varustettu kahdella py\u00f6r\u00e4ll\u00e4, joten se voidaan siirt\u00e4\u00e4 helposti haluamaasi paikkaan tarpeidesi mukaan.<\/li>\n<li>Laaja k\u00e4ytt\u00f6: T\u00e4t\u00e4 ohutta kylpyhuonekaappia voidaan k\u00e4ytt\u00e4\u00e4 s\u00e4ilytyskaappina tai lipastona kylpyhuoneessa, keitti\u00f6ss\u00e4 tai olohuoneessa tarpeidesi mukaan.<\/li>\n<\/ul>\n<p>Varoitus:<\/p>\n<ul>\n<li>Kaatumisen est\u00e4miseksi t\u00e4t\u00e4 tuotetta on k\u00e4ytett\u00e4v\u00e4 mukana toimitetun sein\u00e4kiinnityslaitteen kanssa.<\/li>\n<\/ul>\n<p>Hyv\u00e4 tiet\u00e4\u00e4:<\/p>\n<ul>\n<li>Sein\u00e4\u00e4n kiinnitett\u00e4v\u00e4t ruuvit ja tulpat eiv\u00e4t sis\u00e4lly toimitukseen. Etsi ja k\u00e4yt\u00e4 sein\u00e4\u00e4si sopivia ruuveja ja tulppia. Jos olet ep\u00e4varma, kysy ammattilaisen neuvoa. Lue ja seuraa asennusohjeiden jokaista vaihetta huolella.<\/li>\n<\/ul>\n<ul>\n<li>V\u00e4ri: Vanha puu<\/li>\n<li>Materiaali: Tekninen puu<\/li>\n<li>Kokonaismitat: 22 x 44 x 61,5 cm (L x S x K)<\/li>\n<li>Laatikon mitat: 18 x 38,5 x 21\/38 cm (L x S x K)<\/li>\n<li>Kahdella py\u00f6r\u00e4ll\u00e4<\/li>\n<li>Yl\u00e4hyllyn kantavuus: 50 kg<\/li>\n<li>Kantavuus laatikkoa kohden: 5 kg<\/li>\n<li>Kokonaiskantavuus: 75 kg<\/li>\n<li>Asennus vaaditaan: Kyll\u00e4<\/li>\n<li>Legal Documents:\n<p><span>Lis\u00e4tietoja huonekalujesi kaatumisen est\u00e4misest\u00e4 voit l\u00f6yt\u00e4\u00e4 <span style=\"text-decoration: underline\"><strong><a title=\"https:\/\/bit.ly\/3bVwkQp\" href=\"https:\/\/bit.ly\/3bVwkQp\" target=\"_blank\">t\u00e4\u00e4lt\u00e4<\/a><\/strong><\/span><\/span><\/p>\n<\/li>\n<\/ul>\n","protected":false},"excerpt":{"rendered":"<ul>\n<li>V\u00e4ri: Vanha puu<\/li>\n<li>Materiaali: Tekninen puu<\/li>\n<li>Kokonaismitat: 22 x 44 x 61,5 cm (L x S x K)<\/li>\n<li>Laatikon mitat: 18 x 38,5 x 21\/38 cm (L x S x K)<\/li>\n<li>Kahdella py\u00f6r\u00e4ll\u00e4<\/li>\n<li>Yl\u00e4hyllyn kantavuus: 50 kg<\/li>\n<li>Kantavuus laatikkoa kohden: 5 kg<\/li>\n<li>Kokonaiskantavuus: 75 kg<\/li>\n<li>Asennus vaaditaan: Kyll\u00e4<\/li>\n<li>Legal Documents:\n<p><span>Lis\u00e4tietoja huonekalujesi kaatumisen est\u00e4misest\u00e4 voit l\u00f6yt\u00e4\u00e4 <span style=\"text-decoration: underline\"><strong><a title=\"https:\/\/bit.ly\/3bVwkQp\" href=\"https:\/\/bit.ly\/3bVwkQp\" target=\"_blank\">t\u00e4\u00e4lt\u00e4<\/a><\/strong><\/span><\/span><\/p>\n<\/li>\n<\/ul>\n","protected":false},"featured_media":100000143748,"comment_status":"closed","ping_status":"closed","template":"","meta":[],"product_brand":[],"product_cat":[84,8635],"product_tag":[],"class_list":{"0":"post-143748","1":"product","2":"type-product","3":"status-publish","4":"has-post-thumbnail","6":"product_cat-huonekalut","7":"product_cat-sailytys-lukkokaapit","9":"first","10":"instock","11":"taxable","12":"shipping-taxable","13":"purchasable","14":"product-type-simple"},"_links":{"self":[{"href":"https:\/\/www.otiumhome.fi\/index.php\/wp-json\/wp\/v2\/product\/143748","targetHints":{"allow":["GET"]}}],"collection":[{"href":"https:\/\/www.otiumhome.fi\/index.php\/wp-json\/wp\/v2\/product"}],"about":[{"href":"https:\/\/www.otiumhome.fi\/index.php\/wp-json\/wp\/v2\/types\/product"}],"replies":[{"embeddable":true,"href":"https:\/\/www.otiumhome.fi\/index.php\/wp-json\/wp\/v2\/comments?post=143748"}],"wp:featuredmedia":[{"embeddable":true,"href":"https:\/\/www.otiumhome.fi\/index.php\/wp-json\/"}],"wp:attachment":[{"href":"https:\/\/www.otiumhome.fi\/index.php\/wp-json\/wp\/v2\/media?parent=143748"}],"wp:term":[{"taxonomy":"product_brand","embeddable":true,"href":"https:\/\/www.otiumhome.fi\/index.php\/wp-json\/wp\/v2\/product_brand?post=143748"},{"taxonomy":"product_cat","embeddable":true,"href":"https:\/\/www.otiumhome.fi\/index.php\/wp-json\/wp\/v2\/product_cat?post=143748"},{"taxonomy":"product_tag","embeddable":true,"href":"https:\/\/www.otiumhome.fi\/index.php\/wp-json\/wp\/v2\/product_tag?post=143748"}],"curies":[{"name":"wp","href":"https:\/\/api.w.org\/{rel}","templated":true}]}}