{"id":143142,"date":"2025-03-27T09:28:46","date_gmt":"2025-03-27T09:28:46","guid":{"rendered":"https:\/\/www.otiumhome.fi\/?p=143142"},"modified":"2025-12-14T18:50:40","modified_gmt":"2025-12-14T18:50:40","slug":"kaantyva-toimistotuoli-musta-sametti","status":"publish","type":"product","link":"https:\/\/www.otiumhome.fi\/index.php\/tuote\/kaantyva-toimistotuoli-musta-sametti\/","title":{"rendered":"K\u00e4\u00e4ntyv\u00e4 toimistotuoli musta sametti"},"content":{"rendered":"<p>T\u00e4m\u00e4 tyylikk\u00e4\u00e4sti muotoiltu k\u00e4\u00e4ntyv\u00e4 ty\u00f6tuoli on tarkoitettu k\u00e4yt\u00e4nn\u00f6lliseksi ja moderniksi lis\u00e4ksi asuintilaasi.<\/p>\n<\/p>\n<p>Pehme\u00e4ll\u00e4 sametilla verhoiltu toimistotuoli tuo mukanaan varmasti ihanteellista istumamukavuutta. Jauhemaalattu ter\u00e4srunko tarjoaa korkeatasoista tukevuutta. Kaasunostomekanismin ansiosta istuimen korkeus on s\u00e4\u00e4dett\u00e4viss\u00e4. Istuin k\u00e4\u00e4ntyy 360 astetta suuren joustavuuden saavuttamiseksi. Sit\u00e4 on k\u00e4tev\u00e4 liikutella rullapy\u00f6rien avulla.<\/p>\n<ul>\n<li>V\u00e4ri: Musta<\/li>\n<li>Materiaali: Jauhemaalattu ter\u00e4s, sametti (100 % polyesteri)<\/li>\n<li>T\u00e4ytemateriaali: vaahtomuovi<\/li>\n<li>Kokonaismitat: 40 x 47 x (76 &#8211; 87,5) cm (L x S x K)<\/li>\n<li>Istuimen leveys: 40 cm <\/li>\n<li>360 asteen kierto<\/li>\n<li>Kaasujousimekanismi<\/li>\n<li>Asennus vaaditaan: Kyll\u00e4<\/li>\n<\/ul>\n","protected":false},"excerpt":{"rendered":"<ul>\n<li>V\u00e4ri: Musta<\/li>\n<li>Materiaali: Jauhemaalattu ter\u00e4s, sametti (100 % polyesteri)<\/li>\n<li>T\u00e4ytemateriaali: vaahtomuovi<\/li>\n<li>Kokonaismitat: 40 x 47 x (76 &#8211; 87,5) cm (L x S x K)<\/li>\n<li>Istuimen leveys: 40 cm <\/li>\n<li>360 asteen kierto<\/li>\n<li>Kaasujousimekanismi<\/li>\n<li>Asennus vaaditaan: Kyll\u00e4<\/li>\n<\/ul>\n","protected":false},"featured_media":100000143142,"comment_status":"closed","ping_status":"closed","template":"","meta":[],"product_brand":[],"product_cat":[84,8643],"product_tag":[],"class_list":{"0":"post-143142","1":"product","2":"type-product","3":"status-publish","4":"has-post-thumbnail","6":"product_cat-huonekalut","7":"product_cat-tyotuolit","9":"first","10":"instock","11":"taxable","12":"shipping-taxable","13":"purchasable","14":"product-type-simple"},"_links":{"self":[{"href":"https:\/\/www.otiumhome.fi\/index.php\/wp-json\/wp\/v2\/product\/143142","targetHints":{"allow":["GET"]}}],"collection":[{"href":"https:\/\/www.otiumhome.fi\/index.php\/wp-json\/wp\/v2\/product"}],"about":[{"href":"https:\/\/www.otiumhome.fi\/index.php\/wp-json\/wp\/v2\/types\/product"}],"replies":[{"embeddable":true,"href":"https:\/\/www.otiumhome.fi\/index.php\/wp-json\/wp\/v2\/comments?post=143142"}],"wp:featuredmedia":[{"embeddable":true,"href":"https:\/\/www.otiumhome.fi\/index.php\/wp-json\/"}],"wp:attachment":[{"href":"https:\/\/www.otiumhome.fi\/index.php\/wp-json\/wp\/v2\/media?parent=143142"}],"wp:term":[{"taxonomy":"product_brand","embeddable":true,"href":"https:\/\/www.otiumhome.fi\/index.php\/wp-json\/wp\/v2\/product_brand?post=143142"},{"taxonomy":"product_cat","embeddable":true,"href":"https:\/\/www.otiumhome.fi\/index.php\/wp-json\/wp\/v2\/product_cat?post=143142"},{"taxonomy":"product_tag","embeddable":true,"href":"https:\/\/www.otiumhome.fi\/index.php\/wp-json\/wp\/v2\/product_tag?post=143142"}],"curies":[{"name":"wp","href":"https:\/\/api.w.org\/{rel}","templated":true}]}}