{"id":141895,"date":"2025-03-21T00:13:44","date_gmt":"2025-03-21T00:13:44","guid":{"rendered":"https:\/\/www.otiumhome.fi\/?p=141895"},"modified":"2025-11-09T02:27:39","modified_gmt":"2025-11-09T02:27:39","slug":"kirjahylly-musta-tammi-36-x-30-x-143-cm-tekninen-puu","status":"publish","type":"product","link":"https:\/\/www.otiumhome.fi\/index.php\/tuote\/kirjahylly-musta-tammi-36-x-30-x-143-cm-tekninen-puu\/","title":{"rendered":"| Kirjahylly | Musta tammi 36 x 30 x 143 cm Tekninen puu"},"content":{"rendered":"<p>T\u00e4m\u00e4 kirjahylly tarjoaa t\u00e4ydellisen ratkaisun kirjojen j\u00e4rjest\u00e4miseen ja toimii samalla tyylikk\u00e4\u00e4n\u00e4 ja toimivana lis\u00e4n\u00e4 kotisi sisustukseen.<\/p>\n<\/p>\n<ul>\n<li>Vakaa ja kest\u00e4v\u00e4 materiaali: Tekninen puu on kest\u00e4v\u00e4 ja vakaa materiaali, jonka sile\u00e4 pinta kest\u00e4\u00e4 kosteutta, v\u00e4\u00e4ntymist\u00e4 ja halkeilua, joten se on luotettava valinta erilaisiin projekteihin.<\/li>\n<li>Erilaisia k\u00e4ytt\u00f6tarkoituksia: T\u00e4m\u00e4 kirjahylly sopii ihanteellisesti kirjakokoelmallesi. Sit\u00e4 voidaan k\u00e4ytt\u00e4\u00e4 my\u00f6s ker\u00e4ysesineiden, valokuvien, palkintojen, ruukkukasvien ja vastaavien esittelyyn.<\/li>\n<li>4-tasoinen kirjahylly: T\u00e4m\u00e4 kirjahylly on muotoiltu nelitasoiseksi. Se tarjoaa runsaasti tilaa kirjojen, perhevalokuvien, ruukkukasvien ja muiden esille panoon, mik\u00e4 tekee tiloistasi tyylikk\u00e4\u00e4mm\u00e4t ja siistimm\u00e4t.<\/li>\n<li>Joustavat sijoitusvaihtoehdot: Hylly-yksikk\u00f6 voidaan sijoittaa joko leveydelt\u00e4\u00e4n tai korkeudeltaan maahan, mik\u00e4 tarjoaa monipuolisia huoneen j\u00e4rjestelyvaihtoehtoja.<\/li>\n<li>Helppo huoltaa: Sile\u00e4n pinnan ansiosta kaappi on helppo puhdistaa kostealla liinalla ja se tarvitsee vain v\u00e4h\u00e4ist\u00e4 huoltoa.<\/li>\n<\/ul>\n<p>Varoitus:<\/p>\n<ul>\n<li>Kaatumisen est\u00e4miseksi t\u00e4t\u00e4 tuotetta on k\u00e4ytett\u00e4v\u00e4 mukana toimitetun sein\u00e4kiinnityslaitteen kanssa.<\/li>\n<\/ul>\n<ul>\n<li>V\u00e4ri: Musta tammi<\/li>\n<li>Materiaali: Tekninen puu<\/li>\n<li>Kokonaismitat: 36 x 30 x 143 cm (L x S x K)<\/li>\n<li>Max. kantavuus (yhteens\u00e4): 60 kg<\/li>\n<li>Asennus vaaditaan: Kyll\u00e4<\/li>\n<\/ul>\n","protected":false},"excerpt":{"rendered":"<ul>\n<li>V\u00e4ri: Musta tammi<\/li>\n<li>Materiaali: Tekninen puu<\/li>\n<li>Kokonaismitat: 36 x 30 x 143 cm (L x S x K)<\/li>\n<li>Max. kantavuus (yhteens\u00e4): 60 kg<\/li>\n<li>Asennus vaaditaan: Kyll\u00e4<\/li>\n<\/ul>\n","protected":false},"featured_media":100000141895,"comment_status":"closed","ping_status":"closed","template":"","meta":[],"product_brand":[],"product_cat":[84,8547],"product_tag":[],"class_list":{"0":"post-141895","1":"product","2":"type-product","3":"status-publish","4":"has-post-thumbnail","6":"product_cat-huonekalut","7":"product_cat-kirjahyllyt","9":"first","10":"instock","11":"taxable","12":"shipping-taxable","13":"purchasable","14":"product-type-simple"},"_links":{"self":[{"href":"https:\/\/www.otiumhome.fi\/index.php\/wp-json\/wp\/v2\/product\/141895","targetHints":{"allow":["GET"]}}],"collection":[{"href":"https:\/\/www.otiumhome.fi\/index.php\/wp-json\/wp\/v2\/product"}],"about":[{"href":"https:\/\/www.otiumhome.fi\/index.php\/wp-json\/wp\/v2\/types\/product"}],"replies":[{"embeddable":true,"href":"https:\/\/www.otiumhome.fi\/index.php\/wp-json\/wp\/v2\/comments?post=141895"}],"wp:featuredmedia":[{"embeddable":true,"href":"https:\/\/www.otiumhome.fi\/index.php\/wp-json\/"}],"wp:attachment":[{"href":"https:\/\/www.otiumhome.fi\/index.php\/wp-json\/wp\/v2\/media?parent=141895"}],"wp:term":[{"taxonomy":"product_brand","embeddable":true,"href":"https:\/\/www.otiumhome.fi\/index.php\/wp-json\/wp\/v2\/product_brand?post=141895"},{"taxonomy":"product_cat","embeddable":true,"href":"https:\/\/www.otiumhome.fi\/index.php\/wp-json\/wp\/v2\/product_cat?post=141895"},{"taxonomy":"product_tag","embeddable":true,"href":"https:\/\/www.otiumhome.fi\/index.php\/wp-json\/wp\/v2\/product_tag?post=141895"}],"curies":[{"name":"wp","href":"https:\/\/api.w.org\/{rel}","templated":true}]}}