{"id":135541,"date":"2024-12-21T20:40:49","date_gmt":"2024-12-21T20:40:49","guid":{"rendered":"https:\/\/www.otiumhome.fi\/?p=135541"},"modified":"2025-06-06T19:31:41","modified_gmt":"2025-06-06T19:31:41","slug":"viinipulloteline-36-pullolle-valkoinen-metalli","status":"publish","type":"product","link":"https:\/\/www.otiumhome.fi\/index.php\/tuote\/viinipulloteline-36-pullolle-valkoinen-metalli\/","title":{"rendered":"Viinipulloteline 36 pullolle valkoinen metalli"},"content":{"rendered":"<p>T\u00e4ll\u00e4 viinipullotelineell\u00e4 voit k\u00e4tev\u00e4sti j\u00e4rjest\u00e4\u00e4 ja s\u00e4ilytt\u00e4\u00e4 suosikkiviinisi.<\/p>\n<\/p>\n<ul>\n<li><strong>Runsaasti s\u00e4ilytystilaa:<\/strong> Viinipullotelineess\u00e4 on kuusi tasoa ja siihen mahtuu jopa 36 pulloa viini\u00e4. Jokaiseen kerrokseen mahtuu kuusi pulloa.<\/li>\n<li><strong>Moderni muotoilu:<\/strong> T\u00e4m\u00e4 viinipulloteline on my\u00f6s trendik\u00e4s lis\u00e4 viinin s\u00e4ilytykseen moderneissa keitti\u00f6iss\u00e4, ruokakomeroissa ja baareissa.<\/li>\n<li><strong>Korkea laatu:<\/strong> Pullonteline on valmistettu kokonaan metallista ja se ei ruostu eik\u00e4 v\u00e4\u00e4nny. Lis\u00e4ksi sen pinta on eritt\u00e4in sile\u00e4, mik\u00e4 voi est\u00e4\u00e4 pullon naarmuuntumisen.<\/li>\n<\/ul>\n<p><strong>VAROITUS:<\/strong><\/p>\n<ul>\n<li>Kaatumisen est\u00e4miseksi on t\u00e4t\u00e4 tuotetta k\u00e4ytett\u00e4v\u00e4 mukana toimitetun sein\u00e4kiinnityslaitteen kanssa.<\/li>\n<\/ul>\n<ul>\n<li>V\u00e4ri: valkoinen<\/li>\n<li>Materiaali: metalli<\/li>\n<li>Mitat: 64 x 22 x 58,5 cm (L x S x K)<\/li>\n<li>Siihen mahtuu jopa 36 pulloa viini\u00e4 (pullot eiv\u00e4t sis\u00e4lly toimitukseen)<\/li>\n<li>Asennus vaaditaan: kyll\u00e4<\/li>\n<li>Legal Documents:\n<p><span>Lis\u00e4tietoja huonekalujesi kaatumisen est\u00e4misest\u00e4 voit l\u00f6yt\u00e4\u00e4 <span style=\"text-decoration: underline\"><strong><a title=\"https:\/\/bit.ly\/3bVwkQp\" href=\"https:\/\/bit.ly\/3bVwkQp\" target=\"_blank\">t\u00e4\u00e4lt\u00e4<\/a><\/strong><\/span><\/span><\/p>\n<\/li>\n<\/ul>\n","protected":false},"excerpt":{"rendered":"<ul>\n<li>V\u00e4ri: valkoinen<\/li>\n<li>Materiaali: metalli<\/li>\n<li>Mitat: 64 x 22 x 58,5 cm (L x S x K)<\/li>\n<li>Siihen mahtuu jopa 36 pulloa viini\u00e4 (pullot eiv\u00e4t sis\u00e4lly toimitukseen)<\/li>\n<li>Asennus vaaditaan: kyll\u00e4<\/li>\n<li>Legal Documents:\n<p><span>Lis\u00e4tietoja huonekalujesi kaatumisen est\u00e4misest\u00e4 voit l\u00f6yt\u00e4\u00e4 <span style=\"text-decoration: underline\"><strong><a title=\"https:\/\/bit.ly\/3bVwkQp\" href=\"https:\/\/bit.ly\/3bVwkQp\" target=\"_blank\">t\u00e4\u00e4lt\u00e4<\/a><\/strong><\/span><\/span><\/p>\n<\/li>\n<\/ul>\n","protected":false},"featured_media":100000135541,"comment_status":"closed","ping_status":"closed","template":"","meta":[],"product_brand":[],"product_cat":[84,8662],"product_tag":[],"class_list":{"0":"post-135541","1":"product","2":"type-product","3":"status-publish","4":"has-post-thumbnail","6":"product_cat-huonekalut","7":"product_cat-viinitelineet","9":"first","10":"instock","11":"taxable","12":"shipping-taxable","13":"purchasable","14":"product-type-simple"},"_links":{"self":[{"href":"https:\/\/www.otiumhome.fi\/index.php\/wp-json\/wp\/v2\/product\/135541","targetHints":{"allow":["GET"]}}],"collection":[{"href":"https:\/\/www.otiumhome.fi\/index.php\/wp-json\/wp\/v2\/product"}],"about":[{"href":"https:\/\/www.otiumhome.fi\/index.php\/wp-json\/wp\/v2\/types\/product"}],"replies":[{"embeddable":true,"href":"https:\/\/www.otiumhome.fi\/index.php\/wp-json\/wp\/v2\/comments?post=135541"}],"wp:featuredmedia":[{"embeddable":true,"href":"https:\/\/www.otiumhome.fi\/index.php\/wp-json\/"}],"wp:attachment":[{"href":"https:\/\/www.otiumhome.fi\/index.php\/wp-json\/wp\/v2\/media?parent=135541"}],"wp:term":[{"taxonomy":"product_brand","embeddable":true,"href":"https:\/\/www.otiumhome.fi\/index.php\/wp-json\/wp\/v2\/product_brand?post=135541"},{"taxonomy":"product_cat","embeddable":true,"href":"https:\/\/www.otiumhome.fi\/index.php\/wp-json\/wp\/v2\/product_cat?post=135541"},{"taxonomy":"product_tag","embeddable":true,"href":"https:\/\/www.otiumhome.fi\/index.php\/wp-json\/wp\/v2\/product_tag?post=135541"}],"curies":[{"name":"wp","href":"https:\/\/api.w.org\/{rel}","templated":true}]}}