{"id":134908,"date":"2024-12-16T16:25:22","date_gmt":"2024-12-16T16:25:22","guid":{"rendered":"https:\/\/www.otiumhome.fi\/?p=134908"},"modified":"2025-12-14T18:50:42","modified_gmt":"2025-12-14T18:50:42","slug":"tyotuoli-korkeussaadettava-vaaleanharmaa-kangas","status":"publish","type":"product","link":"https:\/\/www.otiumhome.fi\/index.php\/tuote\/tyotuoli-korkeussaadettava-vaaleanharmaa-kangas\/","title":{"rendered":"Ty\u00f6tuoli korkeuss\u00e4\u00e4dett\u00e4v\u00e4 vaaleanharmaa kangas"},"content":{"rendered":"<p>Nauti istumisesta t\u00e4ll\u00e4 ty\u00f6tuolilla ja p\u00e4ivit\u00e4 toimistokokemuksesi mukavuudella!<\/p>\n<\/p>\n<ul>\n<li>Kest\u00e4v\u00e4 kangas: Kankaan ulkon\u00e4k\u00f6 on yksinkertainen ja puhdas, se on my\u00f6s hengitt\u00e4v\u00e4 ja pitk\u00e4ik\u00e4inen. <\/li>\n<li> Tukeva ja vakaa runko: Ty\u00f6tuolin metalli- ja vanerirunko takaa tukevuuden ja vakauden.<\/li>\n<li> S\u00e4\u00e4dett\u00e4v\u00e4 korkeus: Voit k\u00e4ytt\u00e4\u00e4 vipua s\u00e4\u00e4t\u00e4\u00e4ksesi istuimen korkeuden mieleiseksesi. <\/li>\n<li>K\u00e4tev\u00e4 suunnittelu: 360 astetta k\u00e4\u00e4ntyv\u00e4 malli mahdollistaa laajemman liikeradan. Lis\u00e4ksi rullapy\u00f6rien avulla on k\u00e4tev\u00e4 liikkua ymp\u00e4riins\u00e4.<\/li>\n<\/ul>\n<ul>\n<li>V\u00e4ri: Vaaleanharmaa <\/li>\n<li>Materiaali: Kangas (100 % polyesteri), metalli, vaneri <\/li>\n<li>Kokonaismitat: 68 x 67 x 104 &#8211; 114 cm (L x S x K) <\/li>\n<li>Istuimen koko: 48 x 49 cm (L x S) <\/li>\n<li>Istuinkorkeus maasta: 42 &#8211; 52 cm <\/li>\n<li>Selk\u00e4nojan korkeus: 67 cm <\/li>\n<li>Sis\u00e4lt\u00e4\u00e4 k\u00e4sinojat<\/li>\n<li>Enimm\u00e4iskantavuus: 110 kg<\/li>\n<li>Asennus vaaditaan: Kyll\u00e4<\/li>\n<\/ul>\n","protected":false},"excerpt":{"rendered":"<ul>\n<li>V\u00e4ri: Vaaleanharmaa <\/li>\n<li>Materiaali: Kangas (100 % polyesteri), metalli, vaneri <\/li>\n<li>Kokonaismitat: 68 x 67 x 104 &#8211; 114 cm (L x S x K) <\/li>\n<li>Istuimen koko: 48 x 49 cm (L x S) <\/li>\n<li>Istuinkorkeus maasta: 42 &#8211; 52 cm <\/li>\n<li>Selk\u00e4nojan korkeus: 67 cm <\/li>\n<li>Sis\u00e4lt\u00e4\u00e4 k\u00e4sinojat<\/li>\n<li>Enimm\u00e4iskantavuus: 110 kg<\/li>\n<li>Asennus vaaditaan: Kyll\u00e4<\/li>\n<\/ul>\n","protected":false},"featured_media":100000134908,"comment_status":"closed","ping_status":"closed","template":"","meta":[],"product_brand":[],"product_cat":[84,8643],"product_tag":[],"class_list":{"0":"post-134908","1":"product","2":"type-product","3":"status-publish","4":"has-post-thumbnail","6":"product_cat-huonekalut","7":"product_cat-tyotuolit","9":"first","10":"instock","11":"taxable","12":"shipping-taxable","13":"purchasable","14":"product-type-simple"},"_links":{"self":[{"href":"https:\/\/www.otiumhome.fi\/index.php\/wp-json\/wp\/v2\/product\/134908","targetHints":{"allow":["GET"]}}],"collection":[{"href":"https:\/\/www.otiumhome.fi\/index.php\/wp-json\/wp\/v2\/product"}],"about":[{"href":"https:\/\/www.otiumhome.fi\/index.php\/wp-json\/wp\/v2\/types\/product"}],"replies":[{"embeddable":true,"href":"https:\/\/www.otiumhome.fi\/index.php\/wp-json\/wp\/v2\/comments?post=134908"}],"wp:featuredmedia":[{"embeddable":true,"href":"https:\/\/www.otiumhome.fi\/index.php\/wp-json\/"}],"wp:attachment":[{"href":"https:\/\/www.otiumhome.fi\/index.php\/wp-json\/wp\/v2\/media?parent=134908"}],"wp:term":[{"taxonomy":"product_brand","embeddable":true,"href":"https:\/\/www.otiumhome.fi\/index.php\/wp-json\/wp\/v2\/product_brand?post=134908"},{"taxonomy":"product_cat","embeddable":true,"href":"https:\/\/www.otiumhome.fi\/index.php\/wp-json\/wp\/v2\/product_cat?post=134908"},{"taxonomy":"product_tag","embeddable":true,"href":"https:\/\/www.otiumhome.fi\/index.php\/wp-json\/wp\/v2\/product_tag?post=134908"}],"curies":[{"name":"wp","href":"https:\/\/api.w.org\/{rel}","templated":true}]}}