{"id":134901,"date":"2024-12-16T16:25:21","date_gmt":"2024-12-16T16:25:21","guid":{"rendered":"https:\/\/www.otiumhome.fi\/?p=134901"},"modified":"2025-06-06T19:31:26","modified_gmt":"2025-06-06T19:31:26","slug":"toimistotuoli-musta-sametti","status":"publish","type":"product","link":"https:\/\/www.otiumhome.fi\/index.php\/tuote\/toimistotuoli-musta-sametti\/","title":{"rendered":"Toimistotuoli musta sametti"},"content":{"rendered":"<p>T\u00e4m\u00e4 s\u00e4\u00e4dett\u00e4v\u00e4 ty\u00f6tuoli on monitoimituote, joka sopii erinomaisesti kotitoimistoosi ja mihin tahansa olohuoneeseen.<\/p>\n<\/p>\n<p>K\u00e4\u00e4ntyv\u00e4 toimistoistuin on verhoiltu pehme\u00e4ll\u00e4 sametilla ja pehmustettu paksusti, mik\u00e4 tekee siit\u00e4 eritt\u00e4in mukavan ja kest\u00e4v\u00e4n. Ter\u00e4srunko tarjoaa hyv\u00e4n lujuuden ja vakauden. Kaasunostomekanismin ansiosta voit s\u00e4\u00e4t\u00e4\u00e4 istuinkorkeutta mielesi mukaan. Lis\u00e4ksi 360-astetta k\u00e4\u00e4ntyv\u00e4t rullapy\u00f6r\u00e4t antavat sinun siirty\u00e4 mihin tahansa haluamaasi suuntaan.<\/p>\n<ul>\n<li>V\u00e4ri: Musta<\/li>\n<li>Materiaali: Sametti (100 % polyesteri), jauhemaalattu ter\u00e4s<\/li>\n<li>Mitat: 31 x (42-54) cm (Halkaisija x K)<\/li>\n<li>360 asteen kierto<\/li>\n<li>Sis\u00e4lt\u00e4\u00e4 rullapy\u00f6r\u00e4t<\/li>\n<li>Sis\u00e4lt\u00e4\u00e4 kaasunostinmekanismin<\/li>\n<li>Asennus vaaditaan: Kyll\u00e4<\/li>\n<\/ul>\n","protected":false},"excerpt":{"rendered":"<ul>\n<li>V\u00e4ri: Musta<\/li>\n<li>Materiaali: Sametti (100 % polyesteri), jauhemaalattu ter\u00e4s<\/li>\n<li>Mitat: 31 x (42-54) cm (Halkaisija x K)<\/li>\n<li>360 asteen kierto<\/li>\n<li>Sis\u00e4lt\u00e4\u00e4 rullapy\u00f6r\u00e4t<\/li>\n<li>Sis\u00e4lt\u00e4\u00e4 kaasunostinmekanismin<\/li>\n<li>Asennus vaaditaan: Kyll\u00e4<\/li>\n<\/ul>\n","protected":false},"featured_media":100000134901,"comment_status":"closed","ping_status":"closed","template":"","meta":[],"product_brand":[],"product_cat":[84,8643],"product_tag":[],"class_list":{"0":"post-134901","1":"product","2":"type-product","3":"status-publish","4":"has-post-thumbnail","6":"product_cat-huonekalut","7":"product_cat-tyotuolit","9":"first","10":"instock","11":"taxable","12":"shipping-taxable","13":"purchasable","14":"product-type-simple"},"_links":{"self":[{"href":"https:\/\/www.otiumhome.fi\/index.php\/wp-json\/wp\/v2\/product\/134901","targetHints":{"allow":["GET"]}}],"collection":[{"href":"https:\/\/www.otiumhome.fi\/index.php\/wp-json\/wp\/v2\/product"}],"about":[{"href":"https:\/\/www.otiumhome.fi\/index.php\/wp-json\/wp\/v2\/types\/product"}],"replies":[{"embeddable":true,"href":"https:\/\/www.otiumhome.fi\/index.php\/wp-json\/wp\/v2\/comments?post=134901"}],"wp:featuredmedia":[{"embeddable":true,"href":"https:\/\/www.otiumhome.fi\/index.php\/wp-json\/"}],"wp:attachment":[{"href":"https:\/\/www.otiumhome.fi\/index.php\/wp-json\/wp\/v2\/media?parent=134901"}],"wp:term":[{"taxonomy":"product_brand","embeddable":true,"href":"https:\/\/www.otiumhome.fi\/index.php\/wp-json\/wp\/v2\/product_brand?post=134901"},{"taxonomy":"product_cat","embeddable":true,"href":"https:\/\/www.otiumhome.fi\/index.php\/wp-json\/wp\/v2\/product_cat?post=134901"},{"taxonomy":"product_tag","embeddable":true,"href":"https:\/\/www.otiumhome.fi\/index.php\/wp-json\/wp\/v2\/product_tag?post=134901"}],"curies":[{"name":"wp","href":"https:\/\/api.w.org\/{rel}","templated":true}]}}