{"id":126828,"date":"2024-12-16T08:27:47","date_gmt":"2024-12-16T08:27:47","guid":{"rendered":"https:\/\/www.otiumhome.fi\/?p=126828"},"modified":"2025-06-06T18:14:42","modified_gmt":"2025-06-06T18:14:42","slug":"sangynrunko-harmaa-150x200-cm-taysi-manty-king-size","status":"publish","type":"product","link":"https:\/\/www.otiumhome.fi\/index.php\/tuote\/sangynrunko-harmaa-150x200-cm-taysi-manty-king-size\/","title":{"rendered":"S\u00e4ngynrunko harmaa 150&#215;200 cm t\u00e4ysi m\u00e4nty King Size"},"content":{"rendered":"<p>Lis\u00e4\u00e4 makuuhuoneestasi modernia tyyli\u00e4 t\u00e4ll\u00e4 klassisella puisella s\u00e4ngynrungolla! Se on k\u00e4yt\u00e4nn\u00f6llinen ja koristeellinen lis\u00e4 sisustukseen.<\/p>\n<\/p>\n<ul>\n<li>T\u00e4ysi m\u00e4nty: T\u00e4ysi m\u00e4ntypuu on kaunis luonnollinen materiaali. M\u00e4nnyll\u00e4 on suorat puunsyyt ja sen oksanpaikat antavat materiaalille sen ominaisen rustiikkisen ilmeen.<\/li>\n<li>Tukeva ja vakaa runko: Kaapin puurunko takaa tukevuuden ja vakauden.<\/li>\n<li>K\u00e4yt\u00e4nn\u00f6lliset s\u00e4leet: T\u00e4yspuisen s\u00e4ngynrungon pohjas\u00e4leet tarjoavat hyv\u00e4n painon jakautumisen, taaten patjan pysymisen paikallaan jokaisen k\u00e4\u00e4nn\u00f6ksen ja liikahduksen my\u00f6t\u00e4, joita unissasi teet.<\/li>\n<\/ul>\n<p>Huomioi:<\/p>\n<ul>\n<li>Patja ei sis\u00e4lly toimitukseen. Patja ei mukana. Voit etsi\u00e4 myym\u00e4l\u00e4st\u00e4mme sopivia patjoja.<\/li>\n<li>T\u00e4m\u00e4 s\u00e4ngyn runko sopii patjalle, jonka mitat ovat 150 x 200 cm (5FT King Size).<\/li>\n<li>Jokaisen tuotteen mukana on laatikossa kokoonpano-ohje helppoa asennusta varten.<\/li>\n<\/ul>\n<ul>\n<li>V\u00e4ri: harmaa<\/li>\n<li>Materiaali: t\u00e4ysi m\u00e4nty <\/li>\n<li>Kokonaismitat: 212 x 161,5 x 26 cm (P x L x K)<\/li>\n<li>Sopivan patjan koko: 150 x 200 cm (L x P) (5FT King Size) (patja ei tule mukana)<\/li>\n<\/ul>\n","protected":false},"excerpt":{"rendered":"<ul>\n<li>V\u00e4ri: harmaa<\/li>\n<li>Materiaali: t\u00e4ysi m\u00e4nty <\/li>\n<li>Kokonaismitat: 212 x 161,5 x 26 cm (P x L x K)<\/li>\n<li>Sopivan patjan koko: 150 x 200 cm (L x P) (5FT King Size) (patja ei tule mukana)<\/li>\n<\/ul>\n","protected":false},"featured_media":100000126828,"comment_status":"closed","ping_status":"closed","template":"","meta":[],"product_brand":[],"product_cat":[84,8638],"product_tag":[],"class_list":{"0":"post-126828","1":"product","2":"type-product","3":"status-publish","4":"has-post-thumbnail","6":"product_cat-huonekalut","7":"product_cat-sangyt-sangynrungot","9":"first","10":"instock","11":"taxable","12":"shipping-taxable","13":"purchasable","14":"product-type-simple"},"_links":{"self":[{"href":"https:\/\/www.otiumhome.fi\/index.php\/wp-json\/wp\/v2\/product\/126828","targetHints":{"allow":["GET"]}}],"collection":[{"href":"https:\/\/www.otiumhome.fi\/index.php\/wp-json\/wp\/v2\/product"}],"about":[{"href":"https:\/\/www.otiumhome.fi\/index.php\/wp-json\/wp\/v2\/types\/product"}],"replies":[{"embeddable":true,"href":"https:\/\/www.otiumhome.fi\/index.php\/wp-json\/wp\/v2\/comments?post=126828"}],"wp:featuredmedia":[{"embeddable":true,"href":"https:\/\/www.otiumhome.fi\/index.php\/wp-json\/"}],"wp:attachment":[{"href":"https:\/\/www.otiumhome.fi\/index.php\/wp-json\/wp\/v2\/media?parent=126828"}],"wp:term":[{"taxonomy":"product_brand","embeddable":true,"href":"https:\/\/www.otiumhome.fi\/index.php\/wp-json\/wp\/v2\/product_brand?post=126828"},{"taxonomy":"product_cat","embeddable":true,"href":"https:\/\/www.otiumhome.fi\/index.php\/wp-json\/wp\/v2\/product_cat?post=126828"},{"taxonomy":"product_tag","embeddable":true,"href":"https:\/\/www.otiumhome.fi\/index.php\/wp-json\/wp\/v2\/product_tag?post=126828"}],"curies":[{"name":"wp","href":"https:\/\/api.w.org\/{rel}","templated":true}]}}