{"id":118857,"date":"2024-12-16T02:06:26","date_gmt":"2024-12-16T02:06:26","guid":{"rendered":"https:\/\/www.otiumhome.fi\/?p=118857"},"modified":"2025-10-30T14:35:32","modified_gmt":"2025-10-30T14:35:32","slug":"korotettu-sanky-katoksella-vahanruskea-80x200-cm-taysi-manty","status":"publish","type":"product","link":"https:\/\/www.otiumhome.fi\/index.php\/tuote\/korotettu-sanky-katoksella-vahanruskea-80x200-cm-taysi-manty\/","title":{"rendered":"Korotettu s\u00e4nky katoksella vahanruskea 80&#215;200 cm t\u00e4ysi m\u00e4nty"},"content":{"rendered":"<p>T\u00e4m\u00e4 korotettu s\u00e4nky, jonka muotoilun ytimess\u00e4 n\u00e4kyy monipuolisuus, on t\u00e4ydellinen yhdistelm\u00e4 tyylik\u00e4st\u00e4, modernia tyyli\u00e4 ja k\u00e4yt\u00e4nn\u00f6llisyytt\u00e4. Se on ihanteellinen pieniin huoneisiin.<\/p>\n<\/p>\n<ul>\n<li>T\u00e4ysi m\u00e4nty: T\u00e4ysi m\u00e4ntypuu on kaunis luonnollinen materiaali. M\u00e4nnyll\u00e4 on suorat puunsyyt ja sen oksanpaikat antavat materiaalille sen ominaisen rustiikkisen ilmeen.<\/li>\n<li>K\u00e4yt\u00e4nn\u00f6llinen toiminto: Parvis\u00e4nky tarjoaa mahtavan tavan hy\u00f6dynt\u00e4\u00e4 lastenhuoneen lattiatilaa. Voit yhdist\u00e4\u00e4 sen siistin peliverhon, pelipatjan ja irtopaneelien kanssa leikkinurkkauksen luomiseksi tai k\u00e4ytt\u00e4\u00e4 alla olevaa tilaa s\u00e4ilytykseen. Vaneris\u00e4leet tarjoavat s\u00e4ngylle lis\u00e4tukea. Se pident\u00e4\u00e4 patjasi k\u00e4ytt\u00f6ik\u00e4\u00e4 vaimentamalla suurimman osan s\u00e4ngylle kohdistuvasta rasituksesta ja painosta.<\/li>\n<li>Turvallinen muotoilu: Korotettu s\u00e4nky sis\u00e4lt\u00e4\u00e4 kiinte\u00e4t tikkaat, jotka tekev\u00e4t s\u00e4nkyyn kiipe\u00e4misest\u00e4 ja alastulosta helppoa. Suojakaiteet varmistavat, ett\u00e4 lapsesi pysyv\u00e4t turvassa nukkuessaan.<\/li>\n<li>Mahtavaa hauskuutta: Yhdist\u00e4m\u00e4ll\u00e4 t\u00e4m\u00e4n katoksen lapsesi vuoteeseen, voit luoda piilopaikan, joka tarjoaa lapsellesi hauskan nukkumaanmenohetken. T\u00e4m\u00e4 innovatiivinen lis\u00e4osa ei ole ainoastaan j\u00e4nnitt\u00e4v\u00e4 keskipiste, vaan se tekee lastenhuoneesta my\u00f6s ihmeellisen ja j\u00e4nnitt\u00e4v\u00e4n.<\/li>\n<li>Avoin sivuovi: Katoksessa on avoin sivuovi, joka tarjoaa lapsillesi helpon p\u00e4\u00e4syn s\u00e4nkyyn ja sielt\u00e4 pois.<\/li>\n<\/ul>\n<p>Hyv\u00e4 tiet\u00e4\u00e4:<\/p>\n<ul>\n<li>Patja ei sis\u00e4lly t\u00e4h\u00e4n s\u00e4nkyyn. Tarjoamme monipuolisen valikoiman patjoja, jotka l\u00f6yd\u00e4t tarkistamalla myym\u00e4l\u00e4mme valikoiman.<\/li>\n<\/ul>\n<ul>\n<li><strong>S\u00e4ngynrunko:<\/strong><\/li>\n<li>V\u00e4ri: Vahamainen ruskea<\/li>\n<li>Materiaali: Massiivim\u00e4nty<\/li>\n<li>Kokonaismitat: 205,5 x 85,5 x 89 cm (P x L x K)<\/li>\n<li>Sopiva patjan koko: 80 x 200 cm (L x P) (patja ei sis\u00e4lly)<\/li>\n<li><strong>S\u00e4ngyn katto:<\/strong><\/li>\n<li>V\u00e4ri: Vahamainen ruskea<\/li>\n<li>Materiaali: Massiivim\u00e4nty<\/li>\n<li>Mitat: 213 x 85,5 x 144,5 cm (P x L x K)<\/li>\n<li>Yl\u00e4s\u00e4nky ei sovellu alle 6-vuotiaille lapsille<\/li>\n<li>Kokoaminen vaaditaan: Kyll\u00e4<\/li>\n<li><strong>Toimitus sis\u00e4lt\u00e4\u00e4:<\/strong><\/li>\n<li>1 x S\u00e4ngynrunko<\/li>\n<li>1 x S\u00e4ngyn katto<\/li>\n<\/ul>\n","protected":false},"excerpt":{"rendered":"<ul>\n<li><strong>S\u00e4ngynrunko:<\/strong><\/li>\n<li>V\u00e4ri: Vahamainen ruskea<\/li>\n<li>Materiaali: Massiivim\u00e4nty<\/li>\n<li>Kokonaismitat: 205,5 x 85,5 x 89 cm (P x L x K)<\/li>\n<li>Sopiva patjan koko: 80 x 200 cm (L x P) (patja ei sis\u00e4lly)<\/li>\n<li><strong>S\u00e4ngyn katto:<\/strong><\/li>\n<li>V\u00e4ri: Vahamainen ruskea<\/li>\n<li>Materiaali: Massiivim\u00e4nty<\/li>\n<li>Mitat: 213 x 85,5 x 144,5 cm (P x L x K)<\/li>\n<li>Yl\u00e4s\u00e4nky ei sovellu alle 6-vuotiaille lapsille<\/li>\n<li>Kokoaminen vaaditaan: Kyll\u00e4<\/li>\n<li><strong>Toimitus sis\u00e4lt\u00e4\u00e4:<\/strong><\/li>\n<li>1 x S\u00e4ngynrunko<\/li>\n<li>1 x S\u00e4ngyn katto<\/li>\n<\/ul>\n","protected":false},"featured_media":100000118857,"comment_status":"closed","ping_status":"closed","template":"","meta":[],"product_brand":[],"product_cat":[84,8638],"product_tag":[],"class_list":{"0":"post-118857","1":"product","2":"type-product","3":"status-publish","4":"has-post-thumbnail","6":"product_cat-huonekalut","7":"product_cat-sangyt-sangynrungot","9":"first","10":"instock","11":"taxable","12":"shipping-taxable","13":"purchasable","14":"product-type-simple"},"_links":{"self":[{"href":"https:\/\/www.otiumhome.fi\/index.php\/wp-json\/wp\/v2\/product\/118857","targetHints":{"allow":["GET"]}}],"collection":[{"href":"https:\/\/www.otiumhome.fi\/index.php\/wp-json\/wp\/v2\/product"}],"about":[{"href":"https:\/\/www.otiumhome.fi\/index.php\/wp-json\/wp\/v2\/types\/product"}],"replies":[{"embeddable":true,"href":"https:\/\/www.otiumhome.fi\/index.php\/wp-json\/wp\/v2\/comments?post=118857"}],"wp:featuredmedia":[{"embeddable":true,"href":"https:\/\/www.otiumhome.fi\/index.php\/wp-json\/"}],"wp:attachment":[{"href":"https:\/\/www.otiumhome.fi\/index.php\/wp-json\/wp\/v2\/media?parent=118857"}],"wp:term":[{"taxonomy":"product_brand","embeddable":true,"href":"https:\/\/www.otiumhome.fi\/index.php\/wp-json\/wp\/v2\/product_brand?post=118857"},{"taxonomy":"product_cat","embeddable":true,"href":"https:\/\/www.otiumhome.fi\/index.php\/wp-json\/wp\/v2\/product_cat?post=118857"},{"taxonomy":"product_tag","embeddable":true,"href":"https:\/\/www.otiumhome.fi\/index.php\/wp-json\/wp\/v2\/product_tag?post=118857"}],"curies":[{"name":"wp","href":"https:\/\/api.w.org\/{rel}","templated":true}]}}