{"id":117256,"date":"2024-12-16T01:14:30","date_gmt":"2024-12-16T01:14:30","guid":{"rendered":"https:\/\/www.otiumhome.fi\/?p=117256"},"modified":"2025-06-06T17:13:47","modified_gmt":"2025-06-06T17:13:47","slug":"sangynrunko-paatylevylla-harmaa-sonoma-135x190-cm-tekninen-puu","status":"publish","type":"product","link":"https:\/\/www.otiumhome.fi\/index.php\/tuote\/sangynrunko-paatylevylla-harmaa-sonoma-135x190-cm-tekninen-puu\/","title":{"rendered":"S\u00e4ngynrunko p\u00e4\u00e4tylevyll\u00e4 harmaa Sonoma 135&#215;190 cm tekninen puu"},"content":{"rendered":"<p>Saat paremmat rauhalliset y\u00f6unet t\u00e4m\u00e4n p\u00e4\u00e4tylevyll\u00e4 varustetun s\u00e4ngynrungon ansiosta! Se on tervetullut lis\u00e4 mihin tahansa makuuhuoneeseen.<\/p>\n<\/p>\n<ul>\n<li>Kest\u00e4v\u00e4 materiaali: Tekninen puu on poikkeuksellisen laadukasta ja sile\u00e4pintaista. Se on luja, vakaa ja kosteudelle vastustuskykyinen.<\/li>\n<li>Vaneris\u00e4leet: Vaneris\u00e4leet tarjoavat hyv\u00e4n painon jakautumisen, taaten patjan pysymisen paikallaan jokaisen k\u00e4\u00e4nn\u00f6ksen ja liikahduksen my\u00f6t\u00e4, joita unissasi teet.<\/li>\n<li>Loistava tuki: S\u00e4ngynp\u00e4\u00e4tylevyn tyyny on t\u00e4ytetty vaahtomuovilla, joten se tarjoaa eritt\u00e4in pehme\u00e4\u00e4 ja optimaalista mukavuutta, sek\u00e4 eriomaisen selk\u00e4tuen, kun istut s\u00e4ngyll\u00e4 lukemassa kirjaa tai katselet televisiota.<\/li>\n<\/ul>\n<p>Hyv\u00e4 tiet\u00e4\u00e4:<\/p>\n<ul>\n<li>Patja ei sis\u00e4lly t\u00e4h\u00e4n s\u00e4nkyyn. Tarjoamme monipuolisen valikoiman patjoja, jotka l\u00f6yd\u00e4t tarkistamalla myym\u00e4l\u00e4mme valikoiman.<\/li>\n<\/ul>\n<ul>\n<li>S\u00e4ngyn v\u00e4ri: Harmaa Sonoma<\/li>\n<li>P\u00e4\u00e4tyynyn v\u00e4ri: Tummanharmaa<\/li>\n<li>S\u00e4ngynrungon materiaali: Tekninen puu, kangas (100 % polyesteri)<\/li>\n<li>S\u00e4lemateriaali: Vaneri<\/li>\n<li>P\u00e4\u00e4tyynyn t\u00e4ytemateriaali: Vaahtomuovi<\/li>\n<li>Kokonaismitat: 193 x 138 x 84 cm (P x L x K)<\/li>\n<li>Sopiva patjan koko: 135 x 190 cm (P x L) (patja ei mukana)<\/li>\n<li>P\u00e4\u00e4tyynyn koko: 47 x 32 cm (P x L)<\/li>\n<li>Asennus vaaditaan: Kyll\u00e4<\/li>\n<\/ul>\n","protected":false},"excerpt":{"rendered":"<ul>\n<li>S\u00e4ngyn v\u00e4ri: Harmaa Sonoma<\/li>\n<li>P\u00e4\u00e4tyynyn v\u00e4ri: Tummanharmaa<\/li>\n<li>S\u00e4ngynrungon materiaali: Tekninen puu, kangas (100 % polyesteri)<\/li>\n<li>S\u00e4lemateriaali: Vaneri<\/li>\n<li>P\u00e4\u00e4tyynyn t\u00e4ytemateriaali: Vaahtomuovi<\/li>\n<li>Kokonaismitat: 193 x 138 x 84 cm (P x L x K)<\/li>\n<li>Sopiva patjan koko: 135 x 190 cm (P x L) (patja ei mukana)<\/li>\n<li>P\u00e4\u00e4tyynyn koko: 47 x 32 cm (P x L)<\/li>\n<li>Asennus vaaditaan: Kyll\u00e4<\/li>\n<\/ul>\n","protected":false},"featured_media":100000117256,"comment_status":"closed","ping_status":"closed","template":"","meta":[],"product_brand":[],"product_cat":[84,8638],"product_tag":[],"class_list":{"0":"post-117256","1":"product","2":"type-product","3":"status-publish","4":"has-post-thumbnail","6":"product_cat-huonekalut","7":"product_cat-sangyt-sangynrungot","9":"first","10":"instock","11":"taxable","12":"shipping-taxable","13":"purchasable","14":"product-type-simple"},"_links":{"self":[{"href":"https:\/\/www.otiumhome.fi\/index.php\/wp-json\/wp\/v2\/product\/117256","targetHints":{"allow":["GET"]}}],"collection":[{"href":"https:\/\/www.otiumhome.fi\/index.php\/wp-json\/wp\/v2\/product"}],"about":[{"href":"https:\/\/www.otiumhome.fi\/index.php\/wp-json\/wp\/v2\/types\/product"}],"replies":[{"embeddable":true,"href":"https:\/\/www.otiumhome.fi\/index.php\/wp-json\/wp\/v2\/comments?post=117256"}],"wp:featuredmedia":[{"embeddable":true,"href":"https:\/\/www.otiumhome.fi\/index.php\/wp-json\/"}],"wp:attachment":[{"href":"https:\/\/www.otiumhome.fi\/index.php\/wp-json\/wp\/v2\/media?parent=117256"}],"wp:term":[{"taxonomy":"product_brand","embeddable":true,"href":"https:\/\/www.otiumhome.fi\/index.php\/wp-json\/wp\/v2\/product_brand?post=117256"},{"taxonomy":"product_cat","embeddable":true,"href":"https:\/\/www.otiumhome.fi\/index.php\/wp-json\/wp\/v2\/product_cat?post=117256"},{"taxonomy":"product_tag","embeddable":true,"href":"https:\/\/www.otiumhome.fi\/index.php\/wp-json\/wp\/v2\/product_tag?post=117256"}],"curies":[{"name":"wp","href":"https:\/\/api.w.org\/{rel}","templated":true}]}}