{"id":116157,"date":"2024-12-15T23:49:45","date_gmt":"2024-12-15T23:49:45","guid":{"rendered":"https:\/\/www.otiumhome.fi\/?p=116157"},"modified":"2025-06-06T17:12:18","modified_gmt":"2025-06-06T17:12:18","slug":"lasten-parvisanky-tornilla-sininen-90x190-cm-taysi-manty","status":"publish","type":"product","link":"https:\/\/www.otiumhome.fi\/index.php\/tuote\/lasten-parvisanky-tornilla-sininen-90x190-cm-taysi-manty\/","title":{"rendered":"Lasten parvis\u00e4nky tornilla sininen 90&#215;190 cm t\u00e4ysi m\u00e4nty"},"content":{"rendered":"<p>T\u00e4m\u00e4 t\u00e4ydest\u00e4 m\u00e4nnyst\u00e4 valmistettu lasten parvis\u00e4nky on suunniteltu hauskanpitoon ja tilan optimointiin.<\/p>\n<\/p>\n<ul>\n<li> Vakaa puurakenne: T\u00e4m\u00e4 parvis\u00e4nky on valmistettu t\u00e4ydest\u00e4 m\u00e4nnyst\u00e4 vakauden ja kest\u00e4vyyden takaamiseksi. M\u00e4nnyss\u00e4 on suorat puunsyyt ja oksanpaikat antavat materiaalille ainutlaatuisen rustiikkisen tyylin. <\/li>\n<li>T\u00e4ysi tilank\u00e4ytt\u00f6: T\u00e4m\u00e4 yhden hengen parvis\u00e4nky on korotettu 87 cm maanpinnan yl\u00e4puolelle, mik\u00e4 tarjoaa runsaasti tilaa s\u00e4ilytykseen tai muihin aktiviteetteihin. T\u00e4t\u00e4 aluetta voidaan k\u00e4ytt\u00e4\u00e4 s\u00e4ilytyslaatikoiden pinoamiseen, suurten lelujen s\u00e4ilytt\u00e4miseen tai jopa lasten sohvan paikaksi lukemista varten.<\/li>\n<li>Hauska setti: Voit yhdist\u00e4\u00e4 verhot, tunnelin ja tornin s\u00e4nkyyn luodaksesi lapsellesi salaisen tukikohdan, joka tarjoaa hupia nukkumaan menness\u00e4 ja lis\u00e4\u00e4 keskipisteen makuuhuoneeseen!<\/li>\n<li>Turvakaiteet: Lasten parvis\u00e4ngyss\u00e4 on turvakaiteet kaikilla nelj\u00e4ll\u00e4 sivulla, joten lapsesi voi nukkua ilman huolta putoamisesta. <\/li>\n<li>K\u00e4tev\u00e4t tikkaat ja liukum\u00e4ki: T\u00e4ss\u00e4 lasten parvis\u00e4ngyss\u00e4 on hauska liukum\u00e4ki, joka tuo mukanaan iloa ja muuntaa lastenhuoneen leikkikent\u00e4ksi. Tikkaiden ja liukum\u00e4en yhdistelm\u00e4 tekee nukkumaanmenosta mielenkiintoisempaa lapsille. <\/li>\n<\/ul>\n<p>Hyv\u00e4 tiet\u00e4\u00e4:<\/p>\n<ul>\n<li>Patja ei sis\u00e4lly t\u00e4h\u00e4n s\u00e4nkyyn. Tarjoamme monipuolisen valikoiman patjoja, jotka l\u00f6yd\u00e4t tarkistamalla myym\u00e4l\u00e4mme valikoiman.<\/li>\n<\/ul>\n<p>Varoitus:<\/p>\n<ul>\n<li>Kaatumisen est\u00e4miseksi on t\u00e4t\u00e4 tuotetta k\u00e4ytett\u00e4v\u00e4 mukana toimitettavan sein\u00e4kiinnityslaitteen kanssa.<\/li>\n<\/ul>\n<ul>\n<li><strong>Lasten parvis\u00e4nky:<\/strong><\/li>\n<li>V\u00e4ri: Musta <\/li>\n<li>Materiaali: T\u00e4ysi m\u00e4nty <\/li>\n<li>Mitat (ilman liukum\u00e4ke\u00e4): 195,5 x 97,5 x 113,5 cm (P x L x K) <\/li>\n<li>Liukum\u00e4en mitat: 169 x 38,5 x 20,5 cm (P x L x K) <\/li>\n<li>Nukkumiskorkeus maasta mitattuna: 87 cm<\/li>\n<li>Turvakaiteen korkeus: 30 cm<\/li>\n<li>Tikkaiden leveys: 40 cm <\/li>\n<li>Liukum\u00e4en ja s\u00e4ngyn v\u00e4linen et\u00e4isyys: 143,5 cm<\/li>\n<li>Sopiva patjan koko: 90 x 190 cm (L x P) (Patja ei sis\u00e4lly tilaukseen) <\/li>\n<li>Patjan maksimipaksuus: 12 cm<\/li>\n<li><strong>Verhosarja tunnelilla ja tornilla:<\/strong><\/li>\n<li>V\u00e4ri: sininen<\/li>\n<li>Materiaali: 100 % polyesteri<\/li>\n<li>Etuverhon koko: 100\/60\/34 x 75 cm (P x L)<\/li>\n<li>Sivuverhon koko (kukin): 85 x 76 cm (P x L)<\/li>\n<li>Verho kolmella taskulla: 80 x 43 cm (P x L)<\/li>\n<li>Tunnelin koko litte\u00e4n\u00e4: 211 x 94 cm (P x L)<\/li>\n<li>Tornin mitat: 44,5 x 43 x 190,5 cm (P x L x K)<\/li>\n<li>Maksimikantavuus: 80 kg <\/li>\n<li>Sopii yli 6-vuotiaille lapsille <\/li>\n<li>Vain sis\u00e4k\u00e4ytt\u00f6\u00f6n <\/li>\n<li>Asennus vaaditaan: Kyll\u00e4<\/li>\n<p><strong>Toimitus sis\u00e4lt\u00e4\u00e4:<\/strong><\/p>\n<li>1 x Lasten parvis\u00e4nky<\/li>\n<li>3 x Etuverho<\/li>\n<li>2 x Sivuverho<\/li>\n<li>1 x Verho kolmella taskulla<\/li>\n<li>1 x Tunneli<\/li>\n<li>1 x Torni<\/li>\n<li>VAROITUS: Ainoastaan kotik\u00e4ytt\u00f6\u00f6n.<\/li>\n<li>Legal Documents:\n<p><span>Lis\u00e4tietoja huonekalujesi kaatumisen est\u00e4misest\u00e4 voit l\u00f6yt\u00e4\u00e4 <span style=\"text-decoration: underline\"><strong><a title=\"https:\/\/bit.ly\/3bVwkQp\" href=\"https:\/\/bit.ly\/3bVwkQp\" target=\"_blank\">t\u00e4\u00e4lt\u00e4<\/a><\/strong><\/span><\/span><\/p>\n<\/li>\n<\/ul>\n<p> VAROITUS. T\u00e4m\u00e4 s\u00e4nky ei sovellu alle 6-vuotiaille lapsille putoamisriskin takia. VAROITUS. Parvis\u00e4ngyt\/korkeat s\u00e4ngyt voivat aiheuttaa vammariskin kuristumisesta, jos niit\u00e4 ei k\u00e4ytet\u00e4 oikein. \u00c4l\u00e4 koskaan liit\u00e4 tai ripusta tavaroita mihink\u00e4\u00e4n parvis\u00e4ngyn osaan, joita ei ole suunniteltu k\u00e4ytett\u00e4v\u00e4ksi s\u00e4ngyn kanssa, esimerkiksi, mutta ei rajoittuen narut, k\u00f6ydet, johdot, koukut, vy\u00f6t ja pussit. VAROITUS. Lapset voivat j\u00e4\u00e4d\u00e4 jumiin s\u00e4ngyn ja sein\u00e4n, kattokulman, katon, l\u00e4hell\u00e4 olevien kalusteiden (esim. kaapit) ja vastaavien v\u00e4liin. Vakavien vammojen riskin v\u00e4ltt\u00e4miseksi, yl\u00e4turvakaiteen ja l\u00e4hell\u00e4 olevan rakenteen v\u00e4li ei saa olla yli 75 mm tai sen pit\u00e4\u00e4 olla yli 230 mm. VAROITUS. \u00c4l\u00e4 k\u00e4yt\u00e4 kerros-\/parvis\u00e4nky\u00e4, jos jokin rakenneosa on rikki tai puuttuu. VAROITUS. T\u00e4m\u00e4 tuote pit\u00e4\u00e4 kiinnitt\u00e4\u00e4 sein\u00e4\u00e4 ja huoneen rakenteeseen.<\/p>\n","protected":false},"excerpt":{"rendered":"<ul>\n<li><strong>Lasten parvis\u00e4nky:<\/strong><\/li>\n<li>V\u00e4ri: Musta <\/li>\n<li>Materiaali: T\u00e4ysi m\u00e4nty <\/li>\n<li>Mitat (ilman liukum\u00e4ke\u00e4): 195,5 x 97,5 x 113,5 cm (P x L x K) <\/li>\n<li>Liukum\u00e4en mitat: 169 x 38,5 x 20,5 cm (P x L x K) <\/li>\n<li>Nukkumiskorkeus maasta mitattuna: 87 cm<\/li>\n<li>Turvakaiteen korkeus: 30 cm<\/li>\n<li>Tikkaiden leveys: 40 cm <\/li>\n<li>Liukum\u00e4en ja s\u00e4ngyn v\u00e4linen et\u00e4isyys: 143,5 cm<\/li>\n<li>Sopiva patjan koko: 90 x 190 cm (L x P) (Patja ei sis\u00e4lly tilaukseen) <\/li>\n<li>Patjan maksimipaksuus: 12 cm<\/li>\n<li><strong>Verhosarja tunnelilla ja tornilla:<\/strong><\/li>\n<li>V\u00e4ri: sininen<\/li>\n<li>Materiaali: 100 % polyesteri<\/li>\n<li>Etuverhon koko: 100\/60\/34 x 75 cm (P x L)<\/li>\n<li>Sivuverhon koko (kukin): 85 x 76 cm (P x L)<\/li>\n<li>Verho kolmella taskulla: 80 x 43 cm (P x L)<\/li>\n<li>Tunnelin koko litte\u00e4n\u00e4: 211 x 94 cm (P x L)<\/li>\n<li>Tornin mitat: 44,5 x 43 x 190,5 cm (P x L x K)<\/li>\n<li>Maksimikantavuus: 80 kg <\/li>\n<li>Sopii yli 6-vuotiaille lapsille <\/li>\n<li>Vain sis\u00e4k\u00e4ytt\u00f6\u00f6n <\/li>\n<li>Asennus vaaditaan: Kyll\u00e4<\/li>\n<p><strong>Toimitus sis\u00e4lt\u00e4\u00e4:<\/strong><\/p>\n<li>1 x Lasten parvis\u00e4nky<\/li>\n<li>3 x Etuverho<\/li>\n<li>2 x Sivuverho<\/li>\n<li>1 x Verho kolmella taskulla<\/li>\n<li>1 x Tunneli<\/li>\n<li>1 x Torni<\/li>\n<li>VAROITUS: Ainoastaan kotik\u00e4ytt\u00f6\u00f6n.<\/li>\n<li>Legal Documents:\n<p><span>Lis\u00e4tietoja huonekalujesi kaatumisen est\u00e4misest\u00e4 voit l\u00f6yt\u00e4\u00e4 <span style=\"text-decoration: underline\"><strong><a title=\"https:\/\/bit.ly\/3bVwkQp\" href=\"https:\/\/bit.ly\/3bVwkQp\" target=\"_blank\">t\u00e4\u00e4lt\u00e4<\/a><\/strong><\/span><\/span><\/p>\n<\/li>\n<\/ul>\n","protected":false},"featured_media":100000116157,"comment_status":"closed","ping_status":"closed","template":"","meta":[],"product_brand":[],"product_cat":[84,8638],"product_tag":[],"class_list":{"0":"post-116157","1":"product","2":"type-product","3":"status-publish","4":"has-post-thumbnail","6":"product_cat-huonekalut","7":"product_cat-sangyt-sangynrungot","9":"first","10":"outofstock","11":"taxable","12":"shipping-taxable","13":"purchasable","14":"product-type-simple"},"_links":{"self":[{"href":"https:\/\/www.otiumhome.fi\/index.php\/wp-json\/wp\/v2\/product\/116157","targetHints":{"allow":["GET"]}}],"collection":[{"href":"https:\/\/www.otiumhome.fi\/index.php\/wp-json\/wp\/v2\/product"}],"about":[{"href":"https:\/\/www.otiumhome.fi\/index.php\/wp-json\/wp\/v2\/types\/product"}],"replies":[{"embeddable":true,"href":"https:\/\/www.otiumhome.fi\/index.php\/wp-json\/wp\/v2\/comments?post=116157"}],"wp:featuredmedia":[{"embeddable":true,"href":"https:\/\/www.otiumhome.fi\/index.php\/wp-json\/"}],"wp:attachment":[{"href":"https:\/\/www.otiumhome.fi\/index.php\/wp-json\/wp\/v2\/media?parent=116157"}],"wp:term":[{"taxonomy":"product_brand","embeddable":true,"href":"https:\/\/www.otiumhome.fi\/index.php\/wp-json\/wp\/v2\/product_brand?post=116157"},{"taxonomy":"product_cat","embeddable":true,"href":"https:\/\/www.otiumhome.fi\/index.php\/wp-json\/wp\/v2\/product_cat?post=116157"},{"taxonomy":"product_tag","embeddable":true,"href":"https:\/\/www.otiumhome.fi\/index.php\/wp-json\/wp\/v2\/product_tag?post=116157"}],"curies":[{"name":"wp","href":"https:\/\/api.w.org\/{rel}","templated":true}]}}