{"id":113267,"date":"2024-12-15T22:51:13","date_gmt":"2024-12-15T22:51:13","guid":{"rendered":"https:\/\/www.otiumhome.fi\/?p=113267"},"modified":"2025-06-06T17:06:41","modified_gmt":"2025-06-06T17:06:41","slug":"vuodesohvan-runko-harmaa-manty-90x200-cm","status":"publish","type":"product","link":"https:\/\/www.otiumhome.fi\/index.php\/tuote\/vuodesohvan-runko-harmaa-manty-90x200-cm\/","title":{"rendered":"Vuodesohvan runko harmaa m\u00e4nty 90&#215;200 cm"},"content":{"rendered":"<p>Yhdist\u00e4m\u00e4ll\u00e4 sohvan ylellisyyden vierasvuoteen mukavuuteen t\u00e4m\u00e4 monitoiminen, ulosvedett\u00e4v\u00e4 vuodesohva tarjoaa varmasti k\u00e4yt\u00e4nn\u00f6llisen ja huomiota her\u00e4tt\u00e4v\u00e4n lis\u00e4n sisustukseen!<\/p>\n<\/p>\n<p>Sohva on varustettu ulosvedett\u00e4v\u00e4ll\u00e4 vuoteella, jossa on 4 py\u00f6r\u00e4\u00e4, joten se voidaan helposti muuntaa sohvaksi p\u00e4iv\u00e4ll\u00e4 ja mukavaksi s\u00e4ngyksi y\u00f6ll\u00e4. T\u00e4m\u00e4 vuodesohvan runko maksimoi k\u00e4ytett\u00e4viss\u00e4 olevan lattiapinnan ja tarjoaa nukkumatilaa kahdelle ihmiselle, joten se on ihanteellinen valinta rajoitetun asuintilan omaaville. Lis\u00e4ksi alavuode on varustettu sivulevyll\u00e4, joka est\u00e4\u00e4 k\u00e4ytt\u00e4j\u00e4\u00e4 p\u00f6r\u00e4ht\u00e4m\u00e4st\u00e4 ulos s\u00e4ngyst\u00e4 nukkumisen aikana. Koko s\u00e4ngyn rungossa on tukeva puurakenne, joka tekee siit\u00e4 eritt\u00e4in kest\u00e4v\u00e4n ja sopivan p\u00e4ivitt\u00e4iseen k\u00e4ytt\u00f6\u00f6n. Tuote on helppo koota.<\/p>\n<\/p>\n<p>Otathan huomioon, ett\u00e4 toimituksessa on vain s\u00e4ngynrunko; patja ei tule mukana. Voit l\u00f6yt\u00e4\u00e4 kaupastamme my\u00f6s yhteensopivia patjoja.<\/p>\n<ul>\n<li>V\u00e4ri: harmaa<\/li>\n<li>Materiaali: M\u00e4ntyrunko + vaneriset rimat<\/li>\n<li>Yl\u00e4s\u00e4ngyn koko: 205 x 97.5 x 66 cm (P x L x K)<\/li>\n<li>Alas\u00e4ngyn koko: 200 x 94.5 x 19 cm (P x L x K)<\/li>\n<li>Sopiva patjan koko: 200 x 90 cm (P x L) (patja ei mukana)<\/li>\n<li>Alas\u00e4nky on varustettu 4:ll\u00e4 renkaalla<\/li>\n<li>Kahta s\u00e4nky\u00e4 voidaan k\u00e4ytt\u00e4\u00e4 erikseen<\/li>\n<\/ul>\n","protected":false},"excerpt":{"rendered":"<ul>\n<li>V\u00e4ri: harmaa<\/li>\n<li>Materiaali: M\u00e4ntyrunko + vaneriset rimat<\/li>\n<li>Yl\u00e4s\u00e4ngyn koko: 205 x 97.5 x 66 cm (P x L x K)<\/li>\n<li>Alas\u00e4ngyn koko: 200 x 94.5 x 19 cm (P x L x K)<\/li>\n<li>Sopiva patjan koko: 200 x 90 cm (P x L) (patja ei mukana)<\/li>\n<li>Alas\u00e4nky on varustettu 4:ll\u00e4 renkaalla<\/li>\n<li>Kahta s\u00e4nky\u00e4 voidaan k\u00e4ytt\u00e4\u00e4 erikseen<\/li>\n<\/ul>\n","protected":false},"featured_media":100000113267,"comment_status":"closed","ping_status":"closed","template":"","meta":[],"product_brand":[],"product_cat":[84,8638],"product_tag":[],"class_list":{"0":"post-113267","1":"product","2":"type-product","3":"status-publish","4":"has-post-thumbnail","6":"product_cat-huonekalut","7":"product_cat-sangyt-sangynrungot","9":"first","10":"instock","11":"taxable","12":"shipping-taxable","13":"purchasable","14":"product-type-simple"},"_links":{"self":[{"href":"https:\/\/www.otiumhome.fi\/index.php\/wp-json\/wp\/v2\/product\/113267","targetHints":{"allow":["GET"]}}],"collection":[{"href":"https:\/\/www.otiumhome.fi\/index.php\/wp-json\/wp\/v2\/product"}],"about":[{"href":"https:\/\/www.otiumhome.fi\/index.php\/wp-json\/wp\/v2\/types\/product"}],"replies":[{"embeddable":true,"href":"https:\/\/www.otiumhome.fi\/index.php\/wp-json\/wp\/v2\/comments?post=113267"}],"wp:featuredmedia":[{"embeddable":true,"href":"https:\/\/www.otiumhome.fi\/index.php\/wp-json\/"}],"wp:attachment":[{"href":"https:\/\/www.otiumhome.fi\/index.php\/wp-json\/wp\/v2\/media?parent=113267"}],"wp:term":[{"taxonomy":"product_brand","embeddable":true,"href":"https:\/\/www.otiumhome.fi\/index.php\/wp-json\/wp\/v2\/product_brand?post=113267"},{"taxonomy":"product_cat","embeddable":true,"href":"https:\/\/www.otiumhome.fi\/index.php\/wp-json\/wp\/v2\/product_cat?post=113267"},{"taxonomy":"product_tag","embeddable":true,"href":"https:\/\/www.otiumhome.fi\/index.php\/wp-json\/wp\/v2\/product_tag?post=113267"}],"curies":[{"name":"wp","href":"https:\/\/api.w.org\/{rel}","templated":true}]}}