{"id":109936,"date":"2024-12-15T16:50:53","date_gmt":"2024-12-15T16:50:53","guid":{"rendered":"https:\/\/www.otiumhome.fi\/?p=109936"},"modified":"2025-06-06T16:46:37","modified_gmt":"2025-06-06T16:46:37","slug":"sangynpaaty-sailytystilalla-sonoma-tammi-180x19x1035-cm","status":"publish","type":"product","link":"https:\/\/www.otiumhome.fi\/index.php\/tuote\/sangynpaaty-sailytystilalla-sonoma-tammi-180x19x1035-cm\/","title":{"rendered":"S\u00e4ngynp\u00e4\u00e4ty s\u00e4ilytystilalla Sonoma-tammi 180x19x103,5 cm"},"content":{"rendered":"<p>T\u00e4m\u00e4 s\u00e4ilytystilalla varustettu s\u00e4ngynp\u00e4\u00e4ty on suunniteltu sopimaan s\u00e4nkyysi ja se t\u00e4ydent\u00e4\u00e4 makuuhuoneesi upeasti.<\/p>\n<\/p>\n<ul>\n<li>Ensiluokkainen materiaali: Tekninen puu on poikkeuksellisen laadukasta ja sile\u00e4pintaista. Se on luja, vakaa ja kosteudelle vastustuskykyinen.<\/li>\n<li>Lis\u00e4\u00e4 s\u00e4ilytystilaa: T\u00e4m\u00e4 sein\u00e4lle kiinnitett\u00e4v\u00e4 s\u00e4ngynp\u00e4\u00e4ty sis\u00e4lt\u00e4\u00e4 yl\u00e4osassaan nelj\u00e4 lokeroa lempikirjojesi, koristeiden ja muiden vastaavien esineiden j\u00e4rjest\u00e4miseen.<\/li>\n<li>Moderni suunnittelu: T\u00e4m\u00e4 kirjahylly\/s\u00e4ngynp\u00e4\u00e4ty sekoittaa yksinkertaisen tyylin ja toiminnallisuuden, mik\u00e4 tekee siit\u00e4 t\u00e4ydellisen kodin kalusteen.<\/li>\n<\/ul>\n<p>Varoitus:<\/p>\n<ul>\n<li>Kaatumisen est\u00e4miseksi on t\u00e4t\u00e4 tuotetta k\u00e4ytett\u00e4v\u00e4 mukana toimitetun sein\u00e4kiinnityslaitteen kanssa.<\/li>\n<\/ul>\n<ul>\n<li>V\u00e4ri: Sonoma-tammi<\/li>\n<li>Materiaali: tekninen puu<\/li>\n<li>Mitat: 180 x 19 x 103,5 cm (L x S x K)<\/li>\n<li>Asennus vaaditaan: kyll\u00e4<\/li>\n<\/ul>\n","protected":false},"excerpt":{"rendered":"<ul>\n<li>V\u00e4ri: Sonoma-tammi<\/li>\n<li>Materiaali: tekninen puu<\/li>\n<li>Mitat: 180 x 19 x 103,5 cm (L x S x K)<\/li>\n<li>Asennus vaaditaan: kyll\u00e4<\/li>\n<\/ul>\n","protected":false},"featured_media":100000109936,"comment_status":"closed","ping_status":"closed","template":"","meta":[],"product_brand":[],"product_cat":[84,8636],"product_tag":[],"class_list":{"0":"post-109936","1":"product","2":"type-product","3":"status-publish","4":"has-post-thumbnail","6":"product_cat-huonekalut","7":"product_cat-sangynpaadyt","9":"first","10":"instock","11":"taxable","12":"shipping-taxable","13":"purchasable","14":"product-type-simple"},"_links":{"self":[{"href":"https:\/\/www.otiumhome.fi\/index.php\/wp-json\/wp\/v2\/product\/109936","targetHints":{"allow":["GET"]}}],"collection":[{"href":"https:\/\/www.otiumhome.fi\/index.php\/wp-json\/wp\/v2\/product"}],"about":[{"href":"https:\/\/www.otiumhome.fi\/index.php\/wp-json\/wp\/v2\/types\/product"}],"replies":[{"embeddable":true,"href":"https:\/\/www.otiumhome.fi\/index.php\/wp-json\/wp\/v2\/comments?post=109936"}],"wp:featuredmedia":[{"embeddable":true,"href":"https:\/\/www.otiumhome.fi\/index.php\/wp-json\/"}],"wp:attachment":[{"href":"https:\/\/www.otiumhome.fi\/index.php\/wp-json\/wp\/v2\/media?parent=109936"}],"wp:term":[{"taxonomy":"product_brand","embeddable":true,"href":"https:\/\/www.otiumhome.fi\/index.php\/wp-json\/wp\/v2\/product_brand?post=109936"},{"taxonomy":"product_cat","embeddable":true,"href":"https:\/\/www.otiumhome.fi\/index.php\/wp-json\/wp\/v2\/product_cat?post=109936"},{"taxonomy":"product_tag","embeddable":true,"href":"https:\/\/www.otiumhome.fi\/index.php\/wp-json\/wp\/v2\/product_tag?post=109936"}],"curies":[{"name":"wp","href":"https:\/\/api.w.org\/{rel}","templated":true}]}}